{"id":1000,"date":"2020-06-16T22:11:58","date_gmt":"2020-06-16T22:11:58","guid":{"rendered":"http:\/\/www.iescarlessalvador.es\/?page_id=1000"},"modified":"2021-05-07T15:17:47","modified_gmt":"2021-05-07T15:17:47","slug":"avis-legal","status":"publish","type":"page","link":"https:\/\/www.iescarlessalvador.es\/?page_id=1000","title":{"rendered":"Av\u00eds legal"},"content":{"rendered":"\n<h2 class=\"wp-block-heading\">IDENTIFICACI\u00d3 I TITULARITAT<\/h2>\n\n\n\n<p>En compliment de l&#8217;article 10 de la Llei 34\/2002, d&#8217;11 de juliol, de Serveis de la Societat de la Informaci\u00f3 i Comer\u00e7 Electr\u00f2nic, el Titular exposa les seues dades identificatives.<\/p>\n\n\n\n<p>Titular: IES Carles Salvador.<br>Domicili: &#8211; Espanya.<br>Lloc web: https:\/\/www.iescarlessalvador.es<br>CONDICIONS D&#8217;\u00daS<br>La utilitzaci\u00f3 del lloc web t&#8217;atorga la condici\u00f3 d&#8217;Usuari, i implica l&#8217;acceptaci\u00f3 completa de totes les cl\u00e0usules i condicions d&#8217;\u00fas incloses en les p\u00e0gines:<\/p>\n\n\n\n<ul class=\"wp-block-list\"><li><a href=\"https:\/\/www.iescarlessalvador.es\/?page_id=1000\">Av\u00eds Legal<\/a><\/li><li><a href=\"https:\/\/www.iescarlessalvador.es\/?page_id=1838\">Protecci\u00f3 de dades<\/a><\/li><li><a href=\"https:\/\/www.iescarlessalvador.es\/?page_id=1034\">Pol\u00edtica de Privacitat<\/a><\/li><li><a href=\"https:\/\/www.iescarlessalvador.es\/?page_id=1036\">Pol\u00edtica de Cookies<\/a><br><\/li><\/ul>\n\n\n\n<p>Si no est\u00e0s conforme amb totes i cadascuna d&#8217;aquestes cl\u00e0usules i condicions t&#8217;abstindr\u00e0s d&#8217;utilitzar aquest lloc web.<\/p>\n\n\n\n<p>L&#8217;acc\u00e9s a aquest lloc web no suposa, de cap manera, l&#8217;inici d&#8217;una relaci\u00f3 comercial amb IES Carles Salvador.<\/p>\n\n\n\n<p>A trav\u00e9s d&#8217;aquest lloc web, el Titular et facilita l&#8217;acc\u00e9s i la utilitzaci\u00f3 de diversos continguts que el Titular o els seus col\u00b7laboradors han publicat per mitj\u00e0 d&#8217;Internet.<\/p>\n\n\n\n<p>A aquest efecte, t&#8217;obligues i compromets a NO utilitzar qualsevol dels continguts del lloc web amb finalitats o efectes il\u00b7l\u00edcits, prohibits en aquest Av\u00eds Legal o per la legislaci\u00f3 vigent, lesius dels drets i interessos de tercers, o que de qualsevol forma puguen danyar, inutilitzar, sobrecarregar, deteriorar o impedir la normal utilitzaci\u00f3 dels continguts, els equips inform\u00e0tics o els documents, arxius i tota classe de continguts emmagatzemats en qualsevol equip inform\u00e0tic propis o contractats per IES Carles Salvador, d&#8217;altres usuaris o de qualsevol usuari d&#8217;Internet.<\/p>\n\n\n\n<h2 class=\"wp-block-heading\">MESURES DE SEGURETAT<\/h2>\n\n\n\n<p>Les dades personals que facilites al Titular poden ser emmagatzemats en bases de dades automatitzades o no, la titularitat de les quals correspon en exclusiva a IES Carles Salvador, que assumeix totes les mesures d&#8217;\u00edndole t\u00e8cnica, organitzativa i de seguretat que garanteixen la confidencialitat, integritat i qualitat de la informaci\u00f3 continguda en les mateixes d&#8217;acord amb el que s&#8217;estableix en la normativa vigent en protecci\u00f3 de dades.<\/p>\n\n\n\n<p>No obstant aix\u00f2, has de ser conscient que les mesures de seguretat dels sistemes inform\u00e0tics en Internet no s\u00f3n enterament fiables i que, per tant el Titular no pot garantir la inexist\u00e8ncia de virus o altres elements que puguen produir alteracions en els sistemes inform\u00e0tics (programari i maquinari) de l&#8217;Usuari o en els seus documents electr\u00f2nics i fitxers continguts en els mateixos encara que el Titular posa tots els mitjans necessaris i presa les mesures de seguretat oportunes per a evitar la pres\u00e8ncia d&#8217;aquests elements nocius.<\/p>\n\n\n\n<h2 class=\"wp-block-heading\">DADES PERSONALS<\/h2>\n\n\n\n<p>Pots consultar tota la informaci\u00f3 relativa al tractament de dades personals que recull el Titular en la p\u00e0gina de Pol\u00edtica de Privacitat.<\/p>\n\n\n\n<h2 class=\"wp-block-heading\">CONTINGUTS<\/h2>\n\n\n\n<p>El Titular ha obtingut la informaci\u00f3, el contingut multim\u00e8dia i els materials inclosos en el lloc web de fonts que considera fiables, per\u00f2, si b\u00e9 ha pres totes les mesures raonables per a assegurar que la informaci\u00f3 continguda \u00e9s correcta, el Titular no garanteix que siga exacta, completa o actualitzada. IES Carles Salvador declina expressament qualsevol responsabilitat per error o omissi\u00f3 en la informaci\u00f3 continguda en les p\u00e0gines d&#8217;aquest lloc web.<\/p>\n\n\n\n<p>Queda prohibit transmetre o enviar a trav\u00e9s del lloc web qualsevol contingut il\u00b7legal o il\u00b7l\u00edcit, virus inform\u00e0tics, o missatges que, en general, afecten o violen drets del Titular o de tercers.<\/p>\n\n\n\n<p>Els continguts d&#8217;https:\/\/www.iescarlessalvador.es tenen \u00fanicament una finalitat informativa i sota cap circumst\u00e0ncia han d&#8217;usar-se ni considerar-se com a oferta de venda, sol\u00b7licitud d&#8217;una oferta de compra ni recomanaci\u00f3 per a realitzar qualsevol altra operaci\u00f3, llevat que aix\u00ed s&#8217;indique expressament.<\/p>\n\n\n\n<p>IES Carles Salvador es reserva el dret a modificar, suspendre, cancel\u00b7lar o restringir el contingut d&#8217;https:\/\/www.iescarlessalvador.es, els vincles o la informaci\u00f3 obtinguda a trav\u00e9s del lloc web, sense necessitat de previ av\u00eds.<\/p>\n\n\n\n<p>IES Carles Salvador no \u00e9s responsable dels danys i perjudicis que pogueren derivar-se de la utilitzaci\u00f3 de la informaci\u00f3 del lloc web.<\/p>\n\n\n\n<h2 class=\"wp-block-heading\">POL\u00cdTICA DE COOKIES<\/h2>\n\n\n\n<p>En la p\u00e0gina Pol\u00edtica de Cookies pots consultar tota la informaci\u00f3 relativa a la pol\u00edtica de recollida i tractament de les cookies.<\/p>\n\n\n\n<h2 class=\"wp-block-heading\">ENLLA\u00c7OS A ALTRES LLOCS WEB<\/h2>\n\n\n\n<p>El Titular pot proporcionar-te acc\u00e9s a llocs web de tercers mitjan\u00e7ant enlla\u00e7os amb la finalitat exclusiva d&#8217;informar-te sobre l&#8217;exist\u00e8ncia d&#8217;altres fonts d&#8217;informaci\u00f3 en Internet en les quals podr\u00e0s ampliar les dades oferides en el lloc web.<\/p>\n\n\n\n<p>Aquests enlla\u00e7os a altres llocs web no suposen en cap cas un suggeriment o recomanaci\u00f3 perqu\u00e8 visites les p\u00e0gines web de destinaci\u00f3, que estan fora del control del Titular, per la qual cosa IES Carles Salvador no \u00e9s responsable del contingut dels llocs web vinculats ni del resultat que obtingues en seguir els enlla\u00e7os.<\/p>\n\n\n\n<p>Aix\u00ed mateix, IES Carles Salvador no respon dels links o enlla\u00e7os situats en els llocs web vinculats als quals et proporciona acc\u00e9s.<\/p>\n\n\n\n<p>L&#8217;establiment de l&#8217;enlla\u00e7 no implica en cap cas l&#8217;exist\u00e8ncia de relacions entre IES Carles Salvador i el propietari del lloc en el qual s&#8217;establisca l&#8217;enlla\u00e7, ni l&#8217;acceptaci\u00f3 o aprovaci\u00f3 per part del Titular dels seus continguts o serveis.<\/p>\n\n\n\n<p>Si accedeixes a un lloc web extern des d&#8217;un enlla\u00e7 que trobes en https:\/\/www.iescarlessalvador.es haur\u00e0s de llegir la pr\u00f2pia pol\u00edtica de privacitat de l&#8217;altre lloc web que pot ser diferent de la d&#8217;aquest lloc web.<\/p>\n\n\n\n<h2 class=\"wp-block-heading\">PROPIETAT INTEL\u00b7LECTUAL I INDUSTRIAL<\/h2>\n\n\n\n<p>Tots els drets estan reservats.<\/p>\n\n\n\n<p>Tot acc\u00e9s a aquest lloc web est\u00e0 subjecte a les seg\u00fcents condicions: la reproducci\u00f3, magatzematge permanent i la difusi\u00f3 dels continguts o qualsevol altre \u00fas que tinga finalitat p\u00fablica o comercial queda expressament prohibida sense el consentiment previ expr\u00e9s i per escrit d&#8217;IES Carles Salvador.<\/p>\n\n\n\n<h2 class=\"wp-block-heading\">LIMITACI\u00d3 DE RESPONSABILITAT<\/h2>\n\n\n\n<p>IES Carles Salvador declina qualsevol responsabilitat en cas que existisquen interrupcions o un mal funcionament dels Serveis o continguts oferits en Internet, qualsevol que siga la seua causa. Aix\u00ed mateix, el Titular no es fa responsable per caigudes de la xarxa, p\u00e8rdues de negoci a conseq\u00fc\u00e8ncia d&#8217;aquestes caigudes, suspensions temporals de fluid el\u00e8ctric o qualsevol altre tipus de mal indirecte que et puga ser causat per causes alienes al Titular.<\/p>\n\n\n\n<p>Abans de prendre decisions i\/o accions amb base a la informaci\u00f3 inclosa en el lloc web, el Titular et recomana comprovar i contrastar la informaci\u00f3 rebuda amb altres fonts.<\/p>\n\n\n\n<h2 class=\"wp-block-heading\">JURISDICCI\u00d3<\/h2>\n\n\n\n<p>Aquest Av\u00eds Legal es regeix \u00edntegrament per la legislaci\u00f3 espanyola.<\/p>\n","protected":false},"excerpt":{"rendered":"<p>IDENTIFICACI\u00d3 I TITULARITAT En compliment de l&#8217;article 10 de la Llei 34\/2002, d&#8217;11 de juliol, de Serveis de la Societat de la Informaci\u00f3 i Comer\u00e7 Electr\u00f2nic, el Titular exposa les seues dades identificatives. Titular: IES Carles Salvador.Domicili: &#8211; Espanya.Lloc web: https:\/\/www.iescarlessalvador.esCONDICIONS D&#8217;\u00daSLa utilitzaci\u00f3 del lloc web t&#8217;atorga la condici\u00f3 d&#8217;Usuari, i implica l&#8217;acceptaci\u00f3 completa de&hellip;&nbsp;<a href=\"https:\/\/www.iescarlessalvador.es\/?page_id=1000\" class=\"\" rel=\"bookmark\">Leer m\u00e1s &raquo;<span class=\"screen-reader-text\">Av\u00eds legal<\/span><\/a><\/p>\n","protected":false},"author":1,"featured_media":0,"parent":0,"menu_order":0,"comment_status":"closed","ping_status":"closed","template":"","meta":{"rop_custom_images_group":[],"rop_custom_messages_group":[],"rop_publish_now":"initial","rop_publish_now_accounts":[],"rop_publish_now_history":[],"rop_publish_now_status":"pending","neve_meta_sidebar":"full-width","neve_meta_container":"","neve_meta_enable_content_width":"on","neve_meta_content_width":100,"neve_meta_title_alignment":"","neve_meta_author_avatar":"","neve_post_elements_order":"","neve_meta_disable_header":"","neve_meta_disable_footer":"","neve_meta_disable_title":"","footnotes":""},"class_list":["post-1000","page","type-page","status-publish","hentry"],"_links":{"self":[{"href":"https:\/\/www.iescarlessalvador.es\/index.php?rest_route=\/wp\/v2\/pages\/1000","targetHints":{"allow":["GET"]}}],"collection":[{"href":"https:\/\/www.iescarlessalvador.es\/index.php?rest_route=\/wp\/v2\/pages"}],"about":[{"href":"https:\/\/www.iescarlessalvador.es\/index.php?rest_route=\/wp\/v2\/types\/page"}],"author":[{"embeddable":true,"href":"https:\/\/www.iescarlessalvador.es\/index.php?rest_route=\/wp\/v2\/users\/1"}],"replies":[{"embeddable":true,"href":"https:\/\/www.iescarlessalvador.es\/index.php?rest_route=%2Fwp%2Fv2%2Fcomments&post=1000"}],"version-history":[{"count":9,"href":"https:\/\/www.iescarlessalvador.es\/index.php?rest_route=\/wp\/v2\/pages\/1000\/revisions"}],"predecessor-version":[{"id":1851,"href":"https:\/\/www.iescarlessalvador.es\/index.php?rest_route=\/wp\/v2\/pages\/1000\/revisions\/1851"}],"wp:attachment":[{"href":"https:\/\/www.iescarlessalvador.es\/index.php?rest_route=%2Fwp%2Fv2%2Fmedia&parent=1000"}],"curies":[{"name":"wp","href":"https:\/\/api.w.org\/{rel}","templated":true}]}}