{"id":1010,"date":"2020-06-16T22:16:09","date_gmt":"2020-06-16T22:16:09","guid":{"rendered":"http:\/\/www.iescarlessalvador.es\/?page_id=1010"},"modified":"2024-05-15T21:39:43","modified_gmt":"2024-05-15T21:39:43","slug":"calendarios-2","status":"publish","type":"page","link":"https:\/\/www.iescarlessalvador.es\/?page_id=1010","title":{"rendered":"Calendaris"},"content":{"rendered":"\n<p class=\"has-text-align-center has-large-font-size\"><strong>CALENDARI FI DE CURS 2023-24  ALUMNAT FP<\/strong> <\/p>\n\n\n\n<p class=\"has-text-align-center has-medium-font-size\"><strong>HORARIS EX\u00c0MENS ORDINARIS I EXTRAORDINARIS DE CICLES FORMATIUS<\/strong> <a href=\"https:\/\/www.iescarlessalvador.es\/wp-content\/uploads\/2024\/05\/Horario-DEF.-evaluacion-ordinaria-y-extraordinaria-Ciclos-Formativos_VAL.pdf\">(ARXIU PDF)<\/a><\/p>\n\n\n\n<p class=\"has-text-align-center has-medium-font-size\"><strong>DEPARTAMENT D&#8217;ADMINISTRACI\u00d3<\/strong> <\/p>\n\n\n<div class=\"wp-block-image\">\n<figure class=\"aligncenter size-full is-resized\"><img fetchpriority=\"high\" decoding=\"async\" width=\"732\" height=\"471\" src=\"https:\/\/www.iescarlessalvador.es\/wp-content\/uploads\/2024\/05\/image-3.png\" alt=\"\" class=\"wp-image-4859\" style=\"aspect-ratio:1.5541401273885351;width:967px;height:auto\" srcset=\"https:\/\/www.iescarlessalvador.es\/wp-content\/uploads\/2024\/05\/image-3.png 732w, https:\/\/www.iescarlessalvador.es\/wp-content\/uploads\/2024\/05\/image-3-300x193.png 300w\" sizes=\"(max-width: 732px) 100vw, 732px\" \/><\/figure><\/div>\n\n<div class=\"wp-block-image\">\n<figure class=\"aligncenter size-full is-resized\"><img decoding=\"async\" width=\"509\" height=\"352\" src=\"https:\/\/www.iescarlessalvador.es\/wp-content\/uploads\/2024\/05\/image-4.png\" alt=\"\" class=\"wp-image-4860\" style=\"aspect-ratio:1.4460227272727273;width:694px;height:auto\" srcset=\"https:\/\/www.iescarlessalvador.es\/wp-content\/uploads\/2024\/05\/image-4.png 509w, https:\/\/www.iescarlessalvador.es\/wp-content\/uploads\/2024\/05\/image-4-300x207.png 300w\" sizes=\"(max-width: 509px) 100vw, 509px\" \/><\/figure><\/div>\n\n\n<p class=\"has-text-align-center has-medium-font-size\"><strong>DEPARTAMENT DE FARM\u00c0CIA<\/strong><\/p>\n\n\n<div class=\"wp-block-image\">\n<figure class=\"aligncenter size-full is-resized\"><img decoding=\"async\" width=\"738\" height=\"475\" src=\"https:\/\/www.iescarlessalvador.es\/wp-content\/uploads\/2024\/05\/image-5.png\" alt=\"\" class=\"wp-image-4861\" style=\"aspect-ratio:1.5536842105263158;width:1008px;height:auto\" srcset=\"https:\/\/www.iescarlessalvador.es\/wp-content\/uploads\/2024\/05\/image-5.png 738w, https:\/\/www.iescarlessalvador.es\/wp-content\/uploads\/2024\/05\/image-5-300x193.png 300w\" sizes=\"(max-width: 738px) 100vw, 738px\" \/><\/figure><\/div>\n\n<div class=\"wp-block-image\">\n<figure class=\"aligncenter size-full is-resized\"><img loading=\"lazy\" decoding=\"async\" width=\"552\" height=\"249\" src=\"https:\/\/www.iescarlessalvador.es\/wp-content\/uploads\/2024\/05\/image-6.png\" alt=\"\" class=\"wp-image-4862\" style=\"aspect-ratio:2.216867469879518;width:728px;height:auto\" srcset=\"https:\/\/www.iescarlessalvador.es\/wp-content\/uploads\/2024\/05\/image-6.png 552w, https:\/\/www.iescarlessalvador.es\/wp-content\/uploads\/2024\/05\/image-6-300x135.png 300w\" sizes=\"(max-width: 552px) 100vw, 552px\" \/><\/figure><\/div>\n\n\n<h5 class=\"wp-block-heading has-text-align-left\"><strong>CALENDARI de FI DE CURS 2022-23  ALUMNAT<\/strong> <\/h5>\n\n\n\n<p><strong><strong>9 de juny<\/strong><\/strong><\/p>\n\n\n\n<p>19:00 h &#8211; Acte de Graduaci\u00f3 de 4t d&#8217; ESO, 2n de FPB i 2n de Batxillerat.<\/p>\n\n\n\n<p><\/p>\n\n\n\n<p><strong>15 i 16 de juny<\/strong><\/p>\n\n\n\n<p>Ex\u00e0mens extraordinaris de 2n de Batxillerat (veure calendari al final del document),<\/p>\n\n\n\n<p><\/p>\n\n\n\n<p><strong><strong>19 de juny<\/strong><\/strong><\/p>\n\n\n\n<p>Excursi\u00f3 fi de curs.<\/p>\n\n\n\n<p><\/p>\n\n\n\n<p><strong>20 de juny<\/strong><\/p>\n\n\n\n<p>10:30 &#8211; Lliurament de notes de l&#8217;Avaluaci\u00f3 Extraordin\u00e0ria 2n de Batxillerat.<\/p>\n\n\n\n<p>10:30 &#8211; 13:30 &#8211; Inscripci\u00f3 en las PAU (Convocat\u00f2ria Extraordin\u00e0ria)<\/p>\n\n\n\n<p><\/p>\n\n\n\n<p><strong><strong>20 al 26 de juny<\/strong><\/strong><\/p>\n\n\n\n<p>Inscripci\u00f3 en las PAU (Convocat\u00f2ria Extraordin\u00e0ria) &#8211; Secretaria del centre.<\/p>\n\n\n\n<p><strong><strong>22 de juny<\/strong><\/strong><\/p>\n\n\n\n<p>Les classes finalitzaran a les 10:30 hores. <\/p>\n\n\n\n<p>De 11:15 a 13:30 hores. Reunions de tutors amb fam\u00edlies. Atenci\u00f3 de tot el professorat del centre.<\/p>\n\n\n\n<p><\/p>\n\n\n\n<p><strong>26 i 27 de juny<\/strong><\/p>\n\n\n\n<p>Ex\u00e0mens extraordinaris de 1r de Batxillerat i FPB. (veure calendari al final del document),<\/p>\n\n\n\n<p><\/p>\n\n\n\n<p><strong>29 de juny<\/strong>&nbsp;<\/p>\n\n\n\n<p>13:00h. &#8211; Lliurament de butlletins de l&#8217;avaluaci\u00f3 extraordin\u00e0ria de 1r de Batxillerat i FPB. Tot el professorat estar\u00e0 disponible per atendre les fam\u00edlies.<\/p>\n\n\n\n<p><\/p>\n\n\n\n<p><strong>4, 5 i 6 de juliol<\/strong><\/p>\n\n\n\n<p>Realitzaci\u00f3 de les Proves Extraordin\u00e0ries de les PAU a la UPV.<\/p>\n\n\n\n<p><\/p>\n\n\n\n<p><\/p>\n\n\n\n<h5 class=\"wp-block-heading has-text-align-left\"><strong>Calendari de ex\u00c0mens de 2n de BaTXIllerat <\/strong><\/h5>\n\n\n\n<p class=\"has-text-align-left\"><strong>Avaluaci\u00f3 Extraordin\u00e0ria Curs 2022\/23<\/strong><\/p>\n\n\n\n<figure class=\"wp-block-image size-full is-resized\"><img loading=\"lazy\" decoding=\"async\" width=\"427\" height=\"452\" src=\"https:\/\/www.iescarlessalvador.es\/wp-content\/uploads\/2023\/06\/2batx_01.png\" alt=\"\" class=\"wp-image-4131\" style=\"width:506px;height:536px\" srcset=\"https:\/\/www.iescarlessalvador.es\/wp-content\/uploads\/2023\/06\/2batx_01.png 427w, https:\/\/www.iescarlessalvador.es\/wp-content\/uploads\/2023\/06\/2batx_01-283x300.png 283w\" sizes=\"(max-width: 427px) 100vw, 427px\" \/><\/figure>\n\n\n\n<h5 class=\"wp-block-heading has-text-align-left\"><strong>Ex\u00e0mens Extraordinaris de 1r Batxillerat i FPB<\/strong><\/h5>\n\n\n\n<p><strong><u>Dilluns, 26 de&nbsp;juny<\/u><\/strong><\/p>\n\n\n\n<figure class=\"wp-block-image size-full is-resized\"><img loading=\"lazy\" decoding=\"async\" width=\"488\" height=\"335\" src=\"https:\/\/www.iescarlessalvador.es\/wp-content\/uploads\/2023\/06\/1batx_01.png\" alt=\"\" class=\"wp-image-4132\" style=\"width:659px;height:452px\" srcset=\"https:\/\/www.iescarlessalvador.es\/wp-content\/uploads\/2023\/06\/1batx_01.png 488w, https:\/\/www.iescarlessalvador.es\/wp-content\/uploads\/2023\/06\/1batx_01-300x206.png 300w\" sizes=\"(max-width: 488px) 100vw, 488px\" \/><\/figure>\n\n\n\n<p><strong>Dimarts<u>, 27 de juny<\/u><\/strong><\/p>\n\n\n\n<figure class=\"wp-block-image size-full is-resized\"><img loading=\"lazy\" decoding=\"async\" width=\"520\" height=\"232\" src=\"https:\/\/www.iescarlessalvador.es\/wp-content\/uploads\/2023\/06\/1batx_02-1.png\" alt=\"\" class=\"wp-image-4134\" style=\"width:646px;height:288px\" srcset=\"https:\/\/www.iescarlessalvador.es\/wp-content\/uploads\/2023\/06\/1batx_02-1.png 520w, https:\/\/www.iescarlessalvador.es\/wp-content\/uploads\/2023\/06\/1batx_02-1-300x134.png 300w\" sizes=\"(max-width: 520px) 100vw, 520px\" \/><\/figure>\n\n\n\n<p><\/p>\n","protected":false},"excerpt":{"rendered":"<p>CALENDARI FI DE CURS 2023-24 ALUMNAT FP HORARIS EX\u00c0MENS ORDINARIS I EXTRAORDINARIS DE CICLES FORMATIUS (ARXIU PDF) DEPARTAMENT D&#8217;ADMINISTRACI\u00d3 DEPARTAMENT DE FARM\u00c0CIA CALENDARI de FI DE CURS 2022-23 ALUMNAT 9 de juny 19:00 h &#8211; Acte de Graduaci\u00f3 de 4t d&#8217; ESO, 2n de FPB i 2n de Batxillerat. 15 i 16 de juny Ex\u00e0mens&hellip;&nbsp;<a href=\"https:\/\/www.iescarlessalvador.es\/?page_id=1010\" class=\"\" rel=\"bookmark\">Leer m\u00e1s &raquo;<span class=\"screen-reader-text\">Calendaris<\/span><\/a><\/p>\n","protected":false},"author":1,"featured_media":0,"parent":0,"menu_order":0,"comment_status":"closed","ping_status":"closed","template":"page-templates\/template-pagebuilder-full-width.php","meta":{"rop_custom_images_group":[],"rop_custom_messages_group":[],"rop_publish_now":"initial","rop_publish_now_accounts":[],"rop_publish_now_history":[],"rop_publish_now_status":"pending","neve_meta_sidebar":"right","neve_meta_container":"contained","neve_meta_enable_content_width":"on","neve_meta_content_width":100,"neve_meta_title_alignment":"","neve_meta_author_avatar":"","neve_post_elements_order":"","neve_meta_disable_header":"","neve_meta_disable_footer":"","neve_meta_disable_title":"","footnotes":""},"class_list":["post-1010","page","type-page","status-publish","hentry"],"_links":{"self":[{"href":"https:\/\/www.iescarlessalvador.es\/index.php?rest_route=\/wp\/v2\/pages\/1010","targetHints":{"allow":["GET"]}}],"collection":[{"href":"https:\/\/www.iescarlessalvador.es\/index.php?rest_route=\/wp\/v2\/pages"}],"about":[{"href":"https:\/\/www.iescarlessalvador.es\/index.php?rest_route=\/wp\/v2\/types\/page"}],"author":[{"embeddable":true,"href":"https:\/\/www.iescarlessalvador.es\/index.php?rest_route=\/wp\/v2\/users\/1"}],"replies":[{"embeddable":true,"href":"https:\/\/www.iescarlessalvador.es\/index.php?rest_route=%2Fwp%2Fv2%2Fcomments&post=1010"}],"version-history":[{"count":21,"href":"https:\/\/www.iescarlessalvador.es\/index.php?rest_route=\/wp\/v2\/pages\/1010\/revisions"}],"predecessor-version":[{"id":4871,"href":"https:\/\/www.iescarlessalvador.es\/index.php?rest_route=\/wp\/v2\/pages\/1010\/revisions\/4871"}],"wp:attachment":[{"href":"https:\/\/www.iescarlessalvador.es\/index.php?rest_route=%2Fwp%2Fv2%2Fmedia&parent=1010"}],"curies":[{"name":"wp","href":"https:\/\/api.w.org\/{rel}","templated":true}]}}

<p class="has-text-align-center has-large-font-size"><strong>CALENDARI FI DE CURS 2023-24  ALUMNAT FP</strong> </p>



<p class="has-text-align-center has-medium-font-size"><strong>HORARIS EXÀMENS ORDINARIS I EXTRAORDINARIS DE CICLES FORMATIUS</strong> <a href="https://www.iescarlessalvador.es/wp-content/uploads/2024/05/Horario-DEF.-evaluacion-ordinaria-y-extraordinaria-Ciclos-Formativos_VAL.pdf">(ARXIU PDF)</a></p>



<p class="has-text-align-center has-medium-font-size"><strong>DEPARTAMENT D&#8217;ADMINISTRACIÓ</strong> </p>


<div class="wp-block-image">
<figure class="aligncenter size-full is-resized"><img fetchpriority="high" decoding="async" width="732" height="471" src="https://www.iescarlessalvador.es/wp-content/uploads/2024/05/image-3.png" alt="" class="wp-image-4859" style="aspect-ratio:1.5541401273885351;width:967px;height:auto" srcset="https://www.iescarlessalvador.es/wp-content/uploads/2024/05/image-3.png 732w, https://www.iescarlessalvador.es/wp-content/uploads/2024/05/image-3-300x193.png 300w" sizes="(max-width: 732px) 100vw, 732px" /></figure></div>

<div class="wp-block-image">
<figure class="aligncenter size-full is-resized"><img decoding="async" width="509" height="352" src="https://www.iescarlessalvador.es/wp-content/uploads/2024/05/image-4.png" alt="" class="wp-image-4860" style="aspect-ratio:1.4460227272727273;width:694px;height:auto" srcset="https://www.iescarlessalvador.es/wp-content/uploads/2024/05/image-4.png 509w, https://www.iescarlessalvador.es/wp-content/uploads/2024/05/image-4-300x207.png 300w" sizes="(max-width: 509px) 100vw, 509px" /></figure></div>


<p class="has-text-align-center has-medium-font-size"><strong>DEPARTAMENT DE FARMÀCIA</strong></p>


<div class="wp-block-image">
<figure class="aligncenter size-full is-resized"><img decoding="async" width="738" height="475" src="https://www.iescarlessalvador.es/wp-content/uploads/2024/05/image-5.png" alt="" class="wp-image-4861" style="aspect-ratio:1.5536842105263158;width:1008px;height:auto" srcset="https://www.iescarlessalvador.es/wp-content/uploads/2024/05/image-5.png 738w, https://www.iescarlessalvador.es/wp-content/uploads/2024/05/image-5-300x193.png 300w" sizes="(max-width: 738px) 100vw, 738px" /></figure></div>

<div class="wp-block-image">
<figure class="aligncenter size-full is-resized"><img loading="lazy" decoding="async" width="552" height="249" src="https://www.iescarlessalvador.es/wp-content/uploads/2024/05/image-6.png" alt="" class="wp-image-4862" style="aspect-ratio:2.216867469879518;width:728px;height:auto" srcset="https://www.iescarlessalvador.es/wp-content/uploads/2024/05/image-6.png 552w, https://www.iescarlessalvador.es/wp-content/uploads/2024/05/image-6-300x135.png 300w" sizes="(max-width: 552px) 100vw, 552px" /></figure></div>


<h5 class="wp-block-heading has-text-align-left"><strong>CALENDARI de FI DE CURS 2022-23  ALUMNAT</strong> </h5>



<p><strong><strong>9 de juny</strong></strong></p>



<p>19:00 h &#8211; Acte de Graduació de 4t d&#8217; ESO, 2n de FPB i 2n de Batxillerat.</p>



<p></p>



<p><strong>15 i 16 de juny</strong></p>



<p>Exàmens extraordinaris de 2n de Batxillerat (veure calendari al final del document),</p>



<p></p>



<p><strong><strong>19 de juny</strong></strong></p>



<p>Excursió fi de curs.</p>



<p></p>



<p><strong>20 de juny</strong></p>



<p>10:30 &#8211; Lliurament de notes de l&#8217;Avaluació Extraordinària 2n de Batxillerat.</p>



<p>10:30 &#8211; 13:30 &#8211; Inscripció en las PAU (Convocatòria Extraordinària)</p>



<p></p>



<p><strong><strong>20 al 26 de juny</strong></strong></p>



<p>Inscripció en las PAU (Convocatòria Extraordinària) &#8211; Secretaria del centre.</p>



<p><strong><strong>22 de juny</strong></strong></p>



<p>Les classes finalitzaran a les 10:30 hores. </p>



<p>De 11:15 a 13:30 hores. Reunions de tutors amb famílies. Atenció de tot el professorat del centre.</p>



<p></p>



<p><strong>26 i 27 de juny</strong></p>



<p>Exàmens extraordinaris de 1r de Batxillerat i FPB. (veure calendari al final del document),</p>



<p></p>



<p><strong>29 de juny</strong>&nbsp;</p>



<p>13:00h. &#8211; Lliurament de butlletins de l&#8217;avaluació extraordinària de 1r de Batxillerat i FPB. Tot el professorat estarà disponible per atendre les famílies.</p>



<p></p>



<p><strong>4, 5 i 6 de juliol</strong></p>



<p>Realització de les Proves Extraordinàries de les PAU a la UPV.</p>



<p></p>



<p></p>



<h5 class="wp-block-heading has-text-align-left"><strong>Calendari de exÀmens de 2n de BaTXIllerat </strong></h5>



<p class="has-text-align-left"><strong>Avaluació Extraordinària Curs 2022/23</strong></p>



<figure class="wp-block-image size-full is-resized"><img loading="lazy" decoding="async" width="427" height="452" src="https://www.iescarlessalvador.es/wp-content/uploads/2023/06/2batx_01.png" alt="" class="wp-image-4131" style="width:506px;height:536px" srcset="https://www.iescarlessalvador.es/wp-content/uploads/2023/06/2batx_01.png 427w, https://www.iescarlessalvador.es/wp-content/uploads/2023/06/2batx_01-283x300.png 283w" sizes="(max-width: 427px) 100vw, 427px" /></figure>



<h5 class="wp-block-heading has-text-align-left"><strong>Exàmens Extraordinaris de 1r Batxillerat i FPB</strong></h5>



<p><strong><u>Dilluns, 26 de&nbsp;juny</u></strong></p>



<figure class="wp-block-image size-full is-resized"><img loading="lazy" decoding="async" width="488" height="335" src="https://www.iescarlessalvador.es/wp-content/uploads/2023/06/1batx_01.png" alt="" class="wp-image-4132" style="width:659px;height:452px" srcset="https://www.iescarlessalvador.es/wp-content/uploads/2023/06/1batx_01.png 488w, https://www.iescarlessalvador.es/wp-content/uploads/2023/06/1batx_01-300x206.png 300w" sizes="(max-width: 488px) 100vw, 488px" /></figure>



<p><strong>Dimarts<u>, 27 de juny</u></strong></p>



<figure class="wp-block-image size-full is-resized"><img loading="lazy" decoding="async" width="520" height="232" src="https://www.iescarlessalvador.es/wp-content/uploads/2023/06/1batx_02-1.png" alt="" class="wp-image-4134" style="width:646px;height:288px" srcset="https://www.iescarlessalvador.es/wp-content/uploads/2023/06/1batx_02-1.png 520w, https://www.iescarlessalvador.es/wp-content/uploads/2023/06/1batx_02-1-300x134.png 300w" sizes="(max-width: 520px) 100vw, 520px" /></figure>



<p></p>

<p>CALENDARI FI DE CURS 2023-24 ALUMNAT FP HORARIS EXÀMENS ORDINARIS I EXTRAORDINARIS DE CICLES FORMATIUS (ARXIU PDF) DEPARTAMENT D&#8217;ADMINISTRACIÓ DEPARTAMENT DE FARMÀCIA CALENDARI de FI DE CURS 2022-23 ALUMNAT 9 de juny 19:00 h &#8211; Acte de Graduació de 4t d&#8217; ESO, 2n de FPB i 2n de Batxillerat. 15 i 16 de juny Exàmens&hellip;&nbsp;<a href="https://www.iescarlessalvador.es/?page_id=1010" class="" rel="bookmark">Leer más &raquo;<span class="screen-reader-text">Calendaris</span></a></p>
