{"id":1094,"date":"2020-06-17T13:09:19","date_gmt":"2020-06-17T13:09:19","guid":{"rendered":"http:\/\/www.iescarlessalvador.es\/?page_id=1094"},"modified":"2025-11-10T14:54:38","modified_gmt":"2025-11-10T14:54:38","slug":"criterios-calificacion","status":"publish","type":"page","link":"https:\/\/www.iescarlessalvador.es\/?page_id=1094&lang=es","title":{"rendered":"Criterios Calificaci\u00f3n"},"content":{"rendered":"\n<h5 class=\"wp-block-heading\"><strong>Criterios de Calificaci\u00f3n y Promoci\u00f3n  &#8211;  Curso 2025\/2026<\/strong><\/h5>\n\n\n\n<p>Desde el siguiente enlace puede consultar los criterios de calificaci\u00f3n y promoci\u00f3n de cada una de las \u00e1reas y materias.<\/p>\n\n\n\n<p><a href=\"https:\/\/gvaedu-my.sharepoint.com\/:f:\/r\/personal\/46020406_edu_gva_es\/Documents\/CRITERIOS%20CALIFICACI%C3%93N?csf=1&amp;web=1&amp;e=2NmShb\">criterios de calificaci\u00f3n<\/a><\/p>\n\n\n\n<p><\/p>\n","protected":false},"excerpt":{"rendered":"<p>Criterios de Calificaci\u00f3n y Promoci\u00f3n &#8211; Curso 2025\/2026 Desde el siguiente enlace puede consultar los criterios de calificaci\u00f3n y promoci\u00f3n de cada una de las \u00e1reas y materias. criterios de calificaci\u00f3n<\/p>\n","protected":false},"author":1,"featured_media":0,"parent":0,"menu_order":0,"comment_status":"closed","ping_status":"closed","template":"","meta":{"rop_custom_images_group":[],"rop_custom_messages_group":[],"rop_publish_now":"initial","rop_publish_now_accounts":[],"rop_publish_now_history":[],"rop_publish_now_status":"pending","neve_meta_sidebar":"full-width","neve_meta_container":"","neve_meta_enable_content_width":"on","neve_meta_content_width":100,"neve_meta_title_alignment":"","neve_meta_author_avatar":"","neve_post_elements_order":"","neve_meta_disable_header":"","neve_meta_disable_footer":"","neve_meta_disable_title":"","footnotes":""},"class_list":["post-1094","page","type-page","status-publish","hentry"],"_links":{"self":[{"href":"https:\/\/www.iescarlessalvador.es\/index.php?rest_route=\/wp\/v2\/pages\/1094","targetHints":{"allow":["GET"]}}],"collection":[{"href":"https:\/\/www.iescarlessalvador.es\/index.php?rest_route=\/wp\/v2\/pages"}],"about":[{"href":"https:\/\/www.iescarlessalvador.es\/index.php?rest_route=\/wp\/v2\/types\/page"}],"author":[{"embeddable":true,"href":"https:\/\/www.iescarlessalvador.es\/index.php?rest_route=\/wp\/v2\/users\/1"}],"replies":[{"embeddable":true,"href":"https:\/\/www.iescarlessalvador.es\/index.php?rest_route=%2Fwp%2Fv2%2Fcomments&post=1094"}],"version-history":[{"count":6,"href":"https:\/\/www.iescarlessalvador.es\/index.php?rest_route=\/wp\/v2\/pages\/1094\/revisions"}],"predecessor-version":[{"id":6218,"href":"https:\/\/www.iescarlessalvador.es\/index.php?rest_route=\/wp\/v2\/pages\/1094\/revisions\/6218"}],"wp:attachment":[{"href":"https:\/\/www.iescarlessalvador.es\/index.php?rest_route=%2Fwp%2Fv2%2Fmedia&parent=1094"}],"curies":[{"name":"wp","href":"https:\/\/api.w.org\/{rel}","templated":true}]}}