{"id":1470,"date":"2023-10-27T17:00:00","date_gmt":"2023-10-27T17:00:00","guid":{"rendered":"http:\/\/www.iescarlessalvador.es\/?page_id=1470"},"modified":"2025-10-16T14:09:35","modified_gmt":"2025-10-16T14:09:35","slug":"horari-atencio-families","status":"publish","type":"page","link":"https:\/\/www.iescarlessalvador.es\/?page_id=1470","title":{"rendered":"HORARI ATENCI\u00d3 FAM\u00cdLIES 25-26"},"content":{"rendered":"\t\t<div data-elementor-type=\"wp-page\" data-elementor-id=\"1470\" class=\"elementor elementor-1470\">\n\t\t\t\t\t\t<section class=\"elementor-section elementor-top-section elementor-element elementor-element-33da7286 elementor-section-boxed elementor-section-height-default elementor-section-height-default\" data-id=\"33da7286\" data-element_type=\"section\" data-e-type=\"section\">\n\t\t\t\t\t\t<div class=\"elementor-container elementor-column-gap-default\">\n\t\t\t\t\t<div class=\"elementor-column elementor-col-100 elementor-top-column elementor-element elementor-element-32bb2c9\" data-id=\"32bb2c9\" data-element_type=\"column\" data-e-type=\"column\">\n\t\t\t<div class=\"elementor-widget-wrap elementor-element-populated\">\n\t\t\t\t\t\t<div class=\"elementor-element elementor-element-38ea3997 elementor-widget elementor-widget-text-editor\" data-id=\"38ea3997\" data-element_type=\"widget\" data-e-type=\"widget\" data-widget_type=\"text-editor.default\">\n\t\t\t\t<div class=\"elementor-widget-container\">\n\t\t\t\t\t\t\t\t\t<p>El profesorat disposa d&#8217; una hora setmanal d&#8217;atenci\u00f3 a les fam\u00edlies. Han de contactar pr\u00e8viament per concertar cita, per webfam\u00edlia (\u00cdtaca), email o tel\u00e9fon.<\/p><table width=\"687\"><tbody><tr><td width=\"257\">PROFESSORAT<\/td><td width=\"207\">ATENCI\u00d3 A FAM\u00cdLIES<\/td><td width=\"223\">EMAIL<\/td><\/tr><tr><td width=\"257\">ABALOS MARTINEZ, BEATRIZ<\/td><td width=\"207\">Divendres, de 09:50 a 10:45 hores<\/td><td><a href=\"mailto:b.abalosmartinez@edu.gva.es\">b.abalosmartinez@edu.gva.es<\/a><\/td><\/tr><tr><td width=\"257\">ALEMANY BORONAT, MIREIA<\/td><td width=\"207\">Dilluns, de 18:15 a 19:10 hores<\/td><td><a href=\"mailto:m.alemanyboronat@edu.gva.es\">m.alemanyboronat@edu.gva.es<\/a><\/td><\/tr><tr><td width=\"257\">ALMODOVAR ESCUDER, JULIA<\/td><td width=\"207\">Dilluns, de 12:10 a 13:05 hores<\/td><td><a href=\"mailto:j.almodovarescuder@edu.gva.es\">j.almodovarescuder@edu.gva.es<\/a><\/td><\/tr><tr><td width=\"257\">A\u00d1O JUAN, DAVID<\/td><td width=\"207\">Divendres, de 15:55 a 16:50 hores<\/td><td><a href=\"mailto:d.anojuan@edu.gva.es\">d.anojuan@edu.gva.es<\/a><\/td><\/tr><tr><td width=\"257\">ARTEAGA CASTELLON, GUILLERMO<\/td><td width=\"207\">Dijous, de 19:10 a 20:05 hores<\/td><td><a href=\"mailto:g.arteagacastellon@edu.gva.es\">g.arteagacastellon@edu.gva.es<\/a><\/td><\/tr><tr><td width=\"257\">AVILA MARTINEZ, PALOMA<\/td><td width=\"207\">Dimarts, de 11:15 a 12:10 hores<\/td><td><a href=\"mailto:p.avilamartinez@edu.gva.es\">p.avilamartinez@edu.gva.es<\/a><\/td><\/tr><tr><td width=\"257\">BALSERA GARCIA, MARIA ISABEL<\/td><td width=\"207\">Divendres, de 11:15 a 12:10 hores<\/td><td><a href=\"mailto:mi.balseragarcia@edu.gva.es\">mi.balseragarcia@edu.gva.es<\/a><\/td><\/tr><tr><td width=\"257\">BARBARROJA SANZ, IRIS<\/td><td width=\"207\">Dimecres, de 11:15 a 12:10 hores<\/td><td><a href=\"mailto:i.barbarrojasanz@edu.gva.es\">i.barbarrojasanz@edu.gva.es<\/a><\/td><\/tr><tr><td width=\"257\">BARGUES MARTINEZ, LAURA<\/td><td width=\"207\">Dimecres, de 18:15 a 19:10 hores<\/td><td><a href=\"mailto:l.barguesmartinez@edu.gva.es\">l.barguesmartinez@edu.gva.es<\/a><\/td><\/tr><tr><td width=\"257\">BENAVENT\u00a0 PLA\u00a0, CAROLINA<\/td><td width=\"207\">Dilluns, de 08:00 a 08:55 hores<\/td><td><a href=\"mailto:c.benaventp@edu.gva.es\">c.benaventp@edu.gva.es<\/a><\/td><\/tr><tr><td width=\"257\">BENEITO BROTONS, ESTER<\/td><td width=\"207\">Divendres, de 08:55 a 09:50 hores<\/td><td><a href=\"mailto:e.beneitobrotons@edu.gva.es\">e.beneitobrotons@edu.gva.es<\/a><\/td><\/tr><tr><td width=\"257\">BOLLO SEGOVIA, MARIA BELEN<\/td><td width=\"207\">Divendres, de 08:55 a 09:50 hores<\/td><td><a href=\"mailto:mb.bollosegovia@edu.gva.es\">mb.bollosegovia@edu.gva.es<\/a><\/td><\/tr><tr><td width=\"257\">BORRAS LLOPIS, IRENE<\/td><td width=\"207\">Dimarts, de 16:50 a 17:45 hores<\/td><td><a href=\"mailto:i.borrasllopis@edu.gva.es\">i.borrasllopis@edu.gva.es<\/a><\/td><\/tr><tr><td width=\"257\">BOTELLA IVANCOS, LUCIA<\/td><td width=\"207\">Dimarts, de 08:55 a 09:50 hores<\/td><td><a href=\"mailto:l.botellaivancos@edu.gva.es\">l.botellaivancos@edu.gva.es<\/a><\/td><\/tr><tr><td width=\"257\">CABEZAS POZO, VICTOR MANUEL<\/td><td width=\"207\">Dimecres, de 11:15 a 12:10 hores<\/td><td><a href=\"mailto:vm.cabezaspozo@edu.gva.es\">vm.cabezaspozo@edu.gva.es<\/a><\/td><\/tr><tr><td width=\"257\">CASTELLO LOZAR, CAROLINA<\/td><td width=\"207\">Dimecres, de 09:50 a 10:45 hores<\/td><td><a href=\"mailto:c.castellolozar@edu.gva.es\">c.castellolozar@edu.gva.es<\/a><\/td><\/tr><tr><td width=\"257\">CATALA MARTINEZ, MARTA<\/td><td width=\"207\">Dijous, de 09:50 a 10:45 hores<\/td><td><a href=\"mailto:m.catalamartinez@edu.gva.es\">m.catalamartinez@edu.gva.es<\/a><\/td><\/tr><tr><td width=\"257\">CAYETANO GUZMAN, MERXE<\/td><td width=\"207\">Dimarts, de 12:10 a 13:05 hores<\/td><td><a href=\"mailto:mm.cayetanoguzman@edu.gva.es\">mm.cayetanoguzman@edu.gva.es<\/a><\/td><\/tr><tr><td width=\"257\">CERVERA VAZQUEZ, JAVIER<\/td><td width=\"207\">Divendres, de 12:10 a 13:05 hores<\/td><td><a href=\"mailto:j.cerveravazquez@edu.gva.es\">j.cerveravazquez@edu.gva.es<\/a><\/td><\/tr><tr><td width=\"257\">CHACON PASCUAL, IRENE<\/td><td width=\"207\">Dilluns, de 09:50 a 10:45 hores<\/td><td><a href=\"mailto:i.chaconpascual@edu.gva.es\">i.chaconpascual@edu.gva.es<\/a><\/td><\/tr><tr><td width=\"257\">COLLADO HERRERO, MANUEL<\/td><td width=\"207\">Dimarts, de 09:50 a 10:45 hores<\/td><td><a href=\"mailto:m.colladoherrero@edu.gva.es\">m.colladoherrero@edu.gva.es<\/a><\/td><\/tr><tr><td width=\"257\">COMENDADOR GONZALEZ, RAFAEL<\/td><td width=\"207\">Dimarts, de 12:10 a 13:05 hores<\/td><td><a href=\"mailto:r.comendadorgonzal@edu.gva.es\">r.comendadorgonzal@edu.gva.es<\/a><\/td><\/tr><tr><td width=\"257\">COMES NAVARRO, MARIA<\/td><td width=\"207\">Dimarts, de 09:50 a 10:45 hores<\/td><td><a href=\"mailto:m.comesnavarro@edu.gva.es\">m.comesnavarro@edu.gva.es<\/a><\/td><\/tr><tr><td width=\"257\">DE GO\u00d1I ECHEVERRIA, I\u00d1IGO<\/td><td width=\"207\">Dimarts, de 11:15 a 12:10 hores<\/td><td><a href=\"mailto:i.goniecheverria@edu.gva.es\">i.goniecheverria@edu.gva.es<\/a><\/td><\/tr><tr><td width=\"257\">DE LAS HERAS BERDEGUE, MANEL<\/td><td width=\"207\">Dimarts, de 15:00 a 15:55 hores<\/td><td><a href=\"mailto:m.herasberdegue@edu.gva.es\">m.herasberdegue@edu.gva.es<\/a><\/td><\/tr><tr><td width=\"257\">DEPLAINE , HARMONY<\/td><td width=\"207\">Divendres, de 09:50 a 10:45 hores<\/td><td><a href=\"mailto:h.deplaine@edu.gva.es\">h.deplaine@edu.gva.es<\/a><\/td><\/tr><tr><td width=\"257\">DOMINGUEZ MARTINEZ, LUISA<\/td><td width=\"207\">Dijous, de 09:50 a 10:45 hores<\/td><td><a href=\"mailto:l.dominguez@edu.gva.es\">l.dominguez@edu.gva.es<\/a><\/td><\/tr><tr><td width=\"257\">ESCOBAR MACIAN, ESTHER<\/td><td width=\"207\">Dilluns, de 12:10 a 13:05 hores<\/td><td><a href=\"mailto:e.escobarmacian@edu.gva.es\">e.escobarmacian@edu.gva.es<\/a><\/td><\/tr><tr><td width=\"257\">ESPADERO BERZONA, IRENE<\/td><td width=\"207\">Divendres, de 08:55 a 09:50 hores<\/td><td><a href=\"mailto:i.espaderoberzosa@edu.gva.es\">i.espaderoberzosa@edu.gva.es<\/a><\/td><\/tr><tr><td width=\"257\">FELIPE MESA, RAQUEL<\/td><td width=\"207\">Dimarts, de 15:55 a 16:50 hores<\/td><td><a href=\"mailto:r.felipemesa@edu.gva.es\">r.felipemesa@edu.gva.es<\/a><\/td><\/tr><tr><td width=\"257\">FERNANDEZ MILLAN, PEDRO ARM.<\/td><td width=\"207\">Divendres, de 15:55 a 16:50 hores<\/td><td><a href=\"mailto:pa.fernandezmillan@edu.gva.es\">pa.fernandezmillan@edu.gva.es<\/a><\/td><\/tr><tr><td width=\"257\">FERNANDEZ PITA, OSCAR VICENTE<\/td><td width=\"207\">Dimarts, de 11:15 a 12:10 hores<\/td><td><a href=\"mailto:ov.fernandezpita@edu.gva.es\">ov.fernandezpita@edu.gva.es<\/a><\/td><\/tr><tr><td width=\"257\">FRADE MANSO, MARIA ALEJANDRA<\/td><td width=\"207\">Dilluns, de 16:50 a 17:45 hores<\/td><td><a href=\"mailto:ma.frademanso@edu.gva.es\">ma.frademanso@edu.gva.es<\/a><\/td><\/tr><tr><td width=\"257\">GABARDA ALFARO, JUAN CARLOS<\/td><td width=\"207\">Dijous, de 12:10 a 13:05 hores<\/td><td><a href=\"mailto:jc.gabardaalfaro@edu.gva.es\">jc.gabardaalfaro@edu.gva.es<\/a><\/td><\/tr><tr><td width=\"257\">GALLART MONTON, CRISTINA<\/td><td width=\"207\">Dilluns, de 12:10 a 13:05 hores<\/td><td><a href=\"mailto:c.gallartmonton@edu.gva.es\">c.gallartmonton@edu.gva.es<\/a><\/td><\/tr><tr><td width=\"257\">GARCIA GARCIA, CARLOS<\/td><td width=\"207\">Dijous, de 12:10 a 13:05 hores<\/td><td><a href=\"mailto:c.garciagarcia4@edu.gva.es\">c.garciagarcia4@edu.gva.es<\/a><\/td><\/tr><tr><td width=\"257\">GARCIA REMOHI, MARIA DEL PILAR<\/td><td width=\"207\">Dimarts, de 18:15 a 19:10 hores<\/td><td><a href=\"mailto:mp.garciaremohi@edu.gva.es\">mp.garciaremohi@edu.gva.es<\/a><\/td><\/tr><tr><td width=\"257\">GARRIGUES MATEU, JOSE VICENTE<\/td><td width=\"207\">Dimecres, de 08:55 a 09:50 hores<\/td><td><a href=\"mailto:jv.garriguesmateu@edu.gva.es\">jv.garriguesmateu@edu.gva.es<\/a><\/td><\/tr><tr><td width=\"257\">GARZON MIGUEL, ANA<\/td><td width=\"207\">Dilluns, de 16:50 a 17:45 hores<\/td><td><a href=\"mailto:a.garzonmiguel@edu.gva.es\">a.garzonmiguel@edu.gva.es<\/a><\/td><\/tr><tr><td width=\"257\">GIL FERRER, ESTER<\/td><td width=\"207\">Dijous, de 08:55 a 09:50 hores<\/td><td><a href=\"mailto:e.gilferrer@edu.gva.es\">e.gilferrer@edu.gva.es<\/a><\/td><\/tr><tr><td width=\"257\">GIL LERIN, CARMEN<\/td><td width=\"207\">Dijous, de 09:50 a 10:45 hores<\/td><td><a href=\"mailto:c.gil3@edu.gva.es\">c.gil3@edu.gva.es<\/a><\/td><\/tr><tr><td width=\"257\">GINER GRANERO, ALICIA<\/td><td width=\"207\">Divendres, de 09:50 a 10:45 hores<\/td><td><a href=\"mailto:a.ginergranero@edu.gva.es\">a.ginergranero@edu.gva.es<\/a><\/td><\/tr><tr><td width=\"257\">GOMAR ESCRIVA, CARMEN<\/td><td width=\"207\">Divendres, de 15:55 a 16:50 hores<\/td><td><a href=\"mailto:c.gomarescriva@edu.gva.es\">c.gomarescriva@edu.gva.es<\/a><\/td><\/tr><tr><td width=\"257\">GONZALEZ BORRAS, ELISA<\/td><td width=\"207\">Dimecres, de 08:55 a 09:50 hores<\/td><td><a href=\"mailto:e.gonzalezborras@edu.gva.es\">e.gonzalezborras@edu.gva.es<\/a><\/td><\/tr><tr><td width=\"257\">GUILLEM CONEJEROS, PABLO<\/td><td width=\"207\">Dimecres, de 08:55 a 09:50 hores<\/td><td><a href=\"mailto:p.guillemconejeros@edu.gva.es\">p.guillemconejeros@edu.gva.es<\/a><\/td><\/tr><tr><td width=\"257\">HENRIQUES LOPEZ, EUGENIO<\/td><td width=\"207\">Divendres, de 09:50 a 10:45 hores<\/td><td><a href=\"mailto:e.henriqueslopez2@edu.gva.es\">e.henriqueslopez2@edu.gva.es<\/a><\/td><\/tr><tr><td width=\"257\">JIMENEZ POLO, FRANCISCO<\/td><td width=\"207\">Divendres, de 12:10 a 13:05 hores<\/td><td><a href=\"mailto:f.jimenezpolo@edu.gva.es\">f.jimenezpolo@edu.gva.es<\/a><\/td><\/tr><tr><td width=\"257\">LUQUE JABEGA, AZULEMA<\/td><td width=\"207\">Dijous, de 09:50 a 10:45 hores<\/td><td><a href=\"mailto:a.luquejabega@edu.gva.es\">a.luquejabega@edu.gva.es<\/a><\/td><\/tr><tr><td width=\"257\">MADUE\u00d1O TORIBIO, ANTONIA<\/td><td width=\"207\">Divendres, de 09:50 a 10:45 hores<\/td><td><a href=\"mailto:a.maduenotoribio@edu.gva.es\">a.maduenotoribio@edu.gva.es<\/a><\/td><\/tr><tr><td width=\"257\">MARI ARCIS, MARIA PILAR<\/td><td width=\"207\">Dilluns, de 19:10 a 20:05 hores<\/td><td><a href=\"mailto:mp.mariarcis@edu.gva.es\">mp.mariarcis@edu.gva.es<\/a><\/td><\/tr><tr><td width=\"257\">MARIN PASCUAL, HECTOR<\/td><td width=\"207\">Dijous, de 16:50 a 17:45 hores<\/td><td><a href=\"mailto:h.marinpascual@edu.gva.es\">h.marinpascual@edu.gva.es<\/a><\/td><\/tr><tr><td width=\"257\">MARQUE\u00d1O JUAREZ, VERONICA<\/td><td width=\"207\">Dijous, de 12:10 a 13:05 hores<\/td><td><a href=\"mailto:v.marquenojuarez@edu.gva.es\">v.marquenojuarez@edu.gva.es<\/a><\/td><\/tr><tr><td width=\"257\">MARTINEZ ALVAREZ, ELENA<\/td><td width=\"207\">Dilluns, de 16:50 a 17:45 hores<\/td><td><a href=\"mailto:e.martinezalvarez3@edu.gva.es\">e.martinezalvarez3@edu.gva.es<\/a><\/td><\/tr><tr><td width=\"257\">MARTINEZ SANAHUJA, ANGELA ELENA<\/td><td width=\"207\">Divendres, de 08:55 a 09:50 hores<\/td><td><a href=\"mailto:ae.martinezsanahuj@edu.gva.es\">ae.martinezsanahuj@edu.gva.es<\/a><\/td><\/tr><tr><td width=\"257\">MARTINEZ URBANO, PATRICIO<\/td><td width=\"207\">Dijous, de 11:15 a 12:10 hores<\/td><td><a href=\"mailto:p.martinezurbano@edu.gva.es\">p.martinezurbano@edu.gva.es<\/a><\/td><\/tr><tr><td width=\"257\">MIGUEL MATAS, ESTHER<\/td><td width=\"207\">Dijous, de 09:50 a 10:45 hores<\/td><td><a href=\"mailto:e.miguelmatas2@edu.gva.es\">e.miguelmatas2@edu.gva.es<\/a><\/td><\/tr><tr><td width=\"257\">MORENO MOLINA, NATALIA<\/td><td width=\"207\">Divendres, de 11:15 a 12:10 hores<\/td><td><a href=\"mailto:n.morenomolina@edu.gva.es\">n.morenomolina@edu.gva.es<\/a><\/td><\/tr><tr><td width=\"257\">MURCIA GUZMAN, LUPE<\/td><td width=\"207\">Dijous, de 11:15 a 12:10 hores<\/td><td><a href=\"mailto:g.murciaguzman@edu.gva.es\">g.murciaguzman@edu.gva.es<\/a><\/td><\/tr><tr><td width=\"257\">NAVARRE MAS, CLAUDIO<\/td><td width=\"207\">Dimecres, de 08:00 a 08:55 hores<\/td><td><a href=\"mailto:c.navarremas@edu.gva.es\">c.navarremas@edu.gva.es<\/a><\/td><\/tr><tr><td width=\"257\">ORTEGA HERRAIZ, LAURA<\/td><td width=\"207\">Dimecres, de 16:50 a 17:45 hores<\/td><td><a href=\"mailto:l.ortegaherraiz@edu.gva.es\">l.ortegaherraiz@edu.gva.es<\/a><\/td><\/tr><tr><td width=\"257\">PADILLA PARRA, M\u00aa CARMEN<\/td><td width=\"207\">Dimecres, de 08:00 a 08:55 hores<\/td><td><a href=\"mailto:mc.padillaparra@edu.gva.es\">mc.padillaparra@edu.gva.es<\/a><\/td><\/tr><tr><td width=\"257\">PALMA GOMEZ, AURORA<\/td><td width=\"207\">Dilluns, de 15:55 a 16:50 hores<\/td><td><a href=\"mailto:a.palmagomez@edu.gva.es\">a.palmagomez@edu.gva.es<\/a><\/td><\/tr><tr><td width=\"257\">PARRE\u00d1O GONZALEZ, ESTEFANIA<\/td><td width=\"207\">Dimarts, de 15:55 a 16:50 hores<\/td><td><a href=\"mailto:e.parrenogonzalez@edu.gva.es\">e.parrenogonzalez@edu.gva.es<\/a><\/td><\/tr><tr><td width=\"257\">PEREZ CORTES, MARIA ALICIA<\/td><td width=\"207\">Dijous, de 08:55 a 09:50 hores<\/td><td><a href=\"mailto:a.perezcortes@edu.gva.es\">a.perezcortes@edu.gva.es<\/a><\/td><\/tr><tr><td width=\"257\">PEREZ GIMENEZ, ANA MARIA<\/td><td width=\"207\">Dijous, de 08:00 a 08:55 hores<\/td><td><a href=\"mailto:am.perezgimenez2@edu.gva.es\">am.perezgimenez2@edu.gva.es<\/a><\/td><\/tr><tr><td width=\"257\">PEREZ MARTINEZ, JUAN MANUEL<\/td><td width=\"207\">Divendres, de 08:55 a 09:50 hores<\/td><td><a href=\"mailto:jm.perezmartinez@edu.gva.es\">jm.perezmartinez@edu.gva.es<\/a><\/td><\/tr><tr><td width=\"257\">PONZ MIGUEL, JUAN JOSE<\/td><td width=\"207\">Dilluns, de 09:50 a 10:45 hores<\/td><td><a href=\"mailto:jj.ponzmiguel@edu.gva.es\">jj.ponzmiguel@edu.gva.es<\/a><\/td><\/tr><tr><td width=\"257\">PUIG RUBIO, PAULA<\/td><td width=\"207\">Dimecres, de 12:10 a 13:05 hores<\/td><td><a href=\"mailto:p.puigrubio@edu.gva.es\">p.puigrubio@edu.gva.es<\/a><\/td><\/tr><tr><td width=\"257\">RABADE ESPINOSA, CARLOS<\/td><td width=\"207\">Dimarts, de 12:10 a 13:05 hores<\/td><td><a href=\"mailto:c.rabadeespinosa@edu.gva.es\">c.rabadeespinosa@edu.gva.es<\/a><\/td><\/tr><tr><td width=\"257\">RAGA GARCIA, CARLOS<\/td><td width=\"207\">Dilluns, de 13:05 a 14:00 hores<\/td><td><a href=\"mailto:cj.ragagarcia@edu.gva.es\">cj.ragagarcia@edu.gva.es<\/a><\/td><\/tr><tr><td width=\"257\">REVERT GANDIA, MARIA VICENTA<\/td><td width=\"207\">Dimecres, de 12:10 a 13:05 hores<\/td><td><a href=\"mailto:mv.revertgandia@edu.gva.es\">mv.revertgandia@edu.gva.es<\/a><\/td><\/tr><tr><td width=\"257\">REVERTE SEVILLANO, NORA CECILIA<\/td><td width=\"207\">Dijous, de 15:00 a 15:55 hores<\/td><td><a href=\"mailto:nc.revertesevillan@edu.gva.es\">nc.revertesevillan@edu.gva.es<\/a><\/td><\/tr><tr><td width=\"257\">RIOS MINGARRO, MARIA TERESA<\/td><td width=\"207\">Dijous, de 19:10 a 20:05 hores<\/td><td><a href=\"mailto:mt.riosmingarro@edu.gva.es\">mt.riosmingarro@edu.gva.es<\/a><\/td><\/tr><tr><td width=\"257\">RIPOLL IZQUIERDO, MARINA ROSER<\/td><td width=\"207\">Dimarts, de 12:10 a 13:05 hores<\/td><td><a href=\"mailto:mr.ripollizquierdo@edu.gva.es\">mr.ripollizquierdo@edu.gva.es<\/a><\/td><\/tr><tr><td width=\"257\">RIVERA BRISA, RAQUEL<\/td><td width=\"207\">Divendres, de 08:55 a 09:50 hores<\/td><td><a href=\"mailto:r.riverabrisa@edu.gva.es\">r.riverabrisa@edu.gva.es<\/a><\/td><\/tr><tr><td width=\"257\">ROBLES MONTESA, JUAN JOSE<\/td><td width=\"207\">Dimecres, de 11:15 a 12:10 hores<\/td><td><a href=\"mailto:jj.roblesmontesa@edu.gva.es\">jj.roblesmontesa@edu.gva.es<\/a><\/td><\/tr><tr><td width=\"257\">ROS HUESO, PATRICIA<\/td><td width=\"207\">Dimecres, de 09:50 a 10:45 hores<\/td><td><a href=\"mailto:p.roshueso@edu.gva.es\">p.roshueso@edu.gva.es<\/a><\/td><\/tr><tr><td width=\"257\">ROS MONTERO, JOSE RAMON<\/td><td width=\"207\">Dijous, de 12:10 a 13:05 hores<\/td><td><a href=\"mailto:jr.rosmontero@edu.gva.es\">jr.rosmontero@edu.gva.es<\/a><\/td><\/tr><tr><td width=\"257\">RUIZ DESCALZO, FRANCISCA<\/td><td width=\"207\">Dijous, de 08:00 a 08:55 hores<\/td><td><a href=\"mailto:f.ruizdescalzo@edu.gva.es\">f.ruizdescalzo@edu.gva.es<\/a><\/td><\/tr><tr><td width=\"257\">SAEZ DEL PINO, FERNANDO JULIAN<\/td><td width=\"207\">Divendres, de 14:05 a 15:00 hores<\/td><td><a href=\"mailto:f.saez@edu.gva.es\">f.saez@edu.gva.es<\/a><\/td><\/tr><tr><td width=\"257\">SANCHEZ MIRAVET, NOELIA<\/td><td width=\"207\">Dijous, de 11:15 a 12:10 hores<\/td><td><a href=\"mailto:n.sanchez2@edu.gva.es\">n.sanchez2@edu.gva.es<\/a><\/td><\/tr><tr><td width=\"257\">SANCHEZ NAVARRO, MARIA<\/td><td width=\"207\">Divendres, de 09:50 a 10:45 hores<\/td><td><a href=\"mailto:m.sancheznavarro@edu.gva.es\">m.sancheznavarro@edu.gva.es<\/a><\/td><\/tr><tr><td width=\"257\">SEVILLA MENDEZ, JUAN ANTONIO<\/td><td width=\"207\">Dimecres, de 11:15 a 12:10 hores<\/td><td><a href=\"mailto:ja.sevillamendez@edu.gva.es\">ja.sevillamendez@edu.gva.es<\/a><\/td><\/tr><tr><td width=\"257\">SOTO TOBAL, MARIA CARMEN<\/td><td width=\"207\">Dilluns, de 08:55 a 09:50 hores<\/td><td><a href=\"mailto:mc.sototobal@edu.gva.es\">mc.sototobal@edu.gva.es<\/a><\/td><\/tr><tr><td width=\"257\">TENES RODRIGO, LIDIA<\/td><td width=\"207\">Dimecres, de 12:10 a 13:05 hores<\/td><td><a href=\"mailto:l.tenesrodrigo@edu.gva.es\">l.tenesrodrigo@edu.gva.es<\/a><\/td><\/tr><tr><td width=\"257\">VIANA CARRION, ARACELI<\/td><td width=\"207\">Dijous, de 12:10 a 13:05 hores<\/td><td><a href=\"mailto:a.viana@edu.gva.es\">a.viana@edu.gva.es<\/a><\/td><\/tr><tr><td width=\"257\">VILLASANTE RODA, M\u00aa AMPARO<\/td><td width=\"207\">Divendres, de 11:15 a 12:10 hores<\/td><td><a href=\"mailto:ma.villasanteroda@edu.gva.es\">ma.villasanteroda@edu.gva.es<\/a><\/td><\/tr><\/tbody><\/table><table id=\"sheet0\" class=\"sheet0 gridlines\" style=\"height: 13px;\" border=\"0\" width=\"78\" cellspacing=\"0\" cellpadding=\"0\"><tbody><tr class=\"row72\"><td class=\"column0 style4 s\">\u00a0<\/td><td class=\"column1 style5 s\">\u00a0<\/td><td class=\"column2 style6 s\">\u00a0<\/td><td class=\"column3\">\u00a0<\/td><\/tr><\/tbody><\/table>\t\t\t\t\t\t\t\t<\/div>\n\t\t\t\t<\/div>\n\t\t\t\t\t<\/div>\n\t\t<\/div>\n\t\t\t\t\t<\/div>\n\t\t<\/section>\n\t\t\t\t<\/div>\n\t\t","protected":false},"excerpt":{"rendered":"<p>El profesorat disposa d&#8217; una hora setmanal d&#8217;atenci\u00f3 a les fam\u00edlies. Han de contactar pr\u00e8viament per concertar cita, per webfam\u00edlia (\u00cdtaca), email o tel\u00e9fon. PROFESSORAT ATENCI\u00d3 A FAM\u00cdLIES EMAIL ABALOS MARTINEZ, BEATRIZ Divendres, de 09:50 a 10:45 hores b.abalosmartinez@edu.gva.es ALEMANY BORONAT, MIREIA Dilluns, de 18:15 a 19:10 hores m.alemanyboronat@edu.gva.es ALMODOVAR ESCUDER, JULIA Dilluns, de 12:10&hellip;&nbsp;<a href=\"https:\/\/www.iescarlessalvador.es\/?page_id=1470\" class=\"\" rel=\"bookmark\">Leer m\u00e1s &raquo;<span class=\"screen-reader-text\">HORARI ATENCI\u00d3 FAM\u00cdLIES 25-26<\/span><\/a><\/p>\n","protected":false},"author":1,"featured_media":0,"parent":0,"menu_order":0,"comment_status":"closed","ping_status":"closed","template":"","meta":{"rop_custom_images_group":[],"rop_custom_messages_group":[],"rop_publish_now":"initial","rop_publish_now_accounts":[],"rop_publish_now_history":[],"rop_publish_now_status":"pending","neve_meta_sidebar":"full-width","neve_meta_container":"contained","neve_meta_enable_content_width":"on","neve_meta_content_width":100,"neve_meta_title_alignment":"","neve_meta_author_avatar":"","neve_post_elements_order":"","neve_meta_disable_header":"","neve_meta_disable_footer":"","neve_meta_disable_title":"","footnotes":""},"class_list":["post-1470","page","type-page","status-publish","hentry"],"_links":{"self":[{"href":"https:\/\/www.iescarlessalvador.es\/index.php?rest_route=\/wp\/v2\/pages\/1470","targetHints":{"allow":["GET"]}}],"collection":[{"href":"https:\/\/www.iescarlessalvador.es\/index.php?rest_route=\/wp\/v2\/pages"}],"about":[{"href":"https:\/\/www.iescarlessalvador.es\/index.php?rest_route=\/wp\/v2\/types\/page"}],"author":[{"embeddable":true,"href":"https:\/\/www.iescarlessalvador.es\/index.php?rest_route=\/wp\/v2\/users\/1"}],"replies":[{"embeddable":true,"href":"https:\/\/www.iescarlessalvador.es\/index.php?rest_route=%2Fwp%2Fv2%2Fcomments&post=1470"}],"version-history":[{"count":76,"href":"https:\/\/www.iescarlessalvador.es\/index.php?rest_route=\/wp\/v2\/pages\/1470\/revisions"}],"predecessor-version":[{"id":6190,"href":"https:\/\/www.iescarlessalvador.es\/index.php?rest_route=\/wp\/v2\/pages\/1470\/revisions\/6190"}],"wp:attachment":[{"href":"https:\/\/www.iescarlessalvador.es\/index.php?rest_route=%2Fwp%2Fv2%2Fmedia&parent=1470"}],"curies":[{"name":"wp","href":"https:\/\/api.w.org\/{rel}","templated":true}]}}