{"id":1586,"date":"2020-10-17T12:38:45","date_gmt":"2020-10-17T12:38:45","guid":{"rendered":"http:\/\/www.iescarlessalvador.es\/?page_id=1586"},"modified":"2023-02-27T10:22:33","modified_gmt":"2023-02-27T10:22:33","slug":"rri-2","status":"publish","type":"page","link":"https:\/\/www.iescarlessalvador.es\/?page_id=1586","title":{"rendered":"RRI"},"content":{"rendered":"\n<p>El Reglament de R\u00e8gim Interior (RRI) \u00e9s la norma que inclou el conjunt d\u2019objectius, principis, drets, responsabilitats i normes pels quals es regula la conviv\u00e8ncia de tots els membres de la comunitat educativa.<\/p>\n\n\n\n<p>Un RRI no t\u00e9 com a funci\u00f3 establir drets i deures, missi\u00f3 reservada a les autoritats competents de l\u2019Administraci\u00f3. El reglament es limita a organitzar el centre segons marca la llei, que serveix de marc per a la seua elaboraci\u00f3. Per tant este RRI concreta i adapta, en el context del IES Carles Salvador d\u2019Aldaia, les lleis i normes que estableix, en la seua major part, la Conselleria d\u2019Educaci\u00f3.<\/p>\n\n\n\n<p>Este RRI te com a funci\u00f3 primordial la de facilitar la informaci\u00f3 sobre&nbsp;l\u2019organitzaci\u00f3 operativa del centre. La seua correcta aplicaci\u00f3 requereix una clara definici\u00f3 de responsabilitats i una atenci\u00f3 constant per part de tots de cara al seu compliment. El fet de estar matriculat o treballar a l\u2019IES Carles Salvador suposa l\u2019acceptaci\u00f3 del present RRI.<\/p>\n\n\n\n<p>Podeu consultar o descarregar el document ac\u00ed:      <a href=\"https:\/\/www.iescarlessalvador.es\/wp-content\/uploads\/2023\/02\/RRI.pdf\">Reglament de R\u00e8gim Interior (RRI) <\/a><\/p>\n","protected":false},"excerpt":{"rendered":"<p>El Reglament de R\u00e8gim Interior (RRI) \u00e9s la norma que inclou el conjunt d\u2019objectius, principis, drets, responsabilitats i normes pels quals es regula la conviv\u00e8ncia de tots els membres de la comunitat educativa. Un RRI no t\u00e9 com a funci\u00f3 establir drets i deures, missi\u00f3 reservada a les autoritats competents de l\u2019Administraci\u00f3. El reglament es&hellip;&nbsp;<a href=\"https:\/\/www.iescarlessalvador.es\/?page_id=1586\" class=\"\" rel=\"bookmark\">Leer m\u00e1s &raquo;<span class=\"screen-reader-text\">RRI<\/span><\/a><\/p>\n","protected":false},"author":1,"featured_media":0,"parent":0,"menu_order":0,"comment_status":"closed","ping_status":"closed","template":"","meta":{"rop_custom_images_group":[],"rop_custom_messages_group":[],"rop_publish_now":"initial","rop_publish_now_accounts":[],"rop_publish_now_history":[],"rop_publish_now_status":"pending","neve_meta_sidebar":"full-width","neve_meta_container":"","neve_meta_enable_content_width":"on","neve_meta_content_width":100,"neve_meta_title_alignment":"","neve_meta_author_avatar":"","neve_post_elements_order":"","neve_meta_disable_header":"","neve_meta_disable_footer":"","neve_meta_disable_title":"","footnotes":""},"class_list":["post-1586","page","type-page","status-publish","hentry"],"_links":{"self":[{"href":"https:\/\/www.iescarlessalvador.es\/index.php?rest_route=\/wp\/v2\/pages\/1586","targetHints":{"allow":["GET"]}}],"collection":[{"href":"https:\/\/www.iescarlessalvador.es\/index.php?rest_route=\/wp\/v2\/pages"}],"about":[{"href":"https:\/\/www.iescarlessalvador.es\/index.php?rest_route=\/wp\/v2\/types\/page"}],"author":[{"embeddable":true,"href":"https:\/\/www.iescarlessalvador.es\/index.php?rest_route=\/wp\/v2\/users\/1"}],"replies":[{"embeddable":true,"href":"https:\/\/www.iescarlessalvador.es\/index.php?rest_route=%2Fwp%2Fv2%2Fcomments&post=1586"}],"version-history":[{"count":3,"href":"https:\/\/www.iescarlessalvador.es\/index.php?rest_route=\/wp\/v2\/pages\/1586\/revisions"}],"predecessor-version":[{"id":3723,"href":"https:\/\/www.iescarlessalvador.es\/index.php?rest_route=\/wp\/v2\/pages\/1586\/revisions\/3723"}],"wp:attachment":[{"href":"https:\/\/www.iescarlessalvador.es\/index.php?rest_route=%2Fwp%2Fv2%2Fmedia&parent=1586"}],"curies":[{"name":"wp","href":"https:\/\/api.w.org\/{rel}","templated":true}]}}

<p>El Reglament de Règim Interior (RRI) és la norma que inclou el conjunt d’objectius, principis, drets, responsabilitats i normes pels quals es regula la convivència de tots els membres de la comunitat educativa.</p>



<p>Un RRI no té com a funció establir drets i deures, missió reservada a les autoritats competents de l’Administració. El reglament es limita a organitzar el centre segons marca la llei, que serveix de marc per a la seua elaboració. Per tant este RRI concreta i adapta, en el context del IES Carles Salvador d’Aldaia, les lleis i normes que estableix, en la seua major part, la Conselleria d’Educació.</p>



<p>Este RRI te com a funció primordial la de facilitar la informació sobre&nbsp;l’organització operativa del centre. La seua correcta aplicació requereix una clara definició de responsabilitats i una atenció constant per part de tots de cara al seu compliment. El fet de estar matriculat o treballar a l’IES Carles Salvador suposa l’acceptació del present RRI.</p>



<p>Podeu consultar o descarregar el document ací:      <a href="https://www.iescarlessalvador.es/wp-content/uploads/2023/02/RRI.pdf">Reglament de Règim Interior (RRI) </a></p>

<p>El Reglament de Règim Interior (RRI) és la norma que inclou el conjunt d’objectius, principis, drets, responsabilitats i normes pels quals es regula la convivència de tots els membres de la comunitat educativa. Un RRI no té com a funció establir drets i deures, missió reservada a les autoritats competents de l’Administració. El reglament es&hellip;&nbsp;<a href="https://www.iescarlessalvador.es/?page_id=1586" class="" rel="bookmark">Leer más &raquo;<span class="screen-reader-text">RRI</span></a></p>
