{"id":1838,"date":"2021-05-07T14:57:03","date_gmt":"2021-05-07T14:57:03","guid":{"rendered":"http:\/\/www.iescarlessalvador.es\/?page_id=1838"},"modified":"2021-05-07T15:07:55","modified_gmt":"2021-05-07T15:07:55","slug":"proteccio-de-dades","status":"publish","type":"page","link":"https:\/\/www.iescarlessalvador.es\/?page_id=1838","title":{"rendered":"Protecci\u00f3 de dades"},"content":{"rendered":"\n<p>En compliment del que preveu el RGPD (Reglament UE 2016\/679 del Parlament Europeu i del Consell, relatiu a la protecci\u00f3 de les persones f\u00edsiques pel que fa al tractament de dades personals i a la lliure circulaci\u00f3 d&#8217;aquestes dades), i la LOPDiGDD (Llei org\u00e0nica 3\/2018, de 5 de desembre, de protecci\u00f3 de dades personal i garantia dels drets digitals), els tractaments de dades personals que es duen a terme en aquest centre, es recullen en els seg\u00fcents registres d&#8217;activitat de tractament (RAT). <\/p>\n\n\n\n<ul class=\"wp-block-list\"><li><a rel=\"noreferrer noopener\" href=\"http:\/\/ceice.gva.es\/documents\/161634279\/172734302\/Activitats+i+Jornades\/3a63b052-6d09-478d-ba5e-806217cd3a97\" target=\"_blank\">&nbsp;Activitats i Jornades<\/a><\/li><li><a rel=\"noreferrer noopener\" href=\"http:\/\/ceice.gva.es\/documents\/161634279\/172734302\/Alumnat\/baa70ffd-a1b2-4fbc-8dfb-963db851e3c5\" target=\"_blank\">&nbsp;Alumnat<\/a><\/li><li><a rel=\"noreferrer noopener\" href=\"http:\/\/ceice.gva.es\/documents\/161634279\/172734302\/Alumni+%28antics+alumnes%29\/7b3d8e40-8346-4bbe-ac64-7802bb1fb1c7\" target=\"_blank\">&nbsp;Alumni (antics alumnes)<\/a><\/li><li><a rel=\"noreferrer noopener\" href=\"http:\/\/ceice.gva.es\/documents\/161634279\/172734302\/Arxiu+fotogr%C3%A0fic+i+audiovisual\/bb336c1f-472d-4697-b711-130358146bbd\" target=\"_blank\">&nbsp;Arxiu fotogr\u00e0fic i audiovisual<\/a><\/li><li><a rel=\"noreferrer noopener\" href=\"http:\/\/ceice.gva.es\/documents\/161634279\/172734302\/Autoritzacions\/b0e25f11-ab24-4775-9f4a-98d3d965caf0\" target=\"_blank\">&nbsp;Autoritzacions<\/a><\/li><li><a rel=\"noreferrer noopener\" href=\"http:\/\/ceice.gva.es\/documents\/161634279\/172734302\/Comunicaci%C3%B3%20institucional+i+Promoci%C3%B3%20del+centre\/9afddbf8-4b6d-4e85-a116-5b8b1ffa7bba\" target=\"_blank\">&nbsp;Comunicaci\u00f3 institucional i Promoci\u00f3 del centre<\/a><\/li><li><a rel=\"noreferrer noopener\" href=\"http:\/\/ceice.gva.es\/documents\/161634279\/172734302\/Contractaci%C3%B3\/8e6a8b10-484e-4d1c-9abf-13ec08b0b227\" target=\"_blank\">&nbsp;Contractaci\u00f3<\/a><\/li><li><a rel=\"noreferrer noopener\" href=\"http:\/\/ceice.gva.es\/documents\/161634279\/172734302\/Escrits+de+sol.licitud%2C%20esmena+i+al.legacions%2C%20i+Declaracions+responsables\/dea97818-7d76-4cdb-9c18-5a22f2eb7806\" target=\"_blank\">&nbsp;Escrits de sol.licitud, esmena i al.legacions, i Declaracions responsables<\/a><\/li><li><a rel=\"noreferrer noopener\" href=\"http:\/\/ceice.gva.es\/documents\/161634279\/172734302\/Expedients+disciplinaris\/af484ce6-617e-4e42-b165-1d30dcf8554d\" target=\"_blank\">&nbsp;Expedients disciplinaris<\/a><\/li><li><a rel=\"noreferrer noopener\" href=\"http:\/\/ceice.gva.es\/documents\/161634279\/172734302\/Gesti%C3%B3%20de+bretxes+de+seguretat\/1db2325a-5cbf-40b7-b1a8-87c796b9b045\" target=\"_blank\">&nbsp;Gesti\u00f3 de bretxes de seguretat<\/a><\/li><li><a rel=\"noreferrer noopener\" href=\"http:\/\/ceice.gva.es\/documents\/161634279\/172734302\/Gesti%C3%B3%20de+cita+pr%C3%A8via\/581afa08-45be-4045-97e5-29431e0135d7\" target=\"_blank\">&nbsp;Gesti\u00f3 de cita pr\u00e8via<\/a><\/li><li><a rel=\"noreferrer noopener\" href=\"http:\/\/ceice.gva.es\/documents\/161634279\/172734302\/Gesti%C3%B3%20de+drets+de+protecci%C3%B3%20de+dades\/a7be2b04-a0c9-4dce-b3b0-58a215834021\" target=\"_blank\">&nbsp;Gesti\u00f3 de drets de protecci\u00f3 de dades<\/a><\/li><li><a rel=\"noreferrer noopener\" href=\"http:\/\/ceice.gva.es\/documents\/161634279\/172734302\/Gesti%C3%B3%20econ%C3%B2mica+i+pressupost%C3%A0ria+y+Pagaments+a+tercers\/528b43d6-6605-4c90-8cc3-ac63adb81413\" target=\"_blank\">&nbsp;Gesti\u00f3 econ\u00f2mica i pressupost\u00e0ria y Pagaments a tercers<\/a><\/li><li><a rel=\"noreferrer noopener\" href=\"http:\/\/ceice.gva.es\/documents\/161634279\/172734302\/Intervenci%C3%B3%20en+gesti%C3%B3%20d%27ajudes%2C%20beques+i+subvencions\/1e8aef55-27a1-43d3-8d08-2c28a39fce98\" target=\"_blank\">&nbsp;Intervenci\u00f3 en gesti\u00f3 d&#8217;ajudes, beques i subvencions<\/a><\/li><li><a rel=\"noreferrer noopener\" href=\"http:\/\/ceice.gva.es\/documents\/161634279\/172734302\/Pr%C3%A0ctiques+formatives+d%27alumnat+d%27FP\/308d90ac-17cb-4d67-bcc0-c72dc21d31d9\" target=\"_blank\">&nbsp;Pr\u00e0ctiques formatives d&#8217;alumnat d&#8217;FP<\/a><\/li><li><a rel=\"noreferrer noopener\" href=\"http:\/\/ceice.gva.es\/documents\/161634279\/172734302\/Pr%C3%A0ctiques+formatives+universit%C3%A0ries\/32e9c860-68d3-4023-922a-42c51c824216\" target=\"_blank\">&nbsp;Pr\u00e0ctiques formatives universit\u00e0ries<\/a><\/li><li><a rel=\"noreferrer noopener\" href=\"http:\/\/ceice.gva.es\/documents\/161634279\/172734302\/Prevenci%C3%B3%20de+la+viol%C3%A8ncia+i+millora+de+la+conviv%C3%A8ncia\/429e78bc-c965-4ab1-8a8b-dd91ddc8ad00\" target=\"_blank\">&nbsp;Prevenci\u00f3 de la viol\u00e8ncia i millora de la conviv\u00e8ncia<\/a><\/li><li><a rel=\"noreferrer noopener\" href=\"http:\/\/ceice.gva.es\/documents\/161634279\/172734302\/Professorat\/bd7d5735-b4c8-4fd8-b23b-03a103a96256\" target=\"_blank\">&nbsp;Professorat<\/a><\/li><li><a rel=\"noreferrer noopener\" href=\"http:\/\/ceice.gva.es\/documents\/161634279\/172734302\/Protocol+Covid-19+per+als+Centres+Educatius+P%C3%BAblics+GVA+i+Gesti%C3%B3%20de+la+vacunaci%C3%B3%20del+personal+dels+centres\/e461b4f5-4eda-436e-82b1-7ffc0a2f93d0\" target=\"_blank\">&nbsp;Protocol Covid-19 per als Centres Educatius P\u00fablics GVA i Gesti\u00f3 de la vacunaci\u00f3 del personal dels centres<\/a><\/li><li><a rel=\"noreferrer noopener\" href=\"http:\/\/ceice.gva.es\/documents\/161634279\/172734302\/Proves+i+acreditacions\/5822c56c-dfdb-4bba-9492-1ede1d054e25\" target=\"_blank\">&nbsp;Proves i acreditacions<\/a><\/li><li><a rel=\"noreferrer noopener\" href=\"http:\/\/ceice.gva.es\/documents\/161634279\/172734302\/Queixes%2C%20suggeriments+i+agra%C3%AFments\/117f55f8-d1cb-430f-9236-4c84eb0e7a3a\" target=\"_blank\">&nbsp;Queixes, suggeriments i agra\u00efments<\/a><\/li><li><a rel=\"noreferrer noopener\" href=\"http:\/\/ceice.gva.es\/documents\/161634279\/172734302\/Reclamacions\/1cace883-1bc2-4563-ba86-89699f7f9c23\" target=\"_blank\">&nbsp;Reclamacions<\/a><\/li><li><a rel=\"noreferrer noopener\" href=\"http:\/\/ceice.gva.es\/documents\/161634279\/172734302\/Trasllats+d%27expedients\/17c64ee7-e468-4b1e-a784-6c3a66efee6d\" target=\"_blank\">&nbsp;Trasllats d&#8217;expedients<\/a><\/li><li><a rel=\"noreferrer noopener\" href=\"http:\/\/ceice.gva.es\/documents\/161634279\/172734302\/Videovigil%C3%A0ncia\/902cbedd-84ec-44f0-b539-2432e01f56f2\" target=\"_blank\">&nbsp;Videovigil\u00e0ncia<\/a><\/li><li><a rel=\"noreferrer noopener\" href=\"http:\/\/ceice.gva.es\/documents\/161634279\/172734302\/ZCarta+Informativa+nou+apartat+Protecci%C3%B3%20de+Dades+i+RAT+centres+educatius+p%C3%BAblics+GVA\/79e037bf-fd72-433c-be8e-17295a12e975\" target=\"_blank\">&nbsp;Z Carta Informativa nou apartat Protecci\u00f3 de Dades i RAT centres educatius p\u00fablics GVA<\/a><\/li><\/ul>\n\n\n\n<p>Pot obtindre m\u00e9s informaci\u00f3 en mat\u00e8ria de protecci\u00f3 de dades accedint a la web www.ceice.gva.es, \u00e0rea Educaci\u00f3 i Formaci\u00f3 Professional, apartat \u00abprotecci\u00f3 de dades en els centres educatius p\u00fablics GVA, mitjan\u00e7ant el seg\u00fcent URL <a href=\"http:\/\/ceice.gva.es\/va\/web\/educacion\/proteccio-de-dades-en-centres-educatius-publics-gva\">http:\/\/ceice.gva.es\/va\/web\/educacion\/proteccio-de-dades-en-centres-educatius-publics-gva<\/a><\/p>\n","protected":false},"excerpt":{"rendered":"<p>En compliment del que preveu el RGPD (Reglament UE 2016\/679 del Parlament Europeu i del Consell, relatiu a la protecci\u00f3 de les persones f\u00edsiques pel que fa al tractament de dades personals i a la lliure circulaci\u00f3 d&#8217;aquestes dades), i la LOPDiGDD (Llei org\u00e0nica 3\/2018, de 5 de desembre, de protecci\u00f3 de dades personal i&hellip;&nbsp;<a href=\"https:\/\/www.iescarlessalvador.es\/?page_id=1838\" class=\"\" rel=\"bookmark\">Leer m\u00e1s &raquo;<span class=\"screen-reader-text\">Protecci\u00f3 de dades<\/span><\/a><\/p>\n","protected":false},"author":1,"featured_media":0,"parent":0,"menu_order":0,"comment_status":"closed","ping_status":"closed","template":"","meta":{"rop_custom_images_group":[],"rop_custom_messages_group":[],"rop_publish_now":"initial","rop_publish_now_accounts":[],"rop_publish_now_history":[],"rop_publish_now_status":"pending","neve_meta_sidebar":"full-width","neve_meta_container":"","neve_meta_enable_content_width":"on","neve_meta_content_width":100,"neve_meta_title_alignment":"","neve_meta_author_avatar":"","neve_post_elements_order":"","neve_meta_disable_header":"","neve_meta_disable_footer":"","neve_meta_disable_title":"","footnotes":""},"class_list":["post-1838","page","type-page","status-publish","hentry"],"_links":{"self":[{"href":"https:\/\/www.iescarlessalvador.es\/index.php?rest_route=\/wp\/v2\/pages\/1838","targetHints":{"allow":["GET"]}}],"collection":[{"href":"https:\/\/www.iescarlessalvador.es\/index.php?rest_route=\/wp\/v2\/pages"}],"about":[{"href":"https:\/\/www.iescarlessalvador.es\/index.php?rest_route=\/wp\/v2\/types\/page"}],"author":[{"embeddable":true,"href":"https:\/\/www.iescarlessalvador.es\/index.php?rest_route=\/wp\/v2\/users\/1"}],"replies":[{"embeddable":true,"href":"https:\/\/www.iescarlessalvador.es\/index.php?rest_route=%2Fwp%2Fv2%2Fcomments&post=1838"}],"version-history":[{"count":3,"href":"https:\/\/www.iescarlessalvador.es\/index.php?rest_route=\/wp\/v2\/pages\/1838\/revisions"}],"predecessor-version":[{"id":1844,"href":"https:\/\/www.iescarlessalvador.es\/index.php?rest_route=\/wp\/v2\/pages\/1838\/revisions\/1844"}],"wp:attachment":[{"href":"https:\/\/www.iescarlessalvador.es\/index.php?rest_route=%2Fwp%2Fv2%2Fmedia&parent=1838"}],"curies":[{"name":"wp","href":"https:\/\/api.w.org\/{rel}","templated":true}]}}

Protecció de dades

<p>En compliment del que preveu el RGPD (Reglament UE 2016/679 del Parlament Europeu i del Consell, relatiu a la protecció de les persones físiques pel que fa al tractament de dades personals i a la lliure circulació d&#8217;aquestes dades), i la LOPDiGDD (Llei orgànica 3/2018, de 5 de desembre, de protecció de dades personal i garantia dels drets digitals), els tractaments de dades personals que es duen a terme en aquest centre, es recullen en els següents registres d&#8217;activitat de tractament (RAT). </p>



<ul class="wp-block-list"><li><a rel="noreferrer noopener" href="http://ceice.gva.es/documents/161634279/172734302/Activitats+i+Jornades/3a63b052-6d09-478d-ba5e-806217cd3a97" target="_blank">&nbsp;Activitats i Jornades</a></li><li><a rel="noreferrer noopener" href="http://ceice.gva.es/documents/161634279/172734302/Alumnat/baa70ffd-a1b2-4fbc-8dfb-963db851e3c5" target="_blank">&nbsp;Alumnat</a></li><li><a rel="noreferrer noopener" href="http://ceice.gva.es/documents/161634279/172734302/Alumni+%28antics+alumnes%29/7b3d8e40-8346-4bbe-ac64-7802bb1fb1c7" target="_blank">&nbsp;Alumni (antics alumnes)</a></li><li><a rel="noreferrer noopener" href="http://ceice.gva.es/documents/161634279/172734302/Arxiu+fotogr%C3%A0fic+i+audiovisual/bb336c1f-472d-4697-b711-130358146bbd" target="_blank">&nbsp;Arxiu fotogràfic i audiovisual</a></li><li><a rel="noreferrer noopener" href="http://ceice.gva.es/documents/161634279/172734302/Autoritzacions/b0e25f11-ab24-4775-9f4a-98d3d965caf0" target="_blank">&nbsp;Autoritzacions</a></li><li><a rel="noreferrer noopener" href="http://ceice.gva.es/documents/161634279/172734302/Comunicaci%C3%B3%20institucional+i+Promoci%C3%B3%20del+centre/9afddbf8-4b6d-4e85-a116-5b8b1ffa7bba" target="_blank">&nbsp;Comunicació institucional i Promoció del centre</a></li><li><a rel="noreferrer noopener" href="http://ceice.gva.es/documents/161634279/172734302/Contractaci%C3%B3/8e6a8b10-484e-4d1c-9abf-13ec08b0b227" target="_blank">&nbsp;Contractació</a></li><li><a rel="noreferrer noopener" href="http://ceice.gva.es/documents/161634279/172734302/Escrits+de+sol.licitud%2C%20esmena+i+al.legacions%2C%20i+Declaracions+responsables/dea97818-7d76-4cdb-9c18-5a22f2eb7806" target="_blank">&nbsp;Escrits de sol.licitud, esmena i al.legacions, i Declaracions responsables</a></li><li><a rel="noreferrer noopener" href="http://ceice.gva.es/documents/161634279/172734302/Expedients+disciplinaris/af484ce6-617e-4e42-b165-1d30dcf8554d" target="_blank">&nbsp;Expedients disciplinaris</a></li><li><a rel="noreferrer noopener" href="http://ceice.gva.es/documents/161634279/172734302/Gesti%C3%B3%20de+bretxes+de+seguretat/1db2325a-5cbf-40b7-b1a8-87c796b9b045" target="_blank">&nbsp;Gestió de bretxes de seguretat</a></li><li><a rel="noreferrer noopener" href="http://ceice.gva.es/documents/161634279/172734302/Gesti%C3%B3%20de+cita+pr%C3%A8via/581afa08-45be-4045-97e5-29431e0135d7" target="_blank">&nbsp;Gestió de cita prèvia</a></li><li><a rel="noreferrer noopener" href="http://ceice.gva.es/documents/161634279/172734302/Gesti%C3%B3%20de+drets+de+protecci%C3%B3%20de+dades/a7be2b04-a0c9-4dce-b3b0-58a215834021" target="_blank">&nbsp;Gestió de drets de protecció de dades</a></li><li><a rel="noreferrer noopener" href="http://ceice.gva.es/documents/161634279/172734302/Gesti%C3%B3%20econ%C3%B2mica+i+pressupost%C3%A0ria+y+Pagaments+a+tercers/528b43d6-6605-4c90-8cc3-ac63adb81413" target="_blank">&nbsp;Gestió econòmica i pressupostària y Pagaments a tercers</a></li><li><a rel="noreferrer noopener" href="http://ceice.gva.es/documents/161634279/172734302/Intervenci%C3%B3%20en+gesti%C3%B3%20d%27ajudes%2C%20beques+i+subvencions/1e8aef55-27a1-43d3-8d08-2c28a39fce98" target="_blank">&nbsp;Intervenció en gestió d&#8217;ajudes, beques i subvencions</a></li><li><a rel="noreferrer noopener" href="http://ceice.gva.es/documents/161634279/172734302/Pr%C3%A0ctiques+formatives+d%27alumnat+d%27FP/308d90ac-17cb-4d67-bcc0-c72dc21d31d9" target="_blank">&nbsp;Pràctiques formatives d&#8217;alumnat d&#8217;FP</a></li><li><a rel="noreferrer noopener" href="http://ceice.gva.es/documents/161634279/172734302/Pr%C3%A0ctiques+formatives+universit%C3%A0ries/32e9c860-68d3-4023-922a-42c51c824216" target="_blank">&nbsp;Pràctiques formatives universitàries</a></li><li><a rel="noreferrer noopener" href="http://ceice.gva.es/documents/161634279/172734302/Prevenci%C3%B3%20de+la+viol%C3%A8ncia+i+millora+de+la+conviv%C3%A8ncia/429e78bc-c965-4ab1-8a8b-dd91ddc8ad00" target="_blank">&nbsp;Prevenció de la violència i millora de la convivència</a></li><li><a rel="noreferrer noopener" href="http://ceice.gva.es/documents/161634279/172734302/Professorat/bd7d5735-b4c8-4fd8-b23b-03a103a96256" target="_blank">&nbsp;Professorat</a></li><li><a rel="noreferrer noopener" href="http://ceice.gva.es/documents/161634279/172734302/Protocol+Covid-19+per+als+Centres+Educatius+P%C3%BAblics+GVA+i+Gesti%C3%B3%20de+la+vacunaci%C3%B3%20del+personal+dels+centres/e461b4f5-4eda-436e-82b1-7ffc0a2f93d0" target="_blank">&nbsp;Protocol Covid-19 per als Centres Educatius Públics GVA i Gestió de la vacunació del personal dels centres</a></li><li><a rel="noreferrer noopener" href="http://ceice.gva.es/documents/161634279/172734302/Proves+i+acreditacions/5822c56c-dfdb-4bba-9492-1ede1d054e25" target="_blank">&nbsp;Proves i acreditacions</a></li><li><a rel="noreferrer noopener" href="http://ceice.gva.es/documents/161634279/172734302/Queixes%2C%20suggeriments+i+agra%C3%AFments/117f55f8-d1cb-430f-9236-4c84eb0e7a3a" target="_blank">&nbsp;Queixes, suggeriments i agraïments</a></li><li><a rel="noreferrer noopener" href="http://ceice.gva.es/documents/161634279/172734302/Reclamacions/1cace883-1bc2-4563-ba86-89699f7f9c23" target="_blank">&nbsp;Reclamacions</a></li><li><a rel="noreferrer noopener" href="http://ceice.gva.es/documents/161634279/172734302/Trasllats+d%27expedients/17c64ee7-e468-4b1e-a784-6c3a66efee6d" target="_blank">&nbsp;Trasllats d&#8217;expedients</a></li><li><a rel="noreferrer noopener" href="http://ceice.gva.es/documents/161634279/172734302/Videovigil%C3%A0ncia/902cbedd-84ec-44f0-b539-2432e01f56f2" target="_blank">&nbsp;Videovigilància</a></li><li><a rel="noreferrer noopener" href="http://ceice.gva.es/documents/161634279/172734302/ZCarta+Informativa+nou+apartat+Protecci%C3%B3%20de+Dades+i+RAT+centres+educatius+p%C3%BAblics+GVA/79e037bf-fd72-433c-be8e-17295a12e975" target="_blank">&nbsp;Z Carta Informativa nou apartat Protecció de Dades i RAT centres educatius públics GVA</a></li></ul>



<p>Pot obtindre més informació en matèria de protecció de dades accedint a la web www.ceice.gva.es, àrea Educació i Formació Professional, apartat «protecció de dades en els centres educatius públics GVA, mitjançant el següent URL <a href="http://ceice.gva.es/va/web/educacion/proteccio-de-dades-en-centres-educatius-publics-gva">http://ceice.gva.es/va/web/educacion/proteccio-de-dades-en-centres-educatius-publics-gva</a></p>

<p>En compliment del que preveu el RGPD (Reglament UE 2016/679 del Parlament Europeu i del Consell, relatiu a la protecció de les persones físiques pel que fa al tractament de dades personals i a la lliure circulació d&#8217;aquestes dades), i la LOPDiGDD (Llei orgànica 3/2018, de 5 de desembre, de protecció de dades personal i&hellip;&nbsp;<a href="https://www.iescarlessalvador.es/?page_id=1838" class="" rel="bookmark">Leer más &raquo;<span class="screen-reader-text">Protecció de dades</span></a></p>
