{"id":198,"date":"2020-02-06T20:22:09","date_gmt":"2020-02-06T20:22:09","guid":{"rendered":"http:\/\/www.iescarlessalvador.es\/?page_id=198"},"modified":"2020-05-02T16:33:29","modified_gmt":"2020-05-02T16:33:29","slug":"seccion-informativa","status":"publish","type":"page","link":"https:\/\/www.iescarlessalvador.es\/?page_id=198&lang=es","title":{"rendered":"Historia"},"content":{"rendered":"\t\t<div data-elementor-type=\"wp-page\" data-elementor-id=\"198\" class=\"elementor elementor-198\">\n\t\t\t\t\t\t<section class=\"elementor-section elementor-top-section elementor-element elementor-element-4a17d31 elementor-section-boxed elementor-section-height-default elementor-section-height-default\" data-id=\"4a17d31\" data-element_type=\"section\" data-e-type=\"section\">\n\t\t\t\t\t\t<div class=\"elementor-container elementor-column-gap-default\">\n\t\t\t\t\t<div class=\"elementor-column elementor-col-100 elementor-top-column elementor-element elementor-element-9497bda\" data-id=\"9497bda\" data-element_type=\"column\" data-e-type=\"column\">\n\t\t\t<div class=\"elementor-widget-wrap elementor-element-populated\">\n\t\t\t\t\t\t<div class=\"elementor-element elementor-element-9636109 elementor-widget elementor-widget-image\" data-id=\"9636109\" data-element_type=\"widget\" data-e-type=\"widget\" data-widget_type=\"image.default\">\n\t\t\t\t<div class=\"elementor-widget-container\">\n\t\t\t\t\t\t\t\t\t\t\t\t\t\t\t<img fetchpriority=\"high\" decoding=\"async\" width=\"1024\" height=\"294\" src=\"https:\/\/www.iescarlessalvador.es\/wp-content\/uploads\/2020\/02\/el-instituto-1024x294.jpg\" class=\"attachment-large size-large wp-image-220\" alt=\"\" srcset=\"https:\/\/www.iescarlessalvador.es\/wp-content\/uploads\/2020\/02\/el-instituto-1024x294.jpg 1024w, https:\/\/www.iescarlessalvador.es\/wp-content\/uploads\/2020\/02\/el-instituto-300x86.jpg 300w, https:\/\/www.iescarlessalvador.es\/wp-content\/uploads\/2020\/02\/el-instituto-768x221.jpg 768w, https:\/\/www.iescarlessalvador.es\/wp-content\/uploads\/2020\/02\/el-instituto-1536x441.jpg 1536w, https:\/\/www.iescarlessalvador.es\/wp-content\/uploads\/2020\/02\/el-instituto.jpg 1800w\" sizes=\"(max-width: 1024px) 100vw, 1024px\" \/>\t\t\t\t\t\t\t\t\t\t\t\t\t\t\t<\/div>\n\t\t\t\t<\/div>\n\t\t\t\t\t<\/div>\n\t\t<\/div>\n\t\t\t\t\t<\/div>\n\t\t<\/section>\n\t\t\t\t<section class=\"elementor-section elementor-top-section elementor-element elementor-element-9e41556 elementor-section-boxed elementor-section-height-default elementor-section-height-default\" data-id=\"9e41556\" data-element_type=\"section\" data-e-type=\"section\">\n\t\t\t\t\t\t<div class=\"elementor-container elementor-column-gap-default\">\n\t\t\t\t\t<div class=\"elementor-column elementor-col-100 elementor-top-column elementor-element elementor-element-1419d08\" data-id=\"1419d08\" data-element_type=\"column\" data-e-type=\"column\">\n\t\t\t<div class=\"elementor-widget-wrap elementor-element-populated\">\n\t\t\t\t\t\t<div class=\"elementor-element elementor-element-cf94768 elementor-widget elementor-widget-text-editor\" data-id=\"cf94768\" data-element_type=\"widget\" data-e-type=\"widget\" data-widget_type=\"text-editor.default\">\n\t\t\t\t<div class=\"elementor-widget-container\">\n\t\t\t\t\t\t\t\t\t<p>El <strong>IES Carles Salvador<\/strong>, ubicado en la localidad de Aldaia, fue inagurado en el curso 1994-95, en presencia de representantes del Excelent\u00edsimo Ayuntamiento de Aldaia, de la Conseller\u00eda de Educaci\u00f3n, as\u00ed como profesorado, padres y madres, alumnado, y los equipos directivos de los centros de Aldaia. El Instituto tuvo sus or\u00edgenes en la extensi\u00f3n, desde el a\u00f1o 1990, del Instituto de Bachillerato Ramon Muntaner de Xirivella, utilizando las instalaciones del centro de formaci\u00f3n profesional Salvador Gadea en turno de tarde.<\/p>\n<p>La primera directora que puso en marcha el instituto fue Mar\u00eda \u00c1ngeles Porter, y posteriormente trabajaron en el cargo Marisa Fern\u00e1ndez, Salvador Torrijos, Rosa Labrandero, Armando Carpena y, actualmente, Jos\u00e9 Vicente Garrigues.<\/p>\n<p>En cuatro a\u00f1os desde la inauguraci\u00f3n, se complet\u00f3 el segundo ciclo de Secundaria Obligatoria y todo el Bachillerato LOGSE. El curso 2000\/2001 se produce la implantaci\u00f3n del primer ciclo de la ESO al mismo tiempo que se incorporaba al centro, como plantilla definitiva, un grupo de profesores y profesoras para impartir clases en dicho ciclo.<\/p>\n<p>Las modalidades de Bachillerato que se pueden cursar actualmente en el IES son la de Humanidades y Ciencias Sociales y la de Ciencias y Tecnolog\u00eda.<\/p>\n<p>Por otro lado, desde el curso 1996\/1997, contamos con un Programa de Diversificaci\u00f3n Curricular, una oferta muy interesante para el alumnado de 4\u00ba de ESO, de 16 a\u00f1os o m\u00e1s, que no puede repetir otro curso pero manifiesta su voluntad de permanecer en el sistema educativo con el fin de obtener el t\u00edtulo de Graduado en Secundaria por esa v\u00eda.<\/p>\n<p>En los \u00faltimos a\u00f1os, desde el curso 2011\/2012 se ha ampliado la oferta educativa con un Programa de Cualificaci\u00f3n Profesional Inicial (PCPI) de \u00abMontaje y Mantenimiento de Sistemas Microinform\u00e1ticos\u00bb.<\/p>\n<p>En la actualidad, el IES Carles Salvador cuenta con una plantilla de profesores y profesoras, de los cuales la mayor\u00eda tienen destino definitivo en el centro. Tambi\u00e9n hay dos administrativos y tres conserjes. El personal no docente es mayoritariamente de destino definitivo. El centro cuenta, pues, con una plantilla estable, por lo tanto implicada con todos los problemas que se plantean y los proyectos que se realizan.<\/p>\t\t\t\t\t\t\t\t<\/div>\n\t\t\t\t<\/div>\n\t\t\t\t\t<\/div>\n\t\t<\/div>\n\t\t\t\t\t<\/div>\n\t\t<\/section>\n\t\t\t\t<\/div>\n\t\t","protected":false},"excerpt":{"rendered":"<p>El IES Carles Salvador, ubicado en la localidad de Aldaia, fue inagurado en el curso 1994-95, en presencia de representantes del Excelent\u00edsimo Ayuntamiento de Aldaia, de la Conseller\u00eda de Educaci\u00f3n, as\u00ed como profesorado, padres y madres, alumnado, y los equipos directivos de los centros de Aldaia. El Instituto tuvo sus or\u00edgenes en la extensi\u00f3n, desde&hellip;&nbsp;<a href=\"https:\/\/www.iescarlessalvador.es\/?page_id=198&#038;lang=es\" class=\"\" rel=\"bookmark\">Leer m\u00e1s &raquo;<span class=\"screen-reader-text\">Historia<\/span><\/a><\/p>\n","protected":false},"author":1,"featured_media":0,"parent":0,"menu_order":0,"comment_status":"closed","ping_status":"closed","template":"","meta":{"rop_custom_images_group":[],"rop_custom_messages_group":[],"rop_publish_now":"initial","rop_publish_now_accounts":[],"rop_publish_now_history":[],"rop_publish_now_status":"pending","neve_meta_sidebar":"right","neve_meta_container":"contained","neve_meta_enable_content_width":"off","neve_meta_content_width":100,"neve_meta_title_alignment":"","neve_meta_author_avatar":"","neve_post_elements_order":"","neve_meta_disable_header":"","neve_meta_disable_footer":"","neve_meta_disable_title":"","footnotes":""},"class_list":["post-198","page","type-page","status-publish","hentry"],"_links":{"self":[{"href":"https:\/\/www.iescarlessalvador.es\/index.php?rest_route=\/wp\/v2\/pages\/198","targetHints":{"allow":["GET"]}}],"collection":[{"href":"https:\/\/www.iescarlessalvador.es\/index.php?rest_route=\/wp\/v2\/pages"}],"about":[{"href":"https:\/\/www.iescarlessalvador.es\/index.php?rest_route=\/wp\/v2\/types\/page"}],"author":[{"embeddable":true,"href":"https:\/\/www.iescarlessalvador.es\/index.php?rest_route=\/wp\/v2\/users\/1"}],"replies":[{"embeddable":true,"href":"https:\/\/www.iescarlessalvador.es\/index.php?rest_route=%2Fwp%2Fv2%2Fcomments&post=198"}],"version-history":[{"count":6,"href":"https:\/\/www.iescarlessalvador.es\/index.php?rest_route=\/wp\/v2\/pages\/198\/revisions"}],"predecessor-version":[{"id":613,"href":"https:\/\/www.iescarlessalvador.es\/index.php?rest_route=\/wp\/v2\/pages\/198\/revisions\/613"}],"wp:attachment":[{"href":"https:\/\/www.iescarlessalvador.es\/index.php?rest_route=%2Fwp%2Fv2%2Fmedia&parent=198"}],"curies":[{"name":"wp","href":"https:\/\/api.w.org\/{rel}","templated":true}]}}