{"id":2750,"date":"2022-04-19T11:10:55","date_gmt":"2022-04-19T11:10:55","guid":{"rendered":"http:\/\/www.iescarlessalvador.es\/?page_id=2750"},"modified":"2024-04-15T21:23:54","modified_gmt":"2024-04-15T21:23:54","slug":"fp-grau-mitja","status":"publish","type":"page","link":"https:\/\/www.iescarlessalvador.es\/?page_id=2750","title":{"rendered":"FP Grau Mitj\u00e0"},"content":{"rendered":"\n<p>A l&#8217;IES Carles Salvador s&#8217;imparteixen <\/p>\n\n\n\n<ul class=\"wp-block-list\">\n<li>Cicle Formatiu de Grau Mitj\u00e0:  \u00ab<strong>T\u00e8cnic Farm\u00e0cia i Parafarm\u00e0cia<\/strong>\u00ab<\/li>\n<\/ul>\n\n\n\n<p><a href=\"https:\/\/ceice.gva.es\/es\/web\/formacion-profesional\/publicador-ciclos\/-\/asset_publisher\/FRACVC0hANWa\/content\/ciclo-formativo-farmacia-y-parafarmacia\">Ampliar informaci\u00f3<\/a><\/p>\n\n\n\n<ul class=\"wp-block-list\">\n<li>Cicle Formatiu de Grau Mitj\u00e0: \u00ab<strong>T\u00e8cnic Gesti\u00f3 Administrativa<\/strong>\u00ab<\/li>\n<\/ul>\n\n\n\n<p><a href=\"https:\/\/ceice.gva.es\/va\/web\/formacion-profesional\/publicador-ciclos\/-\/asset_publisher\/FRACVC0hANWa\/content\/ciclo-formativo-gestion-administrativa\">Ampliar informaci\u00f3<\/a><\/p>\n","protected":false},"excerpt":{"rendered":"<p>A l&#8217;IES Carles Salvador s&#8217;imparteixen Ampliar informaci\u00f3 Ampliar informaci\u00f3<\/p>\n","protected":false},"author":1,"featured_media":0,"parent":0,"menu_order":0,"comment_status":"closed","ping_status":"closed","template":"","meta":{"rop_custom_images_group":[],"rop_custom_messages_group":[],"rop_publish_now":"initial","rop_publish_now_accounts":[],"rop_publish_now_history":[],"rop_publish_now_status":"pending","neve_meta_sidebar":"full-width","neve_meta_container":"","neve_meta_enable_content_width":"on","neve_meta_content_width":100,"neve_meta_title_alignment":"","neve_meta_author_avatar":"","neve_post_elements_order":"","neve_meta_disable_header":"","neve_meta_disable_footer":"","neve_meta_disable_title":"","footnotes":""},"class_list":["post-2750","page","type-page","status-publish","hentry"],"_links":{"self":[{"href":"https:\/\/www.iescarlessalvador.es\/index.php?rest_route=\/wp\/v2\/pages\/2750","targetHints":{"allow":["GET"]}}],"collection":[{"href":"https:\/\/www.iescarlessalvador.es\/index.php?rest_route=\/wp\/v2\/pages"}],"about":[{"href":"https:\/\/www.iescarlessalvador.es\/index.php?rest_route=\/wp\/v2\/types\/page"}],"author":[{"embeddable":true,"href":"https:\/\/www.iescarlessalvador.es\/index.php?rest_route=\/wp\/v2\/users\/1"}],"replies":[{"embeddable":true,"href":"https:\/\/www.iescarlessalvador.es\/index.php?rest_route=%2Fwp%2Fv2%2Fcomments&post=2750"}],"version-history":[{"count":5,"href":"https:\/\/www.iescarlessalvador.es\/index.php?rest_route=\/wp\/v2\/pages\/2750\/revisions"}],"predecessor-version":[{"id":4789,"href":"https:\/\/www.iescarlessalvador.es\/index.php?rest_route=\/wp\/v2\/pages\/2750\/revisions\/4789"}],"wp:attachment":[{"href":"https:\/\/www.iescarlessalvador.es\/index.php?rest_route=%2Fwp%2Fv2%2Fmedia&parent=2750"}],"curies":[{"name":"wp","href":"https:\/\/api.w.org\/{rel}","templated":true}]}}

FP Grau Mitjà

<p>A l&#8217;IES Carles Salvador s&#8217;imparteixen </p>



<ul class="wp-block-list">
<li>Cicle Formatiu de Grau Mitjà:  «<strong>Tècnic Farmàcia i Parafarmàcia</strong>«</li>
</ul>



<p><a href="https://ceice.gva.es/es/web/formacion-profesional/publicador-ciclos/-/asset_publisher/FRACVC0hANWa/content/ciclo-formativo-farmacia-y-parafarmacia">Ampliar informació</a></p>



<ul class="wp-block-list">
<li>Cicle Formatiu de Grau Mitjà: «<strong>Tècnic Gestió Administrativa</strong>«</li>
</ul>



<p><a href="https://ceice.gva.es/va/web/formacion-profesional/publicador-ciclos/-/asset_publisher/FRACVC0hANWa/content/ciclo-formativo-gestion-administrativa">Ampliar informació</a></p>

<p>A l&#8217;IES Carles Salvador s&#8217;imparteixen Ampliar informació Ampliar informació</p>
