{"id":2756,"date":"2022-04-19T11:13:07","date_gmt":"2022-04-19T11:13:07","guid":{"rendered":"http:\/\/www.iescarlessalvador.es\/?page_id=2756"},"modified":"2025-10-12T14:32:54","modified_gmt":"2025-10-12T14:32:54","slug":"fp-grado-superior","status":"publish","type":"page","link":"https:\/\/www.iescarlessalvador.es\/?page_id=2756&lang=es","title":{"rendered":"FP Grado Superior"},"content":{"rendered":"\n<p>En el IES Carles Salvador se imparten<\/p>\n\n\n\n<ul class=\"wp-block-list\">\n<li>Ciclo Formativo de Grado Superior: \u00ab<strong>T\u00e9cnico Superior en Documentaci\u00f3n y Administraci\u00f3n Sanitarias<\/strong>\u00ab<\/li>\n<\/ul>\n\n\n\n<p><a href=\"https:\/\/ceice.gva.es\/es\/web\/formacion-profesional\/publicador-de-cicles\/-\/asset_publisher\/M0SqOt5YOf05\/content\/ciclo-formativo-documentacion-y-administracion-sanitarias\">Ampliar informaci\u00f3n<\/a><\/p>\n\n\n\n<ul class=\"wp-block-list\">\n<li>Ciclo Formativo de Superior: \u00ab<strong>T\u00e9cnico Superior en Administraci\u00f3n y Finanzas<\/strong>\u00ab<\/li>\n<\/ul>\n\n\n\n<p><a href=\"https:\/\/ceice.gva.es\/es\/web\/formacion-profesional\/publicador-de-cicles\/-\/asset_publisher\/M0SqOt5YOf05\/content\/ciclo-formativo-administracion-y-finanzas-loe-?redirect=\/web\/formacion-profesional\/oferta-de-ciclos-formativos-de-formacion-profesional\">Ampliar informaci\u00f3n<\/a><\/p>\n\n\n\n<p><\/p>\n","protected":false},"excerpt":{"rendered":"<p>En el IES Carles Salvador se imparten Ampliar informaci\u00f3n Ampliar informaci\u00f3n<\/p>\n","protected":false},"author":1,"featured_media":0,"parent":0,"menu_order":0,"comment_status":"closed","ping_status":"closed","template":"","meta":{"rop_custom_images_group":[],"rop_custom_messages_group":[],"rop_publish_now":"initial","rop_publish_now_accounts":[],"rop_publish_now_history":[],"rop_publish_now_status":"pending","neve_meta_sidebar":"full-width","neve_meta_container":"","neve_meta_enable_content_width":"on","neve_meta_content_width":100,"neve_meta_title_alignment":"","neve_meta_author_avatar":"","neve_post_elements_order":"","neve_meta_disable_header":"","neve_meta_disable_footer":"","neve_meta_disable_title":"","footnotes":""},"class_list":["post-2756","page","type-page","status-publish","hentry"],"_links":{"self":[{"href":"https:\/\/www.iescarlessalvador.es\/index.php?rest_route=\/wp\/v2\/pages\/2756","targetHints":{"allow":["GET"]}}],"collection":[{"href":"https:\/\/www.iescarlessalvador.es\/index.php?rest_route=\/wp\/v2\/pages"}],"about":[{"href":"https:\/\/www.iescarlessalvador.es\/index.php?rest_route=\/wp\/v2\/types\/page"}],"author":[{"embeddable":true,"href":"https:\/\/www.iescarlessalvador.es\/index.php?rest_route=\/wp\/v2\/users\/1"}],"replies":[{"embeddable":true,"href":"https:\/\/www.iescarlessalvador.es\/index.php?rest_route=%2Fwp%2Fv2%2Fcomments&post=2756"}],"version-history":[{"count":5,"href":"https:\/\/www.iescarlessalvador.es\/index.php?rest_route=\/wp\/v2\/pages\/2756\/revisions"}],"predecessor-version":[{"id":6165,"href":"https:\/\/www.iescarlessalvador.es\/index.php?rest_route=\/wp\/v2\/pages\/2756\/revisions\/6165"}],"wp:attachment":[{"href":"https:\/\/www.iescarlessalvador.es\/index.php?rest_route=%2Fwp%2Fv2%2Fmedia&parent=2756"}],"curies":[{"name":"wp","href":"https:\/\/api.w.org\/{rel}","templated":true}]}}