{"id":354,"date":"2020-05-02T16:38:05","date_gmt":"2020-05-02T16:38:05","guid":{"rendered":"http:\/\/www.iescarlessalvador.es\/?page_id=354"},"modified":"2022-05-24T07:17:38","modified_gmt":"2022-05-24T07:17:38","slug":"fp-basica","status":"publish","type":"page","link":"https:\/\/www.iescarlessalvador.es\/?page_id=354&lang=es","title":{"rendered":"FP B\u00e1sica"},"content":{"rendered":"\n<p>El IES CARLES SALVADOR imparte un Ciclo de Formaci\u00f3n Profesional B\u00e1sica de \u00ab<strong>Inform\u00e1tica de Oficina<\/strong>\u00ab.<\/p>\n\n\n\n<h4 class=\"wp-block-heading\">Quieres estudiar FP B\u00c1SICA en el IES Carles Salvador?<\/h4>\n\n\n\n<p>1.- Si el curso pasado no estabas estudiando FP B\u00c1SICA en el IES CARLES SALVADOR debes participar en el PROCESO DE ADMISI\u00d3N de FPB<\/p>\n\n\n\n<p>INFORMACI\u00d3N SOBRE <a href=\"https:\/\/www.iescarlessalvador.es\/?p=2779&amp;lang=es\">EL PROCESO DE ADMISI\u00d3N EN FP B\u00c1SICA<\/a><\/p>\n\n\n\n<p>2.- Si el curso pasado estudiabas FP B\u00e1sica en el IES Carles Salvador simplemente tienes que realizar el proceso de MATRICULACI\u00d3N para el curso correspondiente:                         <a href=\"https:\/\/www.iescarlessalvador.es\/?page_id=923&amp;lang=es\">1\u00ba FPB<\/a>       &#8211;      <a href=\"http:\/\/@https:\/\/www.iescarlessalvador.es\/?page_id=926&amp;lang=es\">2\u00ba FPB<\/a><\/p>\n","protected":false},"excerpt":{"rendered":"<p>El IES CARLES SALVADOR imparte un Ciclo de Formaci\u00f3n Profesional B\u00e1sica de \u00abInform\u00e1tica de Oficina\u00ab. Quieres estudiar FP B\u00c1SICA en el IES Carles Salvador? 1.- Si el curso pasado no estabas estudiando FP B\u00c1SICA en el IES CARLES SALVADOR debes participar en el PROCESO DE ADMISI\u00d3N de FPB INFORMACI\u00d3N SOBRE EL PROCESO DE ADMISI\u00d3N EN&hellip;&nbsp;<a href=\"https:\/\/www.iescarlessalvador.es\/?page_id=354&#038;lang=es\" class=\"\" rel=\"bookmark\">Leer m\u00e1s &raquo;<span class=\"screen-reader-text\">FP B\u00e1sica<\/span><\/a><\/p>\n","protected":false},"author":1,"featured_media":0,"parent":0,"menu_order":0,"comment_status":"closed","ping_status":"closed","template":"","meta":{"rop_custom_images_group":[],"rop_custom_messages_group":[],"rop_publish_now":"initial","rop_publish_now_accounts":[],"rop_publish_now_history":[],"rop_publish_now_status":"pending","neve_meta_sidebar":"full-width","neve_meta_container":"","neve_meta_enable_content_width":"on","neve_meta_content_width":100,"neve_meta_title_alignment":"","neve_meta_author_avatar":"","neve_post_elements_order":"","neve_meta_disable_header":"","neve_meta_disable_footer":"","neve_meta_disable_title":"","footnotes":""},"class_list":["post-354","page","type-page","status-publish","hentry"],"_links":{"self":[{"href":"https:\/\/www.iescarlessalvador.es\/index.php?rest_route=\/wp\/v2\/pages\/354","targetHints":{"allow":["GET"]}}],"collection":[{"href":"https:\/\/www.iescarlessalvador.es\/index.php?rest_route=\/wp\/v2\/pages"}],"about":[{"href":"https:\/\/www.iescarlessalvador.es\/index.php?rest_route=\/wp\/v2\/types\/page"}],"author":[{"embeddable":true,"href":"https:\/\/www.iescarlessalvador.es\/index.php?rest_route=\/wp\/v2\/users\/1"}],"replies":[{"embeddable":true,"href":"https:\/\/www.iescarlessalvador.es\/index.php?rest_route=%2Fwp%2Fv2%2Fcomments&post=354"}],"version-history":[{"count":8,"href":"https:\/\/www.iescarlessalvador.es\/index.php?rest_route=\/wp\/v2\/pages\/354\/revisions"}],"predecessor-version":[{"id":2842,"href":"https:\/\/www.iescarlessalvador.es\/index.php?rest_route=\/wp\/v2\/pages\/354\/revisions\/2842"}],"wp:attachment":[{"href":"https:\/\/www.iescarlessalvador.es\/index.php?rest_route=%2Fwp%2Fv2%2Fmedia&parent=354"}],"curies":[{"name":"wp","href":"https:\/\/api.w.org\/{rel}","templated":true}]}}

FP Básica

<p>El IES CARLES SALVADOR imparte un Ciclo de Formación Profesional Básica de «<strong>Informática de Oficina</strong>«.</p>



<h4 class="wp-block-heading">Quieres estudiar FP BÁSICA en el IES Carles Salvador?</h4>



<p>1.- Si el curso pasado no estabas estudiando FP BÁSICA en el IES CARLES SALVADOR debes participar en el PROCESO DE ADMISIÓN de FPB</p>



<p>INFORMACIÓN SOBRE <a href="https://www.iescarlessalvador.es/?p=2779&amp;lang=es">EL PROCESO DE ADMISIÓN EN FP BÁSICA</a></p>



<p>2.- Si el curso pasado estudiabas FP Básica en el IES Carles Salvador simplemente tienes que realizar el proceso de MATRICULACIÓN para el curso correspondiente:                         <a href="https://www.iescarlessalvador.es/?page_id=923&amp;lang=es">1º FPB</a>       &#8211;      <a href="http://@https://www.iescarlessalvador.es/?page_id=926&amp;lang=es">2º FPB</a></p>

<p>El IES CARLES SALVADOR imparte un Ciclo de Formación Profesional Básica de «Informática de Oficina«. Quieres estudiar FP BÁSICA en el IES Carles Salvador? 1.- Si el curso pasado no estabas estudiando FP BÁSICA en el IES CARLES SALVADOR debes participar en el PROCESO DE ADMISIÓN de FPB INFORMACIÓN SOBRE EL PROCESO DE ADMISIÓN EN&hellip;&nbsp;<a href="https://www.iescarlessalvador.es/?page_id=354&#038;lang=es" class="" rel="bookmark">Leer más &raquo;<span class="screen-reader-text">FP Básica</span></a></p>
