{"id":366,"date":"2020-05-02T16:40:06","date_gmt":"2020-05-02T16:40:06","guid":{"rendered":"http:\/\/www.iescarlessalvador.es\/?page_id=366"},"modified":"2025-09-11T14:32:46","modified_gmt":"2025-09-11T14:32:46","slug":"dpto-orientacion","status":"publish","type":"page","link":"https:\/\/www.iescarlessalvador.es\/?page_id=366&lang=es","title":{"rendered":"Dpto. Orientaci\u00f3n"},"content":{"rendered":"\n<h4 class=\"wp-block-heading\">Profesores<\/h4>\n\n\n\n<ul class=\"wp-block-list\">\n<li>M\u00aa Amparo Villasante Roda:&nbsp;<a href=\"mailto:ma.villasanteroda@edu.gva.es\">ma.villasanteroda@edu.gva.es<\/a><\/li>\n\n\n\n<li>Irene Chac\u00f3n Pascual <strong>[Cap del Departament]<\/strong>&nbsp;<a href=\"mailto:i.chaconpascual@edu.gva.es\">i.chaconpascual@edu.gva.es<\/a><\/li>\n\n\n\n<li>Ester Gil Ferrer <a href=\"mailto:e.gilferrer@edu.gva.es\">e.gilferrer@edu.gva.es<\/a><\/li>\n\n\n\n<li>Logopeda: Ver\u00f3nica Espino Requena \u2013&nbsp;<a href=\"mailto:v.espinorequena@edu.gva.es\" data-type=\"mailto\" data-id=\"mailto:amparo.villasante@iescarlessalvador.es\">v.espinorequena@edu.gva.es<\/a><\/li>\n\n\n\n<li>Educadora: Elena Carmen Llavata Politi &#8211;&nbsp;<a href=\"mailto:ec.llavatapoliti@edu.gva.es\">ec.llavatapoliti<\/a><\/li>\n<\/ul>\n\n\n\n<p><strong>Pod\u00e9is poneros en contacto con ellos por correo electr\u00f3nico<\/strong><\/p>\n\n\n\n<h4 class=\"wp-block-heading\">Asignaturas impartidas por cursos<\/h4>\n\n\n\n<h3 class=\"wp-block-heading\">1\u00ba ESO PT<\/h3>\n\n\n\n<ul class=\"wp-block-list\">\n<li>Castell\u00e0 (PT)<\/li>\n\n\n\n<li>Matem\u00e0tiques (PT)<\/li>\n\n\n\n<li>Valenci\u00e0 (PT)<\/li>\n<\/ul>\n\n\n\n<h4 class=\"wp-block-heading\">M\u00e1s INFORMACI\u00d3n EN EL BLOg De oRIENTACI\u00d3n DEL CENTRo<\/h4>\n\n\n\n<ul class=\"wp-block-list\">\n<li>Blog d\u2019orientaci\u00f3 acad\u00e8mica i professional:&nbsp;<a href=\"https:\/\/orientacio-alumnes.blogspot.com\/\">https:\/\/orientacio-alumnes.blogspot.com\/<\/a><\/li>\n<\/ul>\n\n\n\n<p><\/p>\n\n\n\n<h5 class=\"wp-block-heading\">Enlaces interesantes<\/h5>\n\n\n\n<ul class=\"wp-block-list\">\n<li><a href=\"http:\/\/www.ite.educacion.es\/w3\/eos\/MaterialesEducativos\/mem2006\/aprender_estudiar\/index2.html\">T\u00e9cnicas de estudio en la web<\/a><\/li>\n<\/ul>\n\n\n\n<p><\/p>\n","protected":false},"excerpt":{"rendered":"<p>Profesores Pod\u00e9is poneros en contacto con ellos por correo electr\u00f3nico Asignaturas impartidas por cursos 1\u00ba ESO PT M\u00e1s INFORMACI\u00d3n EN EL BLOg De oRIENTACI\u00d3n DEL CENTRo Enlaces interesantes<\/p>\n","protected":false},"author":1,"featured_media":0,"parent":0,"menu_order":0,"comment_status":"closed","ping_status":"closed","template":"","meta":{"rop_custom_images_group":[],"rop_custom_messages_group":[],"rop_publish_now":"initial","rop_publish_now_accounts":[],"rop_publish_now_history":[],"rop_publish_now_status":"pending","neve_meta_sidebar":"full-width","neve_meta_container":"","neve_meta_enable_content_width":"on","neve_meta_content_width":100,"neve_meta_title_alignment":"","neve_meta_author_avatar":"","neve_post_elements_order":"","neve_meta_disable_header":"","neve_meta_disable_footer":"","neve_meta_disable_title":"","footnotes":""},"class_list":["post-366","page","type-page","status-publish","hentry"],"_links":{"self":[{"href":"https:\/\/www.iescarlessalvador.es\/index.php?rest_route=\/wp\/v2\/pages\/366","targetHints":{"allow":["GET"]}}],"collection":[{"href":"https:\/\/www.iescarlessalvador.es\/index.php?rest_route=\/wp\/v2\/pages"}],"about":[{"href":"https:\/\/www.iescarlessalvador.es\/index.php?rest_route=\/wp\/v2\/types\/page"}],"author":[{"embeddable":true,"href":"https:\/\/www.iescarlessalvador.es\/index.php?rest_route=\/wp\/v2\/users\/1"}],"replies":[{"embeddable":true,"href":"https:\/\/www.iescarlessalvador.es\/index.php?rest_route=%2Fwp%2Fv2%2Fcomments&post=366"}],"version-history":[{"count":10,"href":"https:\/\/www.iescarlessalvador.es\/index.php?rest_route=\/wp\/v2\/pages\/366\/revisions"}],"predecessor-version":[{"id":6051,"href":"https:\/\/www.iescarlessalvador.es\/index.php?rest_route=\/wp\/v2\/pages\/366\/revisions\/6051"}],"wp:attachment":[{"href":"https:\/\/www.iescarlessalvador.es\/index.php?rest_route=%2Fwp%2Fv2%2Fmedia&parent=366"}],"curies":[{"name":"wp","href":"https:\/\/api.w.org\/{rel}","templated":true}]}}