{"id":3682,"date":"2025-02-11T14:41:52","date_gmt":"2025-02-11T14:41:52","guid":{"rendered":"http:\/\/www.iescarlessalvador.es\/?page_id=3682"},"modified":"2025-02-12T14:09:44","modified_gmt":"2025-02-12T14:09:44","slug":"proves-dacces-a-cicles-formatius-2023","status":"publish","type":"page","link":"https:\/\/www.iescarlessalvador.es\/?page_id=3682","title":{"rendered":"Proves d&#8217;acc\u00e9s a cicles formatius 2025"},"content":{"rendered":"\n<p>S\u2019 han convocat les Proves d\u2019Acc\u00e9s a Cicles Formatius de Grau Mitj\u00e0 i de Grau Superior, per al 2025.\u00a0<a href=\"https:\/\/www.iescarlessalvador.es\/wp-content\/uploads\/2025\/02\/INFORMACIONPRUEBA_val-.pdf\">[Descarrega el document pdf amb aquesta informaci\u00f3]<\/a> <a href=\"https:\/\/www.iescarlessalvador.es\/wp-content\/uploads\/2023\/02\/CONVOCATORIA.pdf\">[<\/a><a href=\"https:\/\/ceice.gva.es\/es\/web\/formacion-profesional\/pruebas-de-acceso-a-ciclos-formativos\">Convocat\u00f2ria 2025<\/a><a href=\"https:\/\/www.iescarlessalvador.es\/wp-content\/uploads\/2023\/02\/CONVOCATORIA.pdf\">]<\/a><\/p>\n\n\n\n<p><strong>INSCRIPCI\u00d3: del 20 al 28 de mar\u00e7 de 2025.<\/strong><br>NOTA IMPORTANT: Les sol\u00b7licituds d\u2019inscripci\u00f3 se presentaran en la Secretaria del nostre centre en l\u2019<strong>horari<\/strong>&nbsp;d\u2019atenci\u00f3 al p\u00fablic de&nbsp;<strong>dilluns a divendres de 09:00 a 13:30&nbsp;<\/strong>i els<strong>&nbsp;dimarts i dijous vesprada de 16:00 a 18:15<\/strong>, en el termini establert. En el cas de no poder presentar la sol\u00b7licitud presencialment, poden enviar-la al correu electr\u00f2nic del centre<a href=\"mailto:46020406.secretaria@edu.gva.es\">&nbsp;46020406.secretaria@edu.gva.es<\/a>&nbsp;En l\u2019assumpte han de escriure: PAC \u2013 COGNOMS, NOM<\/p>\n\n\n\n<p><\/p>\n\n\n\n<p><strong>DOCUMENTS A EMPLENAR I ENVIAR PER A LA INSCRIPCI\u00d3:<\/strong><\/p>\n\n\n\n<p> &#8211; Copia del DNI o Targeta d\u2019 Extranger.<br> &#8211; <a href=\"https:\/\/siac-front.gva.es\/siac-front\/public\/descarga\/es\/F2763\">SOL\u00b7LICITUD D\u2019 INSCRIPCI\u00d3 grau mitj\u00e0.<\/a><a href=\"https:\/\/www.iescarlessalvador.es\/wp-content\/uploads\/2023\/02\/SolicitudCGM.pdf\"> <\/a><br> &#8211; <a href=\"https:\/\/siac-front.gva.es\/siac-front\/public\/descarga\/va\/F3183\">SOL\u00b7LICITUD D\u2019 INSCRIPCI\u00d3 grau superior.<\/a><br> &#8211; TAXES Model 046 gva abonades i\/o justificant de pagament. <a href=\"https:\/\/ceice.gva.es\/doc046\/gen\/es\/tasas.asp?idf=PRUEBAS\">(ENLLA\u00c7)<\/a><br>  &#8211; <a href=\"https:\/\/siac-front.gva.es\/siac-front\/public\/descarga\/es\/F50071\">Sol\u00b7licitud d\u2019 exempci\u00f3 en la prova de grau mitj\u00e0.<\/a><br> &#8211; <a href=\"https:\/\/siac-front.gva.es\/siac-front\/public\/descarga\/va\/F50091\">Sol\u00b7licitud d\u2019 exempci\u00f3 en la prova de grau superior.<\/a><br><br>Els models de sol\u00b7licitud, i declaraci\u00f3 responsable, estaran disponibles en format paper en l\u2019administraci\u00f3 del centre i penjats al nostre web (als enlla\u00e7os de dalt) <\/p>\n\n\n\n<p><strong>PUBLICACI\u00d3 LLISTATS<\/strong><br>Llistat provisional de persones admeses: el 29 d\u2019abril.<br><strong>Llistat definitiu<\/strong>&nbsp;de persones admeses i excloses:&nbsp;<strong>5 maig<\/strong>.<\/p>\n\n\n\n<p><strong>DATES DE REALITZACI\u00d3:<\/strong><br><strong>19 i 20 de MAIG. (Horari adjunt)<\/strong><\/p>\n\n\n\n<p><strong>PUBLICACI\u00d3 LLISTATS:<\/strong><br>Llistat provisional qualificacions: 2 de juny.<br>Lliurament de documentaci\u00f3 justificativa d\u2019exempci\u00f3: Del 20 de mar\u00e7 al 30 de juny.<br>Llistat definitiu qualificacions: el 6 de juny.<br>Lliurament de qualificacions de la prova: Del 9 al 27 de juny.<\/p>\n\n\n\n<p><\/p>\n\n\n\n<p><strong>CALENDARI COMPLET I HORARI DE LES PROVES<\/strong> <\/p>\n\n\n\n<figure class=\"wp-block-image size-full is-resized\"><img fetchpriority=\"high\" decoding=\"async\" width=\"620\" height=\"724\" src=\"https:\/\/www.iescarlessalvador.es\/wp-content\/uploads\/2025\/02\/image.png\" alt=\"\" class=\"wp-image-5346\" style=\"width:1006px;height:auto\" srcset=\"https:\/\/www.iescarlessalvador.es\/wp-content\/uploads\/2025\/02\/image.png 620w, https:\/\/www.iescarlessalvador.es\/wp-content\/uploads\/2025\/02\/image-257x300.png 257w\" sizes=\"(max-width: 620px) 100vw, 620px\" \/><\/figure>\n\n\n\n<figure class=\"wp-block-image size-full is-resized\"><img decoding=\"async\" width=\"529\" height=\"424\" src=\"https:\/\/www.iescarlessalvador.es\/wp-content\/uploads\/2025\/02\/image-1.png\" alt=\"\" class=\"wp-image-5347\" style=\"width:998px;height:auto\" srcset=\"https:\/\/www.iescarlessalvador.es\/wp-content\/uploads\/2025\/02\/image-1.png 529w, https:\/\/www.iescarlessalvador.es\/wp-content\/uploads\/2025\/02\/image-1-300x240.png 300w\" sizes=\"(max-width: 529px) 100vw, 529px\" \/><\/figure>\n\n\n\n<figure class=\"wp-block-image size-full is-resized\"><img decoding=\"async\" width=\"535\" height=\"429\" src=\"https:\/\/www.iescarlessalvador.es\/wp-content\/uploads\/2025\/02\/image-2.png\" alt=\"\" class=\"wp-image-5348\" style=\"width:990px;height:auto\" srcset=\"https:\/\/www.iescarlessalvador.es\/wp-content\/uploads\/2025\/02\/image-2.png 535w, https:\/\/www.iescarlessalvador.es\/wp-content\/uploads\/2025\/02\/image-2-300x241.png 300w\" sizes=\"(max-width: 535px) 100vw, 535px\" \/><\/figure>\n","protected":false},"excerpt":{"rendered":"<p>S\u2019 han convocat les Proves d\u2019Acc\u00e9s a Cicles Formatius de Grau Mitj\u00e0 i de Grau Superior, per al 2025.\u00a0[Descarrega el document pdf amb aquesta informaci\u00f3] [Convocat\u00f2ria 2025] INSCRIPCI\u00d3: del 20 al 28 de mar\u00e7 de 2025.NOTA IMPORTANT: Les sol\u00b7licituds d\u2019inscripci\u00f3 se presentaran en la Secretaria del nostre centre en l\u2019horari&nbsp;d\u2019atenci\u00f3 al p\u00fablic de&nbsp;dilluns a divendres&hellip;&nbsp;<a href=\"https:\/\/www.iescarlessalvador.es\/?page_id=3682\" class=\"\" rel=\"bookmark\">Leer m\u00e1s &raquo;<span class=\"screen-reader-text\">Proves d&#8217;acc\u00e9s a cicles formatius 2025<\/span><\/a><\/p>\n","protected":false},"author":1,"featured_media":0,"parent":0,"menu_order":0,"comment_status":"closed","ping_status":"closed","template":"","meta":{"rop_custom_images_group":[],"rop_custom_messages_group":[],"rop_publish_now":"initial","rop_publish_now_accounts":[],"rop_publish_now_history":[],"rop_publish_now_status":"pending","neve_meta_sidebar":"full-width","neve_meta_container":"","neve_meta_enable_content_width":"on","neve_meta_content_width":100,"neve_meta_title_alignment":"","neve_meta_author_avatar":"","neve_post_elements_order":"","neve_meta_disable_header":"","neve_meta_disable_footer":"","neve_meta_disable_title":"","footnotes":""},"class_list":["post-3682","page","type-page","status-publish","hentry"],"_links":{"self":[{"href":"https:\/\/www.iescarlessalvador.es\/index.php?rest_route=\/wp\/v2\/pages\/3682","targetHints":{"allow":["GET"]}}],"collection":[{"href":"https:\/\/www.iescarlessalvador.es\/index.php?rest_route=\/wp\/v2\/pages"}],"about":[{"href":"https:\/\/www.iescarlessalvador.es\/index.php?rest_route=\/wp\/v2\/types\/page"}],"author":[{"embeddable":true,"href":"https:\/\/www.iescarlessalvador.es\/index.php?rest_route=\/wp\/v2\/users\/1"}],"replies":[{"embeddable":true,"href":"https:\/\/www.iescarlessalvador.es\/index.php?rest_route=%2Fwp%2Fv2%2Fcomments&post=3682"}],"version-history":[{"count":7,"href":"https:\/\/www.iescarlessalvador.es\/index.php?rest_route=\/wp\/v2\/pages\/3682\/revisions"}],"predecessor-version":[{"id":5357,"href":"https:\/\/www.iescarlessalvador.es\/index.php?rest_route=\/wp\/v2\/pages\/3682\/revisions\/5357"}],"wp:attachment":[{"href":"https:\/\/www.iescarlessalvador.es\/index.php?rest_route=%2Fwp%2Fv2%2Fmedia&parent=3682"}],"curies":[{"name":"wp","href":"https:\/\/api.w.org\/{rel}","templated":true}]}}

Proves d&#8217;accés a cicles formatius 2025

<p>S’ han convocat les Proves d’Accés a Cicles Formatius de Grau Mitjà i de Grau Superior, per al 2025. <a href="https://www.iescarlessalvador.es/wp-content/uploads/2025/02/INFORMACIONPRUEBA_val-.pdf">[Descarrega el document pdf amb aquesta informació]</a> <a href="https://www.iescarlessalvador.es/wp-content/uploads/2023/02/CONVOCATORIA.pdf">[</a><a href="https://ceice.gva.es/es/web/formacion-profesional/pruebas-de-acceso-a-ciclos-formativos">Convocatòria 2025</a><a href="https://www.iescarlessalvador.es/wp-content/uploads/2023/02/CONVOCATORIA.pdf">]</a></p>



<p><strong>INSCRIPCIÓ: del 20 al 28 de març de 2025.</strong><br>NOTA IMPORTANT: Les sol·licituds d’inscripció se presentaran en la Secretaria del nostre centre en l’<strong>horari</strong>&nbsp;d’atenció al públic de&nbsp;<strong>dilluns a divendres de 09:00 a 13:30&nbsp;</strong>i els<strong>&nbsp;dimarts i dijous vesprada de 16:00 a 18:15</strong>, en el termini establert. En el cas de no poder presentar la sol·licitud presencialment, poden enviar-la al correu electrònic del centre<a href="mailto:46020406.secretaria@edu.gva.es">&nbsp;46020406.secretaria@edu.gva.es</a>&nbsp;En l’assumpte han de escriure: PAC – COGNOMS, NOM</p>



<p></p>



<p><strong>DOCUMENTS A EMPLENAR I ENVIAR PER A LA INSCRIPCIÓ:</strong></p>



<p> &#8211; Copia del DNI o Targeta d’ Extranger.<br> &#8211; <a href="https://siac-front.gva.es/siac-front/public/descarga/es/F2763">SOL·LICITUD D’ INSCRIPCIÓ grau mitjà.</a><a href="https://www.iescarlessalvador.es/wp-content/uploads/2023/02/SolicitudCGM.pdf"> </a><br> &#8211; <a href="https://siac-front.gva.es/siac-front/public/descarga/va/F3183">SOL·LICITUD D’ INSCRIPCIÓ grau superior.</a><br> &#8211; TAXES Model 046 gva abonades i/o justificant de pagament. <a href="https://ceice.gva.es/doc046/gen/es/tasas.asp?idf=PRUEBAS">(ENLLAÇ)</a><br>  &#8211; <a href="https://siac-front.gva.es/siac-front/public/descarga/es/F50071">Sol·licitud d’ exempció en la prova de grau mitjà.</a><br> &#8211; <a href="https://siac-front.gva.es/siac-front/public/descarga/va/F50091">Sol·licitud d’ exempció en la prova de grau superior.</a><br><br>Els models de sol·licitud, i declaració responsable, estaran disponibles en format paper en l’administració del centre i penjats al nostre web (als enllaços de dalt) </p>



<p><strong>PUBLICACIÓ LLISTATS</strong><br>Llistat provisional de persones admeses: el 29 d’abril.<br><strong>Llistat definitiu</strong>&nbsp;de persones admeses i excloses:&nbsp;<strong>5 maig</strong>.</p>



<p><strong>DATES DE REALITZACIÓ:</strong><br><strong>19 i 20 de MAIG. (Horari adjunt)</strong></p>



<p><strong>PUBLICACIÓ LLISTATS:</strong><br>Llistat provisional qualificacions: 2 de juny.<br>Lliurament de documentació justificativa d’exempció: Del 20 de març al 30 de juny.<br>Llistat definitiu qualificacions: el 6 de juny.<br>Lliurament de qualificacions de la prova: Del 9 al 27 de juny.</p>



<p></p>



<p><strong>CALENDARI COMPLET I HORARI DE LES PROVES</strong> </p>



<figure class="wp-block-image size-full is-resized"><img fetchpriority="high" decoding="async" width="620" height="724" src="https://www.iescarlessalvador.es/wp-content/uploads/2025/02/image.png" alt="" class="wp-image-5346" style="width:1006px;height:auto" srcset="https://www.iescarlessalvador.es/wp-content/uploads/2025/02/image.png 620w, https://www.iescarlessalvador.es/wp-content/uploads/2025/02/image-257x300.png 257w" sizes="(max-width: 620px) 100vw, 620px" /></figure>



<figure class="wp-block-image size-full is-resized"><img decoding="async" width="529" height="424" src="https://www.iescarlessalvador.es/wp-content/uploads/2025/02/image-1.png" alt="" class="wp-image-5347" style="width:998px;height:auto" srcset="https://www.iescarlessalvador.es/wp-content/uploads/2025/02/image-1.png 529w, https://www.iescarlessalvador.es/wp-content/uploads/2025/02/image-1-300x240.png 300w" sizes="(max-width: 529px) 100vw, 529px" /></figure>



<figure class="wp-block-image size-full is-resized"><img decoding="async" width="535" height="429" src="https://www.iescarlessalvador.es/wp-content/uploads/2025/02/image-2.png" alt="" class="wp-image-5348" style="width:990px;height:auto" srcset="https://www.iescarlessalvador.es/wp-content/uploads/2025/02/image-2.png 535w, https://www.iescarlessalvador.es/wp-content/uploads/2025/02/image-2-300x241.png 300w" sizes="(max-width: 535px) 100vw, 535px" /></figure>

<p>S’ han convocat les Proves d’Accés a Cicles Formatius de Grau Mitjà i de Grau Superior, per al 2025. [Descarrega el document pdf amb aquesta informació] [Convocatòria 2025] INSCRIPCIÓ: del 20 al 28 de març de 2025.NOTA IMPORTANT: Les sol·licituds d’inscripció se presentaran en la Secretaria del nostre centre en l’horari&nbsp;d’atenció al públic de&nbsp;dilluns a divendres&hellip;&nbsp;<a href="https://www.iescarlessalvador.es/?page_id=3682" class="" rel="bookmark">Leer más &raquo;<span class="screen-reader-text">Proves d&#8217;accés a cicles formatius 2025</span></a></p>
