{"id":3687,"date":"2025-02-11T14:47:40","date_gmt":"2025-02-11T14:47:40","guid":{"rendered":"http:\/\/www.iescarlessalvador.es\/?page_id=3687"},"modified":"2025-02-12T14:08:32","modified_gmt":"2025-02-12T14:08:32","slug":"pruebas-de-acceso-a-ciclos-formativos-2023","status":"publish","type":"page","link":"https:\/\/www.iescarlessalvador.es\/?page_id=3687&lang=es","title":{"rendered":"Pruebas de acceso a Ciclos formativos 2025"},"content":{"rendered":"\n<p>Se han convocado las Pruebas de Acceso a Ciclos Formativos de Grado Medio y de Grado Superior, para el a\u00f1o 2025.\u00a0<a href=\"https:\/\/www.iescarlessalvador.es\/wp-content\/uploads\/2025\/02\/INFORMACIONPRUEBA.pdf\">[Descarga el documento con esta informaci\u00f3n]<\/a> <a href=\"https:\/\/ceice.gva.es\/es\/web\/formacion-profesional\/pruebas-de-acceso-a-ciclos-formativos\">[Convocatoria 2025]<\/a><\/p>\n\n\n\n<p><strong>INSCRIPCI\u00d3N: del 20 al 28 de marzo de 2025.<\/strong><br>NOTA IMPORTANTE: Las solicitudes de inscripci\u00f3n se presentar\u00e1n en la Secretar\u00eda del nuestro centro en el&nbsp;<strong>horario<\/strong>&nbsp;de atenci\u00f3n al p\u00fablico de&nbsp;<strong>lunes a viernes de 09:00 a 13:30<\/strong>&nbsp;y&nbsp;<strong>los martes y jueves tarde de 16:00 a 18:15<\/strong>, en el plazo establecido. En el caso de no poder presentar la solicitud presencialmente, pueden enviarla al correo electr\u00f3nico del centro&nbsp;<a href=\"mailto:46020406.secretaria@edu.gva.es\">46020406.secretaria@edu.gva.es<\/a>. En el asunto aparecer\u00e1: PAC \u2013 APELLIDOS, NOMBRE<\/p>\n\n\n\n<p><\/p>\n\n\n\n<p>DOCUMENTOS A RELLENAR Y ENVIAR PARA LA INSCRIPCI\u00d3N:<\/p>\n\n\n\n<p>Copia del DNI o Tarjeta de Extrangero.<br><a href=\"https:\/\/siac-front.gva.es\/siac-front\/public\/descarga\/es\/F2763\">SOLICITUD De INSCRIPCI\u00d3N grado medio.<\/a> <br><a href=\"https:\/\/siac-front.gva.es\/siac-front\/public\/descarga\/va\/F3183\">SOLICITUD De INSCRIPCI\u00d3N grado superior.<\/a><br>TASAS Modelo 046 gva abonadas y\/o justificante de pago. <a href=\"https:\/\/ceice.gva.es\/doc046\/gen\/es\/tasas.asp?idf=PRUEBAS\">(ENLACE)<\/a><br><a href=\"https:\/\/siac-front.gva.es\/siac-front\/public\/descarga\/es\/F50071\">Solicitud de exenci\u00f3n en la prueba de grado medio.<\/a><br><a href=\"https:\/\/siac-front.gva.es\/siac-front\/public\/descarga\/va\/F50091\">Solicitud de exenci\u00f3n en la prueba de grado superior.<\/a><br><br>Los modelos de solicitud, y declaraci\u00f3n responsable, estar\u00e1n disponibles en formado papel en la administraci\u00f3n del centro y colgados en nuestro web. (en los enlaces de arriba)<\/p>\n\n\n\n<p><strong>PUBLICACI\u00d3N LISTADOS<\/strong><br>Listado provisional de personas admitidas: Del 29 de abril.<br><strong>Listado definitivo<\/strong>&nbsp;de personas admitidas y excluidas:&nbsp;<strong>5 mayo<\/strong>.<\/p>\n\n\n\n<p><strong>FECHAS DE REALIZACI\u00d3N:<\/strong><br><strong>19 y 20 de MAYO. (horario adjunto)<\/strong><\/p>\n\n\n\n<p><strong>PUBLICACI\u00d3N LISTADOS:<\/strong><br>Listado provisional calificaciones: 2 de junio.<br>Entrega de documentaci\u00f3n justificativa de exenci\u00f3n: Del 20 de marzo al 30 de junio.<br>Listado definitivo calificaciones: el 6 de junio.<br>Entrega de calificaciones de la prueba: Del 9 al 27 de junio.<\/p>\n\n\n\n<p><strong>CALENDARIO COMPLETO Y  HORARIO DE LAS PRUEBAS<\/strong><\/p>\n\n\n\n<p><strong>CALENDARI COMPLET I HORARI DE LES PROVES<\/strong> <\/p>\n\n\n\n<figure class=\"wp-block-image size-full is-resized\"><img fetchpriority=\"high\" decoding=\"async\" width=\"620\" height=\"724\" src=\"https:\/\/www.iescarlessalvador.es\/wp-content\/uploads\/2025\/02\/image.png\" alt=\"\" class=\"wp-image-5346\" style=\"width:1006px;height:auto\" srcset=\"https:\/\/www.iescarlessalvador.es\/wp-content\/uploads\/2025\/02\/image.png 620w, https:\/\/www.iescarlessalvador.es\/wp-content\/uploads\/2025\/02\/image-257x300.png 257w\" sizes=\"(max-width: 620px) 100vw, 620px\" \/><\/figure>\n\n\n\n<figure class=\"wp-block-image size-full is-resized\"><img decoding=\"async\" width=\"529\" height=\"424\" src=\"https:\/\/www.iescarlessalvador.es\/wp-content\/uploads\/2025\/02\/image-1.png\" alt=\"\" class=\"wp-image-5347\" style=\"width:998px;height:auto\" srcset=\"https:\/\/www.iescarlessalvador.es\/wp-content\/uploads\/2025\/02\/image-1.png 529w, https:\/\/www.iescarlessalvador.es\/wp-content\/uploads\/2025\/02\/image-1-300x240.png 300w\" sizes=\"(max-width: 529px) 100vw, 529px\" \/><\/figure>\n\n\n\n<figure class=\"wp-block-image size-full is-resized\"><img decoding=\"async\" width=\"535\" height=\"429\" src=\"https:\/\/www.iescarlessalvador.es\/wp-content\/uploads\/2025\/02\/image-2.png\" alt=\"\" class=\"wp-image-5348\" style=\"width:990px;height:auto\" srcset=\"https:\/\/www.iescarlessalvador.es\/wp-content\/uploads\/2025\/02\/image-2.png 535w, https:\/\/www.iescarlessalvador.es\/wp-content\/uploads\/2025\/02\/image-2-300x241.png 300w\" sizes=\"(max-width: 535px) 100vw, 535px\" \/><\/figure>\n\n\n\n<p><\/p>\n","protected":false},"excerpt":{"rendered":"<p>Se han convocado las Pruebas de Acceso a Ciclos Formativos de Grado Medio y de Grado Superior, para el a\u00f1o 2025.\u00a0[Descarga el documento con esta informaci\u00f3n] [Convocatoria 2025] INSCRIPCI\u00d3N: del 20 al 28 de marzo de 2025.NOTA IMPORTANTE: Las solicitudes de inscripci\u00f3n se presentar\u00e1n en la Secretar\u00eda del nuestro centro en el&nbsp;horario&nbsp;de atenci\u00f3n al p\u00fablico&hellip;&nbsp;<a href=\"https:\/\/www.iescarlessalvador.es\/?page_id=3687&#038;lang=es\" class=\"\" rel=\"bookmark\">Leer m\u00e1s &raquo;<span class=\"screen-reader-text\">Pruebas de acceso a Ciclos formativos 2025<\/span><\/a><\/p>\n","protected":false},"author":1,"featured_media":0,"parent":0,"menu_order":0,"comment_status":"closed","ping_status":"closed","template":"","meta":{"rop_custom_images_group":[],"rop_custom_messages_group":[],"rop_publish_now":"initial","rop_publish_now_accounts":[],"rop_publish_now_history":[],"rop_publish_now_status":"pending","neve_meta_sidebar":"full-width","neve_meta_container":"","neve_meta_enable_content_width":"on","neve_meta_content_width":100,"neve_meta_title_alignment":"","neve_meta_author_avatar":"","neve_post_elements_order":"","neve_meta_disable_header":"","neve_meta_disable_footer":"","neve_meta_disable_title":"","footnotes":""},"class_list":["post-3687","page","type-page","status-publish","hentry"],"_links":{"self":[{"href":"https:\/\/www.iescarlessalvador.es\/index.php?rest_route=\/wp\/v2\/pages\/3687","targetHints":{"allow":["GET"]}}],"collection":[{"href":"https:\/\/www.iescarlessalvador.es\/index.php?rest_route=\/wp\/v2\/pages"}],"about":[{"href":"https:\/\/www.iescarlessalvador.es\/index.php?rest_route=\/wp\/v2\/types\/page"}],"author":[{"embeddable":true,"href":"https:\/\/www.iescarlessalvador.es\/index.php?rest_route=\/wp\/v2\/users\/1"}],"replies":[{"embeddable":true,"href":"https:\/\/www.iescarlessalvador.es\/index.php?rest_route=%2Fwp%2Fv2%2Fcomments&post=3687"}],"version-history":[{"count":8,"href":"https:\/\/www.iescarlessalvador.es\/index.php?rest_route=\/wp\/v2\/pages\/3687\/revisions"}],"predecessor-version":[{"id":5356,"href":"https:\/\/www.iescarlessalvador.es\/index.php?rest_route=\/wp\/v2\/pages\/3687\/revisions\/5356"}],"wp:attachment":[{"href":"https:\/\/www.iescarlessalvador.es\/index.php?rest_route=%2Fwp%2Fv2%2Fmedia&parent=3687"}],"curies":[{"name":"wp","href":"https:\/\/api.w.org\/{rel}","templated":true}]}}

<p>Se han convocado las Pruebas de Acceso a Ciclos Formativos de Grado Medio y de Grado Superior, para el año 2025. <a href="https://www.iescarlessalvador.es/wp-content/uploads/2025/02/INFORMACIONPRUEBA.pdf">[Descarga el documento con esta información]</a> <a href="https://ceice.gva.es/es/web/formacion-profesional/pruebas-de-acceso-a-ciclos-formativos">[Convocatoria 2025]</a></p>



<p><strong>INSCRIPCIÓN: del 20 al 28 de marzo de 2025.</strong><br>NOTA IMPORTANTE: Las solicitudes de inscripción se presentarán en la Secretaría del nuestro centro en el&nbsp;<strong>horario</strong>&nbsp;de atención al público de&nbsp;<strong>lunes a viernes de 09:00 a 13:30</strong>&nbsp;y&nbsp;<strong>los martes y jueves tarde de 16:00 a 18:15</strong>, en el plazo establecido. En el caso de no poder presentar la solicitud presencialmente, pueden enviarla al correo electrónico del centro&nbsp;<a href="mailto:46020406.secretaria@edu.gva.es">46020406.secretaria@edu.gva.es</a>. En el asunto aparecerá: PAC – APELLIDOS, NOMBRE</p>



<p></p>



<p>DOCUMENTOS A RELLENAR Y ENVIAR PARA LA INSCRIPCIÓN:</p>



<p>Copia del DNI o Tarjeta de Extrangero.<br><a href="https://siac-front.gva.es/siac-front/public/descarga/es/F2763">SOLICITUD De INSCRIPCIÓN grado medio.</a> <br><a href="https://siac-front.gva.es/siac-front/public/descarga/va/F3183">SOLICITUD De INSCRIPCIÓN grado superior.</a><br>TASAS Modelo 046 gva abonadas y/o justificante de pago. <a href="https://ceice.gva.es/doc046/gen/es/tasas.asp?idf=PRUEBAS">(ENLACE)</a><br><a href="https://siac-front.gva.es/siac-front/public/descarga/es/F50071">Solicitud de exención en la prueba de grado medio.</a><br><a href="https://siac-front.gva.es/siac-front/public/descarga/va/F50091">Solicitud de exención en la prueba de grado superior.</a><br><br>Los modelos de solicitud, y declaración responsable, estarán disponibles en formado papel en la administración del centro y colgados en nuestro web. (en los enlaces de arriba)</p>



<p><strong>PUBLICACIÓN LISTADOS</strong><br>Listado provisional de personas admitidas: Del 29 de abril.<br><strong>Listado definitivo</strong>&nbsp;de personas admitidas y excluidas:&nbsp;<strong>5 mayo</strong>.</p>



<p><strong>FECHAS DE REALIZACIÓN:</strong><br><strong>19 y 20 de MAYO. (horario adjunto)</strong></p>



<p><strong>PUBLICACIÓN LISTADOS:</strong><br>Listado provisional calificaciones: 2 de junio.<br>Entrega de documentación justificativa de exención: Del 20 de marzo al 30 de junio.<br>Listado definitivo calificaciones: el 6 de junio.<br>Entrega de calificaciones de la prueba: Del 9 al 27 de junio.</p>



<p><strong>CALENDARIO COMPLETO Y  HORARIO DE LAS PRUEBAS</strong></p>



<p><strong>CALENDARI COMPLET I HORARI DE LES PROVES</strong> </p>



<figure class="wp-block-image size-full is-resized"><img fetchpriority="high" decoding="async" width="620" height="724" src="https://www.iescarlessalvador.es/wp-content/uploads/2025/02/image.png" alt="" class="wp-image-5346" style="width:1006px;height:auto" srcset="https://www.iescarlessalvador.es/wp-content/uploads/2025/02/image.png 620w, https://www.iescarlessalvador.es/wp-content/uploads/2025/02/image-257x300.png 257w" sizes="(max-width: 620px) 100vw, 620px" /></figure>



<figure class="wp-block-image size-full is-resized"><img decoding="async" width="529" height="424" src="https://www.iescarlessalvador.es/wp-content/uploads/2025/02/image-1.png" alt="" class="wp-image-5347" style="width:998px;height:auto" srcset="https://www.iescarlessalvador.es/wp-content/uploads/2025/02/image-1.png 529w, https://www.iescarlessalvador.es/wp-content/uploads/2025/02/image-1-300x240.png 300w" sizes="(max-width: 529px) 100vw, 529px" /></figure>



<figure class="wp-block-image size-full is-resized"><img decoding="async" width="535" height="429" src="https://www.iescarlessalvador.es/wp-content/uploads/2025/02/image-2.png" alt="" class="wp-image-5348" style="width:990px;height:auto" srcset="https://www.iescarlessalvador.es/wp-content/uploads/2025/02/image-2.png 535w, https://www.iescarlessalvador.es/wp-content/uploads/2025/02/image-2-300x241.png 300w" sizes="(max-width: 535px) 100vw, 535px" /></figure>



<p></p>

<p>Se han convocado las Pruebas de Acceso a Ciclos Formativos de Grado Medio y de Grado Superior, para el año 2025. [Descarga el documento con esta información] [Convocatoria 2025] INSCRIPCIÓN: del 20 al 28 de marzo de 2025.NOTA IMPORTANTE: Las solicitudes de inscripción se presentarán en la Secretaría del nuestro centro en el&nbsp;horario&nbsp;de atención al público&hellip;&nbsp;<a href="https://www.iescarlessalvador.es/?page_id=3687&#038;lang=es" class="" rel="bookmark">Leer más &raquo;<span class="screen-reader-text">Pruebas de acceso a Ciclos formativos 2025</span></a></p>
