{"id":384,"date":"2020-05-02T16:44:05","date_gmt":"2020-05-02T16:44:05","guid":{"rendered":"http:\/\/www.iescarlessalvador.es\/?page_id=384"},"modified":"2022-04-05T15:47:15","modified_gmt":"2022-04-05T15:47:15","slug":"admision","status":"publish","type":"page","link":"https:\/\/www.iescarlessalvador.es\/?page_id=384&lang=es","title":{"rendered":"Admisi\u00f3n 2022-23"},"content":{"rendered":"\n<p><strong>No es necesario hacer ADMISI\u00d3N si:<\/strong><\/p>\n\n\n\n<ul class=\"wp-block-list\"><li>Eres alumno\/a del centro y continuas enla misma etapa (ESO, Bachillerato, FPB).<\/li><li>Eres alumno\/a del \u00abCEIP Platero y yo\u00bb o del \u00abCEIP Mariano Benlliure\u00bb (centros de primaria adscritos).<\/li><\/ul>\n\n\n\n<p><strong>Tienes que hacer ADMISI\u00d3N si:<\/strong><\/p>\n\n\n\n<ul class=\"wp-block-list\"><li>Eres alumno\/a del centro y cambias de etapa. Pasas de ESO a 1\u00ba de Bachillerato o 1\u00ba de FPB.<\/li><li>Eres alumno\/a de un colegio diferente a los anteriores<\/li><li>No eres alumno\/a del centro y quieres venir el pr\u00f3ximo curso.<\/li><\/ul>\n\n\n\n<p class=\"has-text-align-center\"><a href=\"http:\/\/www.ceice.gva.es\/web\/admision-alumnado\">Enlace a la p\u00e1gina web de la Conseller\u00eda de Educaci\u00f3n<\/a><\/p>\n\n\n\n<p class=\"has-text-align-center\"><strong><a href=\"https:\/\/www.iescarlessalvador.es\/?p=556\">INSTRUCCIONES PRESENTACI\u00d3N DE SOLICITUD DE ADMISI\u00d3N ESO Y BACHILLERATO CURSO 2022-2023<\/a><\/strong><\/p>\n\n\n\n<p class=\"has-text-align-center\"><a href=\"https:\/\/portal.edu.gva.es\/telematricula\/\">https:\/\/portal.edu.gva.es\/telematricula\/<\/a><\/p>\n","protected":false},"excerpt":{"rendered":"<p>No es necesario hacer ADMISI\u00d3N si: Eres alumno\/a del centro y continuas enla misma etapa (ESO, Bachillerato, FPB). Eres alumno\/a del \u00abCEIP Platero y yo\u00bb o del \u00abCEIP Mariano Benlliure\u00bb (centros de primaria adscritos). Tienes que hacer ADMISI\u00d3N si: Eres alumno\/a del centro y cambias de etapa. Pasas de ESO a 1\u00ba de Bachillerato o&hellip;&nbsp;<a href=\"https:\/\/www.iescarlessalvador.es\/?page_id=384&#038;lang=es\" class=\"\" rel=\"bookmark\">Leer m\u00e1s &raquo;<span class=\"screen-reader-text\">Admisi\u00f3n 2022-23<\/span><\/a><\/p>\n","protected":false},"author":1,"featured_media":0,"parent":0,"menu_order":0,"comment_status":"closed","ping_status":"closed","template":"","meta":{"rop_custom_images_group":[],"rop_custom_messages_group":[],"rop_publish_now":"initial","rop_publish_now_accounts":[],"rop_publish_now_history":[],"rop_publish_now_status":"pending","neve_meta_sidebar":"full-width","neve_meta_container":"","neve_meta_enable_content_width":"on","neve_meta_content_width":100,"neve_meta_title_alignment":"","neve_meta_author_avatar":"","neve_post_elements_order":"","neve_meta_disable_header":"","neve_meta_disable_footer":"","neve_meta_disable_title":"","footnotes":""},"class_list":["post-384","page","type-page","status-publish","hentry"],"_links":{"self":[{"href":"https:\/\/www.iescarlessalvador.es\/index.php?rest_route=\/wp\/v2\/pages\/384","targetHints":{"allow":["GET"]}}],"collection":[{"href":"https:\/\/www.iescarlessalvador.es\/index.php?rest_route=\/wp\/v2\/pages"}],"about":[{"href":"https:\/\/www.iescarlessalvador.es\/index.php?rest_route=\/wp\/v2\/types\/page"}],"author":[{"embeddable":true,"href":"https:\/\/www.iescarlessalvador.es\/index.php?rest_route=\/wp\/v2\/users\/1"}],"replies":[{"embeddable":true,"href":"https:\/\/www.iescarlessalvador.es\/index.php?rest_route=%2Fwp%2Fv2%2Fcomments&post=384"}],"version-history":[{"count":21,"href":"https:\/\/www.iescarlessalvador.es\/index.php?rest_route=\/wp\/v2\/pages\/384\/revisions"}],"predecessor-version":[{"id":2702,"href":"https:\/\/www.iescarlessalvador.es\/index.php?rest_route=\/wp\/v2\/pages\/384\/revisions\/2702"}],"wp:attachment":[{"href":"https:\/\/www.iescarlessalvador.es\/index.php?rest_route=%2Fwp%2Fv2%2Fmedia&parent=384"}],"curies":[{"name":"wp","href":"https:\/\/api.w.org\/{rel}","templated":true}]}}

Admisión 2022-23

<p><strong>No es necesario hacer ADMISIÓN si:</strong></p>



<ul class="wp-block-list"><li>Eres alumno/a del centro y continuas enla misma etapa (ESO, Bachillerato, FPB).</li><li>Eres alumno/a del «CEIP Platero y yo» o del «CEIP Mariano Benlliure» (centros de primaria adscritos).</li></ul>



<p><strong>Tienes que hacer ADMISIÓN si:</strong></p>



<ul class="wp-block-list"><li>Eres alumno/a del centro y cambias de etapa. Pasas de ESO a 1º de Bachillerato o 1º de FPB.</li><li>Eres alumno/a de un colegio diferente a los anteriores</li><li>No eres alumno/a del centro y quieres venir el próximo curso.</li></ul>



<p class="has-text-align-center"><a href="http://www.ceice.gva.es/web/admision-alumnado">Enlace a la página web de la Consellería de Educación</a></p>



<p class="has-text-align-center"><strong><a href="https://www.iescarlessalvador.es/?p=556">INSTRUCCIONES PRESENTACIÓN DE SOLICITUD DE ADMISIÓN ESO Y BACHILLERATO CURSO 2022-2023</a></strong></p>



<p class="has-text-align-center"><a href="https://portal.edu.gva.es/telematricula/">https://portal.edu.gva.es/telematricula/</a></p>

<p>No es necesario hacer ADMISIÓN si: Eres alumno/a del centro y continuas enla misma etapa (ESO, Bachillerato, FPB). Eres alumno/a del «CEIP Platero y yo» o del «CEIP Mariano Benlliure» (centros de primaria adscritos). Tienes que hacer ADMISIÓN si: Eres alumno/a del centro y cambias de etapa. Pasas de ESO a 1º de Bachillerato o&hellip;&nbsp;<a href="https://www.iescarlessalvador.es/?page_id=384&#038;lang=es" class="" rel="bookmark">Leer más &raquo;<span class="screen-reader-text">Admisión 2022-23</span></a></p>
