{"id":407,"date":"2020-05-02T16:49:44","date_gmt":"2020-05-02T16:49:44","guid":{"rendered":"http:\/\/www.iescarlessalvador.es\/?page_id=407"},"modified":"2024-03-21T22:23:13","modified_gmt":"2024-03-21T22:23:13","slug":"proyectos-europeos","status":"publish","type":"page","link":"https:\/\/www.iescarlessalvador.es\/?page_id=407&lang=es","title":{"rendered":"Proyectos europeos"},"content":{"rendered":"\n<h2 class=\"wp-block-heading\">Proyectos Erasmus+ del I.E.S. Carles Salvador<\/h2>\n\n\n\n<p>Este programa, financiado por el Parlamento Europeo, se centra en el aprendizaje m\u00e1s all\u00e1 de las fronteras de la Uni\u00f3n Europea, con una vocaci\u00f3n de internacionalizaci\u00f3n y con el objetivo de mejorar las capacidades educativas y formativas de las personas.<\/p>\n\n\n\n<p>El<strong>&nbsp;Instituto de Educaci\u00f3n Secundaria Carles Salvador&nbsp;<\/strong>de&nbsp;<strong>Aldaia<\/strong>&nbsp;ha sido seleccionado para participar en el programa europeo<strong>&nbsp;ERASMUS +<\/strong>&nbsp;en las convocatorias 2014, 2015, 2017, 2019 y 2020. En el 2020 se ha obtenido la <strong>Acreditaci\u00f3n Erasmus<\/strong> en el \u00e1mbito de la Educaci\u00f3n Escolar para el per\u00edodo (<strong>01\/03\/2021 &#8211; 31\/12\/2027<\/strong>) mediante el proyecto n\u00ba <strong>2020-1-ES01-KA120-SCH-096190. <\/strong>Este reconocimiento permite la realizaci\u00f3n de proyectos durante todo este per\u00edodo mediante la presentaci\u00f3n de solicitudes KA121:<\/p>\n\n\n\n<ul class=\"wp-block-list\">\n<li>En 2021, el proyecto n\u00ba <strong>2021-1-ES01-KA121-SCH-000011445<\/strong><\/li>\n\n\n\n<li>En 2022, el proyecto n\u00ba <strong>2022-1-ES01-KA121-SCH-000062622<\/strong><\/li>\n\n\n\n<li>En 2023, el proyecto n\u00ba <strong>2023-1-ES01-KA121-SCH-000129980<\/strong><\/li>\n<\/ul>\n\n\n\n<p>En la convocatoria 2020 se ha seleccionado el proyecto \u00ab<strong>SUSTAINABLE ME, SUSTAINABLE WE<\/strong>\u00bb dentro de la Acci\u00f3n clave \u00abAsociaciones de Intercambio Escolar\u00bb (KA229) con n\u00ba de proyecto <strong>2020-1-ES01-KA229-082284_1<\/strong> que debido a la pandemia tuvo una duraci\u00f3n de 36 meses (01\/09\/2020 &#8211; 31\/08\/2023).<\/p>\n\n\n\n<p>En la convocatoria 2019 se ha seleccionado el proyecto \u00abINNOVACI\u00d3N E INCLUSI\u00d3N: NUEVAS INICIATIVAS PARA EL DESARROLLO SOCIAL Y PERSONAL EN EL MARCO EDUCATIVO EUROPEO\u00bb dentro de la Acci\u00f3n clave \u00abMovilidad de las personas por motivos de aprendizaje (KA1).<\/p>\n\n\n\n<figure class=\"wp-block-table\"><table><tbody><tr><td>Acci\u00f3n&nbsp; clave&nbsp; 1:&nbsp;Movilidad de las personas por motivos de aprendizaje<br>T\u00edtulo&nbsp;del&nbsp;proyecto:&nbsp;<a href=\"https:\/\/ka1-2019iescarlessalvador.blogspot.com\/\" target=\"_blank\" rel=\"noreferrer noopener\">INNOVACI\u00d3N E INCLUSI\u00d3N: NUEVAS INICIATIVAS PARA EL DESARROLLO SOCIAL Y PERSONAL EN EL MARCO EDUCATIVO EUROPEO N\u00ba&nbsp;de&nbsp;proyecto:&nbsp;<strong>2019-1-ES01-KA101-063182<\/strong><\/a><\/td><\/tr><\/tbody><\/table><\/figure>\n\n\n\n<p>En la convocatoria 2017 se ha seleccionado el proyecto \u00abINCLUSI\u00d3N. INNOVACI\u00d3N Y LUCHA CONTRA EL FRACASO Y EL ABANDONO ESCOLAR: NUEVOS RETOS EN CLAVE EUROPEA\u00bb dentro de la Acci\u00f3n clave \u00abMovilidad de las personas por motivos de aprendizaje (KA1).<\/p>\n\n\n\n<figure class=\"wp-block-table\"><table><tbody><tr><td>Acci\u00f3n&nbsp; clave&nbsp; 1:&nbsp;Movilidad de las personas por motivos de aprendizaje<br>T\u00edtulo&nbsp;del&nbsp;proyecto:&nbsp;<a href=\"http:\/\/2017-19ka1iescarlessalvador.blogspot.com\/\">INCLUSI\u00d3N. INNOVACI\u00d3N Y LUCHA CONTRA EL FRACASO Y EL ABANDONO ESCOLAR: NUEVOS RETOS EN CLAVE EUROPEA N\u00ba&nbsp;de&nbsp;proyecto:&nbsp;<strong>2017-1-ES01-KA101-037648<\/strong><\/a><\/td><\/tr><\/tbody><\/table><\/figure>\n\n\n\n<p>En la convocatoria 2015 se ha seleccionado el proyecto <a href=\"http:\/\/ka1iescarlessalvador.blogspot.com\/\">\u00abAPRENDEMOS DE EUROPA Y COMPARTIMOS EXPERIENCIAS\u00bb dentro de la Acci\u00f3n clave \u00abMovilidad de las personas por motivos de aprendizaje (KA1)<\/a>.<\/p>\n\n\n\n<figure class=\"wp-block-table\"><table><tbody><tr><td>Acci\u00f3n&nbsp; clave&nbsp; 1:&nbsp;Movilidad de las personas por motivos de aprendizaje<br>T\u00edtulo&nbsp;del&nbsp;proyecto:&nbsp;APRENDEMOS DE EUROPA Y COMPARTIMOS EXPERIENCIAS N\u00ba&nbsp;de&nbsp;proyecto:&nbsp;<strong>2015-1-ES01-KA101-015432<\/strong><\/td><\/tr><\/tbody><\/table><\/figure>\n\n\n\n<p>Dos han sido los proyectos seleccionados en la convocatoria 2014 por el OAPEE (Organismo Aut\u00f3nomo para Programas Educativos Europeos) dentro de las Acciones Clave \u00abMovilidad de las personas por motivos de aprendizaje (KA1)\u00bb y \u00abAsociaciones&nbsp; Estrat\u00e9gicas&nbsp; en&nbsp; el&nbsp; campo&nbsp; de&nbsp; la&nbsp; Educaci\u00f3n&nbsp; Escolar,&nbsp; entre&nbsp;centros&nbsp;escolares (KA2)\u00bb de entre las propuestas presentadas en toda Espa\u00f1a.<\/p>\n\n\n\n<figure class=\"wp-block-table\"><table><tbody><tr><td>Acci\u00f3n&nbsp; clave&nbsp; 1:&nbsp;Movilidad de las personas por motivos de aprendizaje<br>T\u00edtulo&nbsp;del&nbsp;proyecto:&nbsp;APRENDIENDO Y COMPARTIENDO EXPERIENCIAS: CONSTRUYENDO EUROPA <br>N\u00ba&nbsp;de&nbsp;proyecto:&nbsp;<strong>2014-1-ES01-KA101-002667<\/strong><\/td><\/tr><tr><td>Acci\u00f3n&nbsp; clave&nbsp; 2:&nbsp; Asociaciones&nbsp; Estrat\u00e9gicas&nbsp; en&nbsp; el&nbsp; campo&nbsp; de&nbsp; la&nbsp;&nbsp;<strong>Educaci\u00f3n&nbsp; Escolar,&nbsp; entre&nbsp;centros&nbsp;escolares&nbsp;<\/strong><br>T\u00edtulo&nbsp;del&nbsp;proyecto:&nbsp;<a href=\"https:\/\/cajaherramientaspaz.blogspot.com\/\" target=\"_blank\" rel=\"noreferrer noopener\">PA\u00cdSES, ESCUELAS Y PERSONAS; CONSTRUYENDO LA PAZ<br>N\u00ba&nbsp;de&nbsp;proyecto:&nbsp;<strong>2014-1-ES01-KA201-004933<\/strong><\/a><\/td><\/tr><\/tbody><\/table><\/figure>\n\n\n\n<h4 class=\"wp-block-heading\">Criterios de selecci\u00f3n del alumnado participante en los proyectos Erasmus:<\/h4>\n\n\n\n<p class=\"has-text-align-center\"><strong><u>CRITERIOS SELECCI\u00d3N ALUMNADO<\/u><\/strong><\/p>\n\n\n\n<p>Ser\u00e1 la comisi\u00f3n Erasmus quien resuelva la selecci\u00f3n del alumnado. Los criterios con sus respectivas puntuaciones son los siguientes:<\/p>\n\n\n\n<p><strong>Las alumnas y los alumnos interesados redactar\u00e1n una carta explicando la motivaci\u00f3n por participar en el proyecto (2 puntos)<\/strong><\/p>\n\n\n\n<p><strong>Implicaci\u00f3n en el proyecto (3 puntos)<\/strong><\/p>\n\n\n\n<ul class=\"wp-block-list\">\n<li>Ha acogido a estudiantes Erasmus. (2)<\/li>\n\n\n\n<li>Participa en las actividades del proyecto que no son de movilidad. (1)<\/li>\n<\/ul>\n\n\n\n<p><strong>Madurez y\/o idoneidad a la candidatura: (4 puntos). Entrevista personal en la que se tendr\u00e1n en cuenta los siguientes aspectos:<\/strong><\/p>\n\n\n\n<ul class=\"wp-block-list\">\n<li>Autonom\u00eda.<\/li>\n\n\n\n<li>Adaptabilidad.<\/li>\n\n\n\n<li>Responsabilidad.<\/li>\n\n\n\n<li>Capacidad resolutiva.<\/li>\n\n\n\n<li>Iniciativa propia.<\/li>\n\n\n\n<li>Trabajo en equipo.<\/li>\n\n\n\n<li>Respeto hacia los compa\u00f1eros y superiores.<\/li>\n\n\n\n<li>Situaci\u00f3n econ\u00f3mica.<\/li>\n<\/ul>\n\n\n\n<p><strong>Disciplina (1.5 puntos)<\/strong><\/p>\n\n\n\n<ul class=\"wp-block-list\">\n<li>No tiene partes disciplinarios (1).<\/li>\n\n\n\n<li>No tiene incidencias graves de comportamiento en \u00cdtaca (0.5)<\/li>\n<\/ul>\n\n\n\n<p><strong>Participaci\u00f3n en el centro (1 punto)<\/strong><\/p>\n\n\n\n<p><strong>No Participaci\u00f3n en otras movilidades (1.5)<\/strong><\/p>\n\n\n\n<p>Puedes descargar los criterios en archivo pdf <a href=\"https:\/\/www.iescarlessalvador.es\/wp-content\/uploads\/2024\/03\/CRITERIOS-SELECCION-ALUMNADO-actualizado.pdf\">AQU\u00cd<\/a>.<\/p>\n\n\n\n<p>M\u00e1s informaci\u00f3n sobre proyectos Erasmus+:<\/p>\n\n\n\n<p><\/p>\n\n\n\n<ul class=\"wp-block-list\">\n<li>P\u00e1gina del SEPIE:&nbsp;<a href=\"http:\/\/sepie.es\/\">http:\/\/sepie.es<\/a><\/li>\n\n\n\n<li>P\u00e1gina de la OAPEE:&nbsp;<a href=\"http:\/\/www.oapee.es\/oapee\/inicio\/ErasmusPlus.html\">http:\/\/www.oapee.es\/oapee\/inicio\/ErasmusPlus.html<\/a><\/li>\n\n\n\n<li>P\u00e1gina de la Comisi\u00f3n Europea:&nbsp;<a href=\"http:\/\/ec.europa.eu\/programmes\/erasmus-plus\/index_es.htm\">http:\/\/ec.europa.eu\/programmes\/erasmus-plus\/index_es.htm<\/a><\/li>\n\n\n\n<li><a href=\"https:\/\/www.iescarlessalvador.es\/files\/erasmus-esp.pdf\">Folleto informativo Erasmus+<\/a><\/li>\n\n\n\n<li><a href=\"https:\/\/www.iescarlessalvador.es\/files\/erasmus-plus-programme-guide_en.pdf\">Gu\u00eda del programa Erasmus+<\/a>&nbsp;(en ingl\u00e9s)<\/li>\n<\/ul>\n\n\n\n<p><\/p>\n\n\n\n<p><\/p>\n","protected":false},"excerpt":{"rendered":"<p>Proyectos Erasmus+ del I.E.S. Carles Salvador Este programa, financiado por el Parlamento Europeo, se centra en el aprendizaje m\u00e1s all\u00e1 de las fronteras de la Uni\u00f3n Europea, con una vocaci\u00f3n de internacionalizaci\u00f3n y con el objetivo de mejorar las capacidades educativas y formativas de las personas. El&nbsp;Instituto de Educaci\u00f3n Secundaria Carles Salvador&nbsp;de&nbsp;Aldaia&nbsp;ha sido seleccionado para&hellip;&nbsp;<a href=\"https:\/\/www.iescarlessalvador.es\/?page_id=407&#038;lang=es\" class=\"\" rel=\"bookmark\">Leer m\u00e1s &raquo;<span class=\"screen-reader-text\">Proyectos europeos<\/span><\/a><\/p>\n","protected":false},"author":1,"featured_media":0,"parent":0,"menu_order":0,"comment_status":"closed","ping_status":"closed","template":"","meta":{"rop_custom_images_group":[],"rop_custom_messages_group":[],"rop_publish_now":"initial","rop_publish_now_accounts":[],"rop_publish_now_history":[],"rop_publish_now_status":"pending","neve_meta_sidebar":"right","neve_meta_container":"contained","neve_meta_enable_content_width":"off","neve_meta_content_width":100,"neve_meta_title_alignment":"","neve_meta_author_avatar":"","neve_post_elements_order":"","neve_meta_disable_header":"","neve_meta_disable_footer":"","neve_meta_disable_title":"","footnotes":""},"class_list":["post-407","page","type-page","status-publish","hentry"],"_links":{"self":[{"href":"https:\/\/www.iescarlessalvador.es\/index.php?rest_route=\/wp\/v2\/pages\/407","targetHints":{"allow":["GET"]}}],"collection":[{"href":"https:\/\/www.iescarlessalvador.es\/index.php?rest_route=\/wp\/v2\/pages"}],"about":[{"href":"https:\/\/www.iescarlessalvador.es\/index.php?rest_route=\/wp\/v2\/types\/page"}],"author":[{"embeddable":true,"href":"https:\/\/www.iescarlessalvador.es\/index.php?rest_route=\/wp\/v2\/users\/1"}],"replies":[{"embeddable":true,"href":"https:\/\/www.iescarlessalvador.es\/index.php?rest_route=%2Fwp%2Fv2%2Fcomments&post=407"}],"version-history":[{"count":13,"href":"https:\/\/www.iescarlessalvador.es\/index.php?rest_route=\/wp\/v2\/pages\/407\/revisions"}],"predecessor-version":[{"id":4715,"href":"https:\/\/www.iescarlessalvador.es\/index.php?rest_route=\/wp\/v2\/pages\/407\/revisions\/4715"}],"wp:attachment":[{"href":"https:\/\/www.iescarlessalvador.es\/index.php?rest_route=%2Fwp%2Fv2%2Fmedia&parent=407"}],"curies":[{"name":"wp","href":"https:\/\/api.w.org\/{rel}","templated":true}]}}

<h2 class="wp-block-heading">Proyectos Erasmus+ del I.E.S. Carles Salvador</h2>



<p>Este programa, financiado por el Parlamento Europeo, se centra en el aprendizaje más allá de las fronteras de la Unión Europea, con una vocación de internacionalización y con el objetivo de mejorar las capacidades educativas y formativas de las personas.</p>



<p>El<strong>&nbsp;Instituto de Educación Secundaria Carles Salvador&nbsp;</strong>de&nbsp;<strong>Aldaia</strong>&nbsp;ha sido seleccionado para participar en el programa europeo<strong>&nbsp;ERASMUS +</strong>&nbsp;en las convocatorias 2014, 2015, 2017, 2019 y 2020. En el 2020 se ha obtenido la <strong>Acreditación Erasmus</strong> en el ámbito de la Educación Escolar para el período (<strong>01/03/2021 &#8211; 31/12/2027</strong>) mediante el proyecto nº <strong>2020-1-ES01-KA120-SCH-096190. </strong>Este reconocimiento permite la realización de proyectos durante todo este período mediante la presentación de solicitudes KA121:</p>



<ul class="wp-block-list">
<li>En 2021, el proyecto nº <strong>2021-1-ES01-KA121-SCH-000011445</strong></li>



<li>En 2022, el proyecto nº <strong>2022-1-ES01-KA121-SCH-000062622</strong></li>



<li>En 2023, el proyecto nº <strong>2023-1-ES01-KA121-SCH-000129980</strong></li>
</ul>



<p>En la convocatoria 2020 se ha seleccionado el proyecto «<strong>SUSTAINABLE ME, SUSTAINABLE WE</strong>» dentro de la Acción clave «Asociaciones de Intercambio Escolar» (KA229) con nº de proyecto <strong>2020-1-ES01-KA229-082284_1</strong> que debido a la pandemia tuvo una duración de 36 meses (01/09/2020 &#8211; 31/08/2023).</p>



<p>En la convocatoria 2019 se ha seleccionado el proyecto «INNOVACIÓN E INCLUSIÓN: NUEVAS INICIATIVAS PARA EL DESARROLLO SOCIAL Y PERSONAL EN EL MARCO EDUCATIVO EUROPEO» dentro de la Acción clave «Movilidad de las personas por motivos de aprendizaje (KA1).</p>



<figure class="wp-block-table"><table><tbody><tr><td>Acción&nbsp; clave&nbsp; 1:&nbsp;Movilidad de las personas por motivos de aprendizaje<br>Título&nbsp;del&nbsp;proyecto:&nbsp;<a href="https://ka1-2019iescarlessalvador.blogspot.com/" target="_blank" rel="noreferrer noopener">INNOVACIÓN E INCLUSIÓN: NUEVAS INICIATIVAS PARA EL DESARROLLO SOCIAL Y PERSONAL EN EL MARCO EDUCATIVO EUROPEO Nº&nbsp;de&nbsp;proyecto:&nbsp;<strong>2019-1-ES01-KA101-063182</strong></a></td></tr></tbody></table></figure>



<p>En la convocatoria 2017 se ha seleccionado el proyecto «INCLUSIÓN. INNOVACIÓN Y LUCHA CONTRA EL FRACASO Y EL ABANDONO ESCOLAR: NUEVOS RETOS EN CLAVE EUROPEA» dentro de la Acción clave «Movilidad de las personas por motivos de aprendizaje (KA1).</p>



<figure class="wp-block-table"><table><tbody><tr><td>Acción&nbsp; clave&nbsp; 1:&nbsp;Movilidad de las personas por motivos de aprendizaje<br>Título&nbsp;del&nbsp;proyecto:&nbsp;<a href="http://2017-19ka1iescarlessalvador.blogspot.com/">INCLUSIÓN. INNOVACIÓN Y LUCHA CONTRA EL FRACASO Y EL ABANDONO ESCOLAR: NUEVOS RETOS EN CLAVE EUROPEA Nº&nbsp;de&nbsp;proyecto:&nbsp;<strong>2017-1-ES01-KA101-037648</strong></a></td></tr></tbody></table></figure>



<p>En la convocatoria 2015 se ha seleccionado el proyecto <a href="http://ka1iescarlessalvador.blogspot.com/">«APRENDEMOS DE EUROPA Y COMPARTIMOS EXPERIENCIAS» dentro de la Acción clave «Movilidad de las personas por motivos de aprendizaje (KA1)</a>.</p>



<figure class="wp-block-table"><table><tbody><tr><td>Acción&nbsp; clave&nbsp; 1:&nbsp;Movilidad de las personas por motivos de aprendizaje<br>Título&nbsp;del&nbsp;proyecto:&nbsp;APRENDEMOS DE EUROPA Y COMPARTIMOS EXPERIENCIAS Nº&nbsp;de&nbsp;proyecto:&nbsp;<strong>2015-1-ES01-KA101-015432</strong></td></tr></tbody></table></figure>



<p>Dos han sido los proyectos seleccionados en la convocatoria 2014 por el OAPEE (Organismo Autónomo para Programas Educativos Europeos) dentro de las Acciones Clave «Movilidad de las personas por motivos de aprendizaje (KA1)» y «Asociaciones&nbsp; Estratégicas&nbsp; en&nbsp; el&nbsp; campo&nbsp; de&nbsp; la&nbsp; Educación&nbsp; Escolar,&nbsp; entre&nbsp;centros&nbsp;escolares (KA2)» de entre las propuestas presentadas en toda España.</p>



<figure class="wp-block-table"><table><tbody><tr><td>Acción&nbsp; clave&nbsp; 1:&nbsp;Movilidad de las personas por motivos de aprendizaje<br>Título&nbsp;del&nbsp;proyecto:&nbsp;APRENDIENDO Y COMPARTIENDO EXPERIENCIAS: CONSTRUYENDO EUROPA <br>Nº&nbsp;de&nbsp;proyecto:&nbsp;<strong>2014-1-ES01-KA101-002667</strong></td></tr><tr><td>Acción&nbsp; clave&nbsp; 2:&nbsp; Asociaciones&nbsp; Estratégicas&nbsp; en&nbsp; el&nbsp; campo&nbsp; de&nbsp; la&nbsp;&nbsp;<strong>Educación&nbsp; Escolar,&nbsp; entre&nbsp;centros&nbsp;escolares&nbsp;</strong><br>Título&nbsp;del&nbsp;proyecto:&nbsp;<a href="https://cajaherramientaspaz.blogspot.com/" target="_blank" rel="noreferrer noopener">PAÍSES, ESCUELAS Y PERSONAS; CONSTRUYENDO LA PAZ<br>Nº&nbsp;de&nbsp;proyecto:&nbsp;<strong>2014-1-ES01-KA201-004933</strong></a></td></tr></tbody></table></figure>



<h4 class="wp-block-heading">Criterios de selección del alumnado participante en los proyectos Erasmus:</h4>



<p class="has-text-align-center"><strong><u>CRITERIOS SELECCIÓN ALUMNADO</u></strong></p>



<p>Será la comisión Erasmus quien resuelva la selección del alumnado. Los criterios con sus respectivas puntuaciones son los siguientes:</p>



<p><strong>Las alumnas y los alumnos interesados redactarán una carta explicando la motivación por participar en el proyecto (2 puntos)</strong></p>



<p><strong>Implicación en el proyecto (3 puntos)</strong></p>



<ul class="wp-block-list">
<li>Ha acogido a estudiantes Erasmus. (2)</li>



<li>Participa en las actividades del proyecto que no son de movilidad. (1)</li>
</ul>



<p><strong>Madurez y/o idoneidad a la candidatura: (4 puntos). Entrevista personal en la que se tendrán en cuenta los siguientes aspectos:</strong></p>



<ul class="wp-block-list">
<li>Autonomía.</li>



<li>Adaptabilidad.</li>



<li>Responsabilidad.</li>



<li>Capacidad resolutiva.</li>



<li>Iniciativa propia.</li>



<li>Trabajo en equipo.</li>



<li>Respeto hacia los compañeros y superiores.</li>



<li>Situación económica.</li>
</ul>



<p><strong>Disciplina (1.5 puntos)</strong></p>



<ul class="wp-block-list">
<li>No tiene partes disciplinarios (1).</li>



<li>No tiene incidencias graves de comportamiento en Ítaca (0.5)</li>
</ul>



<p><strong>Participación en el centro (1 punto)</strong></p>



<p><strong>No Participación en otras movilidades (1.5)</strong></p>



<p>Puedes descargar los criterios en archivo pdf <a href="https://www.iescarlessalvador.es/wp-content/uploads/2024/03/CRITERIOS-SELECCION-ALUMNADO-actualizado.pdf">AQUÍ</a>.</p>



<p>Más información sobre proyectos Erasmus+:</p>



<p></p>



<ul class="wp-block-list">
<li>Página del SEPIE:&nbsp;<a href="http://sepie.es/">http://sepie.es</a></li>



<li>Página de la OAPEE:&nbsp;<a href="http://www.oapee.es/oapee/inicio/ErasmusPlus.html">http://www.oapee.es/oapee/inicio/ErasmusPlus.html</a></li>



<li>Página de la Comisión Europea:&nbsp;<a href="http://ec.europa.eu/programmes/erasmus-plus/index_es.htm">http://ec.europa.eu/programmes/erasmus-plus/index_es.htm</a></li>



<li><a href="https://www.iescarlessalvador.es/files/erasmus-esp.pdf">Folleto informativo Erasmus+</a></li>



<li><a href="https://www.iescarlessalvador.es/files/erasmus-plus-programme-guide_en.pdf">Guía del programa Erasmus+</a>&nbsp;(en inglés)</li>
</ul>



<p></p>



<p></p>

<p>Proyectos Erasmus+ del I.E.S. Carles Salvador Este programa, financiado por el Parlamento Europeo, se centra en el aprendizaje más allá de las fronteras de la Unión Europea, con una vocación de internacionalización y con el objetivo de mejorar las capacidades educativas y formativas de las personas. El&nbsp;Instituto de Educación Secundaria Carles Salvador&nbsp;de&nbsp;Aldaia&nbsp;ha sido seleccionado para&hellip;&nbsp;<a href="https://www.iescarlessalvador.es/?page_id=407&#038;lang=es" class="" rel="bookmark">Leer más &raquo;<span class="screen-reader-text">Proyectos europeos</span></a></p>
