{"id":415,"date":"2020-05-02T16:51:02","date_gmt":"2020-05-02T16:51:02","guid":{"rendered":"http:\/\/www.iescarlessalvador.es\/?page_id=415"},"modified":"2022-04-17T06:51:05","modified_gmt":"2022-04-17T06:51:05","slug":"proyectos-innovacion","status":"publish","type":"page","link":"https:\/\/www.iescarlessalvador.es\/?page_id=415&lang=es","title":{"rendered":"Proyectos Innovaci\u00f3n"},"content":{"rendered":"\n<p>El IES Carles Salvador ha participado en la convocatoria de Proyectos de Investigaci\u00f3n e Innovaci\u00f3n educativa en centros docentes sostenidos con fondos p\u00fablicos de la Comunidad Valenciana. <\/p>\n\n\n\n<p>Se han realizado los siguientes proyectos:<\/p>\n\n\n\n<h5 class=\"wp-block-heading\">           <strong>CURSOS 2019-2021<\/strong><\/h5>\n\n\n\n<p><strong>T\u00cdTULO DEL PROYECTO: \u00abCarles Salvador R\u00e0dio, treballem la inclusi\u00f3 i el multiling\u00fcisme\u00bb<\/strong><\/p>\n\n\n\n<p>Coordinadores del Proyecto: Salvador Astruells Moreno (2019-20) y Jos\u00e9 Vicente Garrigues Mateu (2020-21)<\/p>\n\n\n\n<p>MODALIDAD: Participaci\u00f3n Individual<\/p>\n\n\n\n<p>Enlace al proyecto: <a href=\"https:\/\/radioiescarlesalva.wixsite.com\/misitio\">https:\/\/radioiescarlesalva.wixsite.com\/misitio<\/a><\/p>\n\n\n\n<p><\/p>\n\n\n\n<h5 class=\"wp-block-heading\">           <strong>CURSOS 2021-<\/strong><\/h5>\n\n\n\n<p><strong>T\u00cdTULO DEL PROYECTO: \u00abImpressi\u00f3 3D: una tecnologia creativa, inclusiva i motivadora.\u00bb<\/strong><\/p>\n\n\n\n<p>Coordinador del Proyecto: Jos\u00e9 Vicente Garrigues Mateu (2021-22)<\/p>\n\n\n\n<p>MODALIDAD: Participaci\u00f3n Individual<\/p>\n\n\n\n<p>Enlace al proyecto: <\/p>\n","protected":false},"excerpt":{"rendered":"<p>El IES Carles Salvador ha participado en la convocatoria de Proyectos de Investigaci\u00f3n e Innovaci\u00f3n educativa en centros docentes sostenidos con fondos p\u00fablicos de la Comunidad Valenciana. Se han realizado los siguientes proyectos: CURSOS 2019-2021 T\u00cdTULO DEL PROYECTO: \u00abCarles Salvador R\u00e0dio, treballem la inclusi\u00f3 i el multiling\u00fcisme\u00bb Coordinadores del Proyecto: Salvador Astruells Moreno (2019-20) y&hellip;&nbsp;<a href=\"https:\/\/www.iescarlessalvador.es\/?page_id=415&#038;lang=es\" class=\"\" rel=\"bookmark\">Leer m\u00e1s &raquo;<span class=\"screen-reader-text\">Proyectos Innovaci\u00f3n<\/span><\/a><\/p>\n","protected":false},"author":1,"featured_media":0,"parent":0,"menu_order":0,"comment_status":"closed","ping_status":"closed","template":"","meta":{"rop_custom_images_group":[],"rop_custom_messages_group":[],"rop_publish_now":"initial","rop_publish_now_accounts":[],"rop_publish_now_history":[],"rop_publish_now_status":"pending","neve_meta_sidebar":"full-width","neve_meta_container":"","neve_meta_enable_content_width":"on","neve_meta_content_width":100,"neve_meta_title_alignment":"","neve_meta_author_avatar":"","neve_post_elements_order":"","neve_meta_disable_header":"","neve_meta_disable_footer":"","neve_meta_disable_title":"","footnotes":""},"class_list":["post-415","page","type-page","status-publish","hentry"],"_links":{"self":[{"href":"https:\/\/www.iescarlessalvador.es\/index.php?rest_route=\/wp\/v2\/pages\/415","targetHints":{"allow":["GET"]}}],"collection":[{"href":"https:\/\/www.iescarlessalvador.es\/index.php?rest_route=\/wp\/v2\/pages"}],"about":[{"href":"https:\/\/www.iescarlessalvador.es\/index.php?rest_route=\/wp\/v2\/types\/page"}],"author":[{"embeddable":true,"href":"https:\/\/www.iescarlessalvador.es\/index.php?rest_route=\/wp\/v2\/users\/1"}],"replies":[{"embeddable":true,"href":"https:\/\/www.iescarlessalvador.es\/index.php?rest_route=%2Fwp%2Fv2%2Fcomments&post=415"}],"version-history":[{"count":2,"href":"https:\/\/www.iescarlessalvador.es\/index.php?rest_route=\/wp\/v2\/pages\/415\/revisions"}],"predecessor-version":[{"id":2741,"href":"https:\/\/www.iescarlessalvador.es\/index.php?rest_route=\/wp\/v2\/pages\/415\/revisions\/2741"}],"wp:attachment":[{"href":"https:\/\/www.iescarlessalvador.es\/index.php?rest_route=%2Fwp%2Fv2%2Fmedia&parent=415"}],"curies":[{"name":"wp","href":"https:\/\/api.w.org\/{rel}","templated":true}]}}

Proyectos Innovación

<p>El IES Carles Salvador ha participado en la convocatoria de Proyectos de Investigación e Innovación educativa en centros docentes sostenidos con fondos públicos de la Comunidad Valenciana. </p>



<p>Se han realizado los siguientes proyectos:</p>



<h5 class="wp-block-heading">           <strong>CURSOS 2019-2021</strong></h5>



<p><strong>TÍTULO DEL PROYECTO: «Carles Salvador Ràdio, treballem la inclusió i el multilingüisme»</strong></p>



<p>Coordinadores del Proyecto: Salvador Astruells Moreno (2019-20) y José Vicente Garrigues Mateu (2020-21)</p>



<p>MODALIDAD: Participación Individual</p>



<p>Enlace al proyecto: <a href="https://radioiescarlesalva.wixsite.com/misitio">https://radioiescarlesalva.wixsite.com/misitio</a></p>



<p></p>



<h5 class="wp-block-heading">           <strong>CURSOS 2021-</strong></h5>



<p><strong>TÍTULO DEL PROYECTO: «Impressió 3D: una tecnologia creativa, inclusiva i motivadora.»</strong></p>



<p>Coordinador del Proyecto: José Vicente Garrigues Mateu (2021-22)</p>



<p>MODALIDAD: Participación Individual</p>



<p>Enlace al proyecto: </p>

<p>El IES Carles Salvador ha participado en la convocatoria de Proyectos de Investigación e Innovación educativa en centros docentes sostenidos con fondos públicos de la Comunidad Valenciana. Se han realizado los siguientes proyectos: CURSOS 2019-2021 TÍTULO DEL PROYECTO: «Carles Salvador Ràdio, treballem la inclusió i el multilingüisme» Coordinadores del Proyecto: Salvador Astruells Moreno (2019-20) y&hellip;&nbsp;<a href="https://www.iescarlessalvador.es/?page_id=415&#038;lang=es" class="" rel="bookmark">Leer más &raquo;<span class="screen-reader-text">Proyectos Innovación</span></a></p>
