{"id":425,"date":"2020-05-02T16:52:28","date_gmt":"2020-05-02T16:52:28","guid":{"rendered":"http:\/\/www.iescarlessalvador.es\/?page_id=425"},"modified":"2020-06-17T14:08:23","modified_gmt":"2020-06-17T14:08:23","slug":"actividades","status":"publish","type":"page","link":"https:\/\/www.iescarlessalvador.es\/?page_id=425&lang=es","title":{"rendered":"Actividades"},"content":{"rendered":"\n<h3 class=\"wp-block-heading\">Actividades complementarias y extraescolares<\/h3>\n\n\n\n<p>Las actividades extraescolares representan para el alumnado un complemento imprescindible en su proceso de aprendizaje y desarrollo personal.<\/p>\n\n\n\n<p>Podr\u00e1n ser organizadas por el Centro, por los Departamentos Did\u00e1cticos, por el profesorado, a t\u00edtulo personal, y por el alumnado. En este \u00faltimo caso deber\u00e1 contar con el refuerzo de un profesor o profesora del Centro que actuar\u00e1 como un supervisor de la mencionada actividad.<\/p>\n\n\n\n<p>Las actividades extraescolares tambi\u00e9n podr\u00e1n ser organizadas por otros sectores sociales, siempre que cuenten con el benepl\u00e1cito del Consejo Escolar. La coordinaci\u00f3n general de estas actividades corresponde a la Comisi\u00f3n de Actividades Extraescolares, presidida por el Vicedirector del Centro.<\/p>\n\n\n\n<p>En la galer\u00eda de fotos existe un buen n\u00famero de fotos correspondientes a diversas actividades extraescolares realizadas durante los \u00faltimos cursos.<\/p>\n","protected":false},"excerpt":{"rendered":"<p>Actividades complementarias y extraescolares Las actividades extraescolares representan para el alumnado un complemento imprescindible en su proceso de aprendizaje y desarrollo personal. Podr\u00e1n ser organizadas por el Centro, por los Departamentos Did\u00e1cticos, por el profesorado, a t\u00edtulo personal, y por el alumnado. En este \u00faltimo caso deber\u00e1 contar con el refuerzo de un profesor o&hellip;&nbsp;<a href=\"https:\/\/www.iescarlessalvador.es\/?page_id=425&#038;lang=es\" class=\"\" rel=\"bookmark\">Leer m\u00e1s &raquo;<span class=\"screen-reader-text\">Actividades<\/span><\/a><\/p>\n","protected":false},"author":1,"featured_media":0,"parent":0,"menu_order":0,"comment_status":"closed","ping_status":"closed","template":"","meta":{"rop_custom_images_group":[],"rop_custom_messages_group":[],"rop_publish_now":"initial","rop_publish_now_accounts":[],"rop_publish_now_history":[],"rop_publish_now_status":"pending","neve_meta_sidebar":"full-width","neve_meta_container":"contained","neve_meta_enable_content_width":"on","neve_meta_content_width":100,"neve_meta_title_alignment":"","neve_meta_author_avatar":"","neve_post_elements_order":"","neve_meta_disable_header":"","neve_meta_disable_footer":"","neve_meta_disable_title":"","footnotes":""},"class_list":["post-425","page","type-page","status-publish","hentry"],"_links":{"self":[{"href":"https:\/\/www.iescarlessalvador.es\/index.php?rest_route=\/wp\/v2\/pages\/425","targetHints":{"allow":["GET"]}}],"collection":[{"href":"https:\/\/www.iescarlessalvador.es\/index.php?rest_route=\/wp\/v2\/pages"}],"about":[{"href":"https:\/\/www.iescarlessalvador.es\/index.php?rest_route=\/wp\/v2\/types\/page"}],"author":[{"embeddable":true,"href":"https:\/\/www.iescarlessalvador.es\/index.php?rest_route=\/wp\/v2\/users\/1"}],"replies":[{"embeddable":true,"href":"https:\/\/www.iescarlessalvador.es\/index.php?rest_route=%2Fwp%2Fv2%2Fcomments&post=425"}],"version-history":[{"count":2,"href":"https:\/\/www.iescarlessalvador.es\/index.php?rest_route=\/wp\/v2\/pages\/425\/revisions"}],"predecessor-version":[{"id":574,"href":"https:\/\/www.iescarlessalvador.es\/index.php?rest_route=\/wp\/v2\/pages\/425\/revisions\/574"}],"wp:attachment":[{"href":"https:\/\/www.iescarlessalvador.es\/index.php?rest_route=%2Fwp%2Fv2%2Fmedia&parent=425"}],"curies":[{"name":"wp","href":"https:\/\/api.w.org\/{rel}","templated":true}]}}

<h3 class="wp-block-heading">Actividades complementarias y extraescolares</h3>



<p>Las actividades extraescolares representan para el alumnado un complemento imprescindible en su proceso de aprendizaje y desarrollo personal.</p>



<p>Podrán ser organizadas por el Centro, por los Departamentos Didácticos, por el profesorado, a título personal, y por el alumnado. En este último caso deberá contar con el refuerzo de un profesor o profesora del Centro que actuará como un supervisor de la mencionada actividad.</p>



<p>Las actividades extraescolares también podrán ser organizadas por otros sectores sociales, siempre que cuenten con el beneplácito del Consejo Escolar. La coordinación general de estas actividades corresponde a la Comisión de Actividades Extraescolares, presidida por el Vicedirector del Centro.</p>



<p>En la galería de fotos existe un buen número de fotos correspondientes a diversas actividades extraescolares realizadas durante los últimos cursos.</p>

<p>Actividades complementarias y extraescolares Las actividades extraescolares representan para el alumnado un complemento imprescindible en su proceso de aprendizaje y desarrollo personal. Podrán ser organizadas por el Centro, por los Departamentos Didácticos, por el profesorado, a título personal, y por el alumnado. En este último caso deberá contar con el refuerzo de un profesor o&hellip;&nbsp;<a href="https://www.iescarlessalvador.es/?page_id=425&#038;lang=es" class="" rel="bookmark">Leer más &raquo;<span class="screen-reader-text">Actividades</span></a></p>
