{"id":5168,"date":"2024-09-25T20:32:08","date_gmt":"2024-09-25T20:32:08","guid":{"rendered":"https:\/\/www.iescarlessalvador.es\/?page_id=5168"},"modified":"2024-09-25T20:38:19","modified_gmt":"2024-09-25T20:38:19","slug":"projecte-centres-educatius-promotors-de-salut","status":"publish","type":"page","link":"https:\/\/www.iescarlessalvador.es\/?page_id=5168","title":{"rendered":"Projecte centres educatius promotors de salut"},"content":{"rendered":"\n<p>L&#8217; IES Carles Salvador participa en aquest programa adre\u00e7at a centres educatius que reforcen el seu comprom\u00eds per a constituir-se com entorn saludable per a viure, aprendre i treballar (OMS)<\/p>\n\n\n\n<p>Un centre educatiu promotor de la salut \u00e9s el que no basa la seua activitat exclusivament en la transmissi\u00f3 de coneixements, actituds i habilitats al seu alumnat, sin\u00f3 que aborda la salut amb un enfocament integral. Aix\u00f2 \u00e9s, treballa per a oferir ambients afavoridors de la salut i el benestar, es constitueix com un entorn f\u00edsic i social saludable, incorpora habilitats i compet\u00e8ncies individuals de salut i es vincula amb els serveis de salut pr\u00f2xims i amb la seua comunitat.<\/p>\n\n\n\n<p>El centre educatiu promotor de salut interv\u00e9 per a millorar la salut del personal del centre, les fam\u00edlies i els membres de la comunitat, a m\u00e9s dels estudiants, i treballa amb els l\u00edders de la comunitat per a ajudar-los a comprendre com pot l\u2019escola contribuir a la salut i a l\u2019educaci\u00f3, per la qual cosa \u00e9s un projecte que ha de ser acceptat i assumit pel consell escolar del centre educatiu. Per a aix\u00f2, \u00e9s imprescindible la implicaci\u00f3 de professionals de la salut, professorat, estudiants, fam\u00edlies i l\u00edders de la comunitat en la tasca de promoure la salut.<\/p>\n\n\n\n<div data-wp-interactive=\"core\/file\" class=\"wp-block-file\"><object data-wp-bind--hidden=\"!state.hasPdfPreview\" hidden class=\"wp-block-file__embed\" data=\"https:\/\/www.iescarlessalvador.es\/wp-content\/uploads\/2024\/09\/0.Presentacion-Programa-Promotores.pdf\" type=\"application\/pdf\" style=\"width:100%;height:600px\" aria-label=\"Incrustado de 0.Presentaci\u00f3n Programa Promotores.\"><\/object><a id=\"wp-block-file--media-3aa4ab40-a241-44d9-abae-7d535a2109d7\" href=\"https:\/\/www.iescarlessalvador.es\/wp-content\/uploads\/2024\/09\/0.Presentacion-Programa-Promotores.pdf\">0.Presentaci\u00f3n Programa Promotores<\/a><a href=\"https:\/\/www.iescarlessalvador.es\/wp-content\/uploads\/2024\/09\/0.Presentacion-Programa-Promotores.pdf\" class=\"wp-block-file__button wp-element-button\" download aria-describedby=\"wp-block-file--media-3aa4ab40-a241-44d9-abae-7d535a2109d7\">Descarga<\/a><\/div>\n","protected":false},"excerpt":{"rendered":"<p>L&#8217; IES Carles Salvador participa en aquest programa adre\u00e7at a centres educatius que reforcen el seu comprom\u00eds per a constituir-se com entorn saludable per a viure, aprendre i treballar (OMS) Un centre educatiu promotor de la salut \u00e9s el que no basa la seua activitat exclusivament en la transmissi\u00f3 de coneixements, actituds i habilitats al&hellip;&nbsp;<a href=\"https:\/\/www.iescarlessalvador.es\/?page_id=5168\" class=\"\" rel=\"bookmark\">Leer m\u00e1s &raquo;<span class=\"screen-reader-text\">Projecte centres educatius promotors de salut<\/span><\/a><\/p>\n","protected":false},"author":1,"featured_media":5174,"parent":0,"menu_order":0,"comment_status":"closed","ping_status":"closed","template":"","meta":{"rop_custom_images_group":[],"rop_custom_messages_group":[],"rop_publish_now":"initial","rop_publish_now_accounts":[],"rop_publish_now_history":[],"rop_publish_now_status":"pending","neve_meta_sidebar":"","neve_meta_container":"","neve_meta_enable_content_width":"","neve_meta_content_width":0,"neve_meta_title_alignment":"","neve_meta_author_avatar":"","neve_post_elements_order":"","neve_meta_disable_header":"","neve_meta_disable_footer":"","neve_meta_disable_title":"","footnotes":""},"class_list":["post-5168","page","type-page","status-publish","has-post-thumbnail","hentry"],"_links":{"self":[{"href":"https:\/\/www.iescarlessalvador.es\/index.php?rest_route=\/wp\/v2\/pages\/5168","targetHints":{"allow":["GET"]}}],"collection":[{"href":"https:\/\/www.iescarlessalvador.es\/index.php?rest_route=\/wp\/v2\/pages"}],"about":[{"href":"https:\/\/www.iescarlessalvador.es\/index.php?rest_route=\/wp\/v2\/types\/page"}],"author":[{"embeddable":true,"href":"https:\/\/www.iescarlessalvador.es\/index.php?rest_route=\/wp\/v2\/users\/1"}],"replies":[{"embeddable":true,"href":"https:\/\/www.iescarlessalvador.es\/index.php?rest_route=%2Fwp%2Fv2%2Fcomments&post=5168"}],"version-history":[{"count":1,"href":"https:\/\/www.iescarlessalvador.es\/index.php?rest_route=\/wp\/v2\/pages\/5168\/revisions"}],"predecessor-version":[{"id":5178,"href":"https:\/\/www.iescarlessalvador.es\/index.php?rest_route=\/wp\/v2\/pages\/5168\/revisions\/5178"}],"wp:featuredmedia":[{"embeddable":true,"href":"https:\/\/www.iescarlessalvador.es\/index.php?rest_route=\/wp\/v2\/media\/5174"}],"wp:attachment":[{"href":"https:\/\/www.iescarlessalvador.es\/index.php?rest_route=%2Fwp%2Fv2%2Fmedia&parent=5168"}],"curies":[{"name":"wp","href":"https:\/\/api.w.org\/{rel}","templated":true}]}}

<p>L&#8217; IES Carles Salvador participa en aquest programa adreçat a centres educatius que reforcen el seu compromís per a constituir-se com entorn saludable per a viure, aprendre i treballar (OMS)</p>



<p>Un centre educatiu promotor de la salut és el que no basa la seua activitat exclusivament en la transmissió de coneixements, actituds i habilitats al seu alumnat, sinó que aborda la salut amb un enfocament integral. Això és, treballa per a oferir ambients afavoridors de la salut i el benestar, es constitueix com un entorn físic i social saludable, incorpora habilitats i competències individuals de salut i es vincula amb els serveis de salut pròxims i amb la seua comunitat.</p>



<p>El centre educatiu promotor de salut intervé per a millorar la salut del personal del centre, les famílies i els membres de la comunitat, a més dels estudiants, i treballa amb els líders de la comunitat per a ajudar-los a comprendre com pot l’escola contribuir a la salut i a l’educació, per la qual cosa és un projecte que ha de ser acceptat i assumit pel consell escolar del centre educatiu. Per a això, és imprescindible la implicació de professionals de la salut, professorat, estudiants, famílies i líders de la comunitat en la tasca de promoure la salut.</p>



<div data-wp-interactive="core/file" class="wp-block-file"><object data-wp-bind--hidden="!state.hasPdfPreview" hidden class="wp-block-file__embed" data="https://www.iescarlessalvador.es/wp-content/uploads/2024/09/0.Presentacion-Programa-Promotores.pdf" type="application/pdf" style="width:100%;height:600px" aria-label="Incrustado de 0.Presentación Programa Promotores."></object><a id="wp-block-file--media-3aa4ab40-a241-44d9-abae-7d535a2109d7" href="https://www.iescarlessalvador.es/wp-content/uploads/2024/09/0.Presentacion-Programa-Promotores.pdf">0.Presentación Programa Promotores</a><a href="https://www.iescarlessalvador.es/wp-content/uploads/2024/09/0.Presentacion-Programa-Promotores.pdf" class="wp-block-file__button wp-element-button" download aria-describedby="wp-block-file--media-3aa4ab40-a241-44d9-abae-7d535a2109d7">Descarga</a></div>

<p>L&#8217; IES Carles Salvador participa en aquest programa adreçat a centres educatius que reforcen el seu compromís per a constituir-se com entorn saludable per a viure, aprendre i treballar (OMS) Un centre educatiu promotor de la salut és el que no basa la seua activitat exclusivament en la transmissió de coneixements, actituds i habilitats al&hellip;&nbsp;<a href="https://www.iescarlessalvador.es/?page_id=5168" class="" rel="bookmark">Leer más &raquo;<span class="screen-reader-text">Projecte centres educatius promotors de salut</span></a></p>
