{"id":5199,"date":"2024-09-30T16:16:58","date_gmt":"2024-09-30T16:16:58","guid":{"rendered":"https:\/\/www.iescarlessalvador.es\/?page_id=5199"},"modified":"2024-09-30T16:16:59","modified_gmt":"2024-09-30T16:16:59","slug":"convivencia-e-igualdad","status":"publish","type":"page","link":"https:\/\/www.iescarlessalvador.es\/?page_id=5199&lang=es","title":{"rendered":"Convivencia e Igualdad"},"content":{"rendered":"\n<p>Como ya sab\u00e9is, el IES Carles Salvador tiene un grupo de profesoras y profesores encargado de la convivencia y la igualdad. Nuestro objetivo es que nuestro centro sea un lugar SEGURO, donde la CONVIVENCIA y la IGUALDAD est\u00e9n presentes cada d\u00eda.<\/p>\n\n\n\n<p>Estamos ya trabajando con mucha fuerza para crear actividades y para que todo funcione!! Si quieres ser un OBSERVADOR DE LA CONVIVENCIA, ap\u00fantate. Habla con el equipo y te informaremos.<\/p>\n\n\n\n<p>Aqu\u00ed os dejamos algunas de las actividades de formaci\u00f3n que hicimos el pasado  15 de junio: el alumnado y el profesorado se lo pas\u00f3 genial haciendo din\u00e1micas de grupo.<\/p>\n\n\n\n<p>\u00a1AN\u00cdMATE!<\/p>\n\n\n\n<p>El IES Carles Salvador est\u00e1 por la convivencia y la igualdad. \u00bfY tu?<\/p>\n\n\n\n<figure class=\"wp-block-image size-large is-resized\"><img fetchpriority=\"high\" decoding=\"async\" width=\"768\" height=\"1024\" src=\"https:\/\/www.iescarlessalvador.es\/wp-content\/uploads\/2024\/09\/FBAA18F0-30BB-4DAE-816B-8F4782198E96-768x1024.jpg\" alt=\"\" class=\"wp-image-5196\" style=\"aspect-ratio:0.75;width:659px;height:auto\" srcset=\"https:\/\/www.iescarlessalvador.es\/wp-content\/uploads\/2024\/09\/FBAA18F0-30BB-4DAE-816B-8F4782198E96-768x1024.jpg 768w, https:\/\/www.iescarlessalvador.es\/wp-content\/uploads\/2024\/09\/FBAA18F0-30BB-4DAE-816B-8F4782198E96-225x300.jpg 225w, https:\/\/www.iescarlessalvador.es\/wp-content\/uploads\/2024\/09\/FBAA18F0-30BB-4DAE-816B-8F4782198E96-1152x1536.jpg 1152w, https:\/\/www.iescarlessalvador.es\/wp-content\/uploads\/2024\/09\/FBAA18F0-30BB-4DAE-816B-8F4782198E96-1536x2048.jpg 1536w, https:\/\/www.iescarlessalvador.es\/wp-content\/uploads\/2024\/09\/FBAA18F0-30BB-4DAE-816B-8F4782198E96-scaled.jpg 1920w\" sizes=\"(max-width: 768px) 100vw, 768px\" \/><\/figure>\n\n\n\n<figure class=\"wp-block-image size-large is-resized\"><img decoding=\"async\" width=\"768\" height=\"1024\" src=\"https:\/\/www.iescarlessalvador.es\/wp-content\/uploads\/2024\/09\/D0BCD5B0-E397-4EA2-B5D2-3811A0541690-768x1024.jpg\" alt=\"\" class=\"wp-image-5197\" style=\"aspect-ratio:0.75;width:655px;height:auto\" srcset=\"https:\/\/www.iescarlessalvador.es\/wp-content\/uploads\/2024\/09\/D0BCD5B0-E397-4EA2-B5D2-3811A0541690-768x1024.jpg 768w, https:\/\/www.iescarlessalvador.es\/wp-content\/uploads\/2024\/09\/D0BCD5B0-E397-4EA2-B5D2-3811A0541690-225x300.jpg 225w, https:\/\/www.iescarlessalvador.es\/wp-content\/uploads\/2024\/09\/D0BCD5B0-E397-4EA2-B5D2-3811A0541690-1152x1536.jpg 1152w, https:\/\/www.iescarlessalvador.es\/wp-content\/uploads\/2024\/09\/D0BCD5B0-E397-4EA2-B5D2-3811A0541690-1536x2048.jpg 1536w, https:\/\/www.iescarlessalvador.es\/wp-content\/uploads\/2024\/09\/D0BCD5B0-E397-4EA2-B5D2-3811A0541690-scaled.jpg 1920w\" sizes=\"(max-width: 768px) 100vw, 768px\" \/><\/figure>\n\n\n\n<figure class=\"wp-block-image size-large is-resized\"><img decoding=\"async\" width=\"1024\" height=\"768\" src=\"https:\/\/www.iescarlessalvador.es\/wp-content\/uploads\/2024\/09\/60CDC838-FB16-4122-8690-D2284059CB29-1024x768.jpg\" alt=\"\" class=\"wp-image-5195\" style=\"aspect-ratio:1.3333333333333333;width:715px;height:auto\" srcset=\"https:\/\/www.iescarlessalvador.es\/wp-content\/uploads\/2024\/09\/60CDC838-FB16-4122-8690-D2284059CB29-1024x768.jpg 1024w, https:\/\/www.iescarlessalvador.es\/wp-content\/uploads\/2024\/09\/60CDC838-FB16-4122-8690-D2284059CB29-300x225.jpg 300w, https:\/\/www.iescarlessalvador.es\/wp-content\/uploads\/2024\/09\/60CDC838-FB16-4122-8690-D2284059CB29-768x576.jpg 768w, https:\/\/www.iescarlessalvador.es\/wp-content\/uploads\/2024\/09\/60CDC838-FB16-4122-8690-D2284059CB29-1536x1152.jpg 1536w, https:\/\/www.iescarlessalvador.es\/wp-content\/uploads\/2024\/09\/60CDC838-FB16-4122-8690-D2284059CB29-2048x1536.jpg 2048w\" sizes=\"(max-width: 1024px) 100vw, 1024px\" \/><\/figure>\n","protected":false},"excerpt":{"rendered":"<p>Como ya sab\u00e9is, el IES Carles Salvador tiene un grupo de profesoras y profesores encargado de la convivencia y la igualdad. Nuestro objetivo es que nuestro centro sea un lugar SEGURO, donde la CONVIVENCIA y la IGUALDAD est\u00e9n presentes cada d\u00eda. Estamos ya trabajando con mucha fuerza para crear actividades y para que todo funcione!!&hellip;&nbsp;<a href=\"https:\/\/www.iescarlessalvador.es\/?page_id=5199&#038;lang=es\" class=\"\" rel=\"bookmark\">Leer m\u00e1s &raquo;<span class=\"screen-reader-text\">Convivencia e Igualdad<\/span><\/a><\/p>\n","protected":false},"author":1,"featured_media":5195,"parent":0,"menu_order":0,"comment_status":"closed","ping_status":"closed","template":"","meta":{"rop_custom_images_group":[],"rop_custom_messages_group":[],"rop_publish_now":"initial","rop_publish_now_accounts":[],"rop_publish_now_history":[],"rop_publish_now_status":"pending","neve_meta_sidebar":"","neve_meta_container":"","neve_meta_enable_content_width":"","neve_meta_content_width":0,"neve_meta_title_alignment":"","neve_meta_author_avatar":"","neve_post_elements_order":"","neve_meta_disable_header":"","neve_meta_disable_footer":"","neve_meta_disable_title":"","footnotes":""},"class_list":["post-5199","page","type-page","status-publish","has-post-thumbnail","hentry"],"_links":{"self":[{"href":"https:\/\/www.iescarlessalvador.es\/index.php?rest_route=\/wp\/v2\/pages\/5199","targetHints":{"allow":["GET"]}}],"collection":[{"href":"https:\/\/www.iescarlessalvador.es\/index.php?rest_route=\/wp\/v2\/pages"}],"about":[{"href":"https:\/\/www.iescarlessalvador.es\/index.php?rest_route=\/wp\/v2\/types\/page"}],"author":[{"embeddable":true,"href":"https:\/\/www.iescarlessalvador.es\/index.php?rest_route=\/wp\/v2\/users\/1"}],"replies":[{"embeddable":true,"href":"https:\/\/www.iescarlessalvador.es\/index.php?rest_route=%2Fwp%2Fv2%2Fcomments&post=5199"}],"version-history":[{"count":1,"href":"https:\/\/www.iescarlessalvador.es\/index.php?rest_route=\/wp\/v2\/pages\/5199\/revisions"}],"predecessor-version":[{"id":5200,"href":"https:\/\/www.iescarlessalvador.es\/index.php?rest_route=\/wp\/v2\/pages\/5199\/revisions\/5200"}],"wp:featuredmedia":[{"embeddable":true,"href":"https:\/\/www.iescarlessalvador.es\/index.php?rest_route=\/wp\/v2\/media\/5195"}],"wp:attachment":[{"href":"https:\/\/www.iescarlessalvador.es\/index.php?rest_route=%2Fwp%2Fv2%2Fmedia&parent=5199"}],"curies":[{"name":"wp","href":"https:\/\/api.w.org\/{rel}","templated":true}]}}

<p>Como ya sabéis, el IES Carles Salvador tiene un grupo de profesoras y profesores encargado de la convivencia y la igualdad. Nuestro objetivo es que nuestro centro sea un lugar SEGURO, donde la CONVIVENCIA y la IGUALDAD estén presentes cada día.</p>



<p>Estamos ya trabajando con mucha fuerza para crear actividades y para que todo funcione!! Si quieres ser un OBSERVADOR DE LA CONVIVENCIA, apúntate. Habla con el equipo y te informaremos.</p>



<p>Aquí os dejamos algunas de las actividades de formación que hicimos el pasado  15 de junio: el alumnado y el profesorado se lo pasó genial haciendo dinámicas de grupo.</p>



<p>¡ANÍMATE!</p>



<p>El IES Carles Salvador está por la convivencia y la igualdad. ¿Y tu?</p>



<figure class="wp-block-image size-large is-resized"><img fetchpriority="high" decoding="async" width="768" height="1024" src="https://www.iescarlessalvador.es/wp-content/uploads/2024/09/FBAA18F0-30BB-4DAE-816B-8F4782198E96-768x1024.jpg" alt="" class="wp-image-5196" style="aspect-ratio:0.75;width:659px;height:auto" srcset="https://www.iescarlessalvador.es/wp-content/uploads/2024/09/FBAA18F0-30BB-4DAE-816B-8F4782198E96-768x1024.jpg 768w, https://www.iescarlessalvador.es/wp-content/uploads/2024/09/FBAA18F0-30BB-4DAE-816B-8F4782198E96-225x300.jpg 225w, https://www.iescarlessalvador.es/wp-content/uploads/2024/09/FBAA18F0-30BB-4DAE-816B-8F4782198E96-1152x1536.jpg 1152w, https://www.iescarlessalvador.es/wp-content/uploads/2024/09/FBAA18F0-30BB-4DAE-816B-8F4782198E96-1536x2048.jpg 1536w, https://www.iescarlessalvador.es/wp-content/uploads/2024/09/FBAA18F0-30BB-4DAE-816B-8F4782198E96-scaled.jpg 1920w" sizes="(max-width: 768px) 100vw, 768px" /></figure>



<figure class="wp-block-image size-large is-resized"><img decoding="async" width="768" height="1024" src="https://www.iescarlessalvador.es/wp-content/uploads/2024/09/D0BCD5B0-E397-4EA2-B5D2-3811A0541690-768x1024.jpg" alt="" class="wp-image-5197" style="aspect-ratio:0.75;width:655px;height:auto" srcset="https://www.iescarlessalvador.es/wp-content/uploads/2024/09/D0BCD5B0-E397-4EA2-B5D2-3811A0541690-768x1024.jpg 768w, https://www.iescarlessalvador.es/wp-content/uploads/2024/09/D0BCD5B0-E397-4EA2-B5D2-3811A0541690-225x300.jpg 225w, https://www.iescarlessalvador.es/wp-content/uploads/2024/09/D0BCD5B0-E397-4EA2-B5D2-3811A0541690-1152x1536.jpg 1152w, https://www.iescarlessalvador.es/wp-content/uploads/2024/09/D0BCD5B0-E397-4EA2-B5D2-3811A0541690-1536x2048.jpg 1536w, https://www.iescarlessalvador.es/wp-content/uploads/2024/09/D0BCD5B0-E397-4EA2-B5D2-3811A0541690-scaled.jpg 1920w" sizes="(max-width: 768px) 100vw, 768px" /></figure>



<figure class="wp-block-image size-large is-resized"><img decoding="async" width="1024" height="768" src="https://www.iescarlessalvador.es/wp-content/uploads/2024/09/60CDC838-FB16-4122-8690-D2284059CB29-1024x768.jpg" alt="" class="wp-image-5195" style="aspect-ratio:1.3333333333333333;width:715px;height:auto" srcset="https://www.iescarlessalvador.es/wp-content/uploads/2024/09/60CDC838-FB16-4122-8690-D2284059CB29-1024x768.jpg 1024w, https://www.iescarlessalvador.es/wp-content/uploads/2024/09/60CDC838-FB16-4122-8690-D2284059CB29-300x225.jpg 300w, https://www.iescarlessalvador.es/wp-content/uploads/2024/09/60CDC838-FB16-4122-8690-D2284059CB29-768x576.jpg 768w, https://www.iescarlessalvador.es/wp-content/uploads/2024/09/60CDC838-FB16-4122-8690-D2284059CB29-1536x1152.jpg 1536w, https://www.iescarlessalvador.es/wp-content/uploads/2024/09/60CDC838-FB16-4122-8690-D2284059CB29-2048x1536.jpg 2048w" sizes="(max-width: 1024px) 100vw, 1024px" /></figure>

<p>Como ya sabéis, el IES Carles Salvador tiene un grupo de profesoras y profesores encargado de la convivencia y la igualdad. Nuestro objetivo es que nuestro centro sea un lugar SEGURO, donde la CONVIVENCIA y la IGUALDAD estén presentes cada día. Estamos ya trabajando con mucha fuerza para crear actividades y para que todo funcione!!&hellip;&nbsp;<a href="https://www.iescarlessalvador.es/?page_id=5199&#038;lang=es" class="" rel="bookmark">Leer más &raquo;<span class="screen-reader-text">Convivencia e Igualdad</span></a></p>
