{"id":531,"date":"2020-05-18T20:19:21","date_gmt":"2020-05-18T20:19:21","guid":{"rendered":"http:\/\/www.iescarlessalvador.es\/?page_id=531"},"modified":"2022-04-05T15:47:59","modified_gmt":"2022-04-05T15:47:59","slug":"admissio","status":"publish","type":"page","link":"https:\/\/www.iescarlessalvador.es\/?page_id=531","title":{"rendered":"Admissi\u00f3 2022-23"},"content":{"rendered":"\n<p><strong>No cal fer admissi\u00f3 si:<\/strong><\/p>\n\n\n\n<ul class=\"wp-block-list\"><li>Ets alumne del centre i continues en la mateixa etapa (ESO, Batxillerat, FPB).<\/li><li>Ets alumne del CEIP Platero o del CEIP Benlliure (centres de prim\u00e0ria adscrits).<\/li><\/ul>\n\n\n\n<p><strong>Cal fer admissi\u00f3 si:<\/strong><\/p>\n\n\n\n<ul class=\"wp-block-list\"><li>Ets alumne del centre i canvies d\u2019etapa. Passes d\u2019ESO a 1<sup>r<\/sup> BT o 1<sup>r<\/sup> FPB.<\/li><li>Ets alumne d\u2019un col\u00b7legi diferent dels anteriors.<\/li><li>No ets alumne del centre i vols vindre el proper curs.<\/li><\/ul>\n\n\n\n<p class=\"has-text-align-center\"><a href=\"http:\/\/www.ceice.gva.es\/web\/admision-alumnado\">Enlla\u00e7 a la p\u00e0gina web de la Conselleria d&#8217;Educaci\u00f3<\/a><\/p>\n\n\n\n<p class=\"has-text-align-center\"><strong><a href=\"https:\/\/www.iescarlessalvador.es\/?p=562&amp;lang=ca\">INSTRUCCIONS PRESENTACI\u00d3 SOL\u00b7LICITUD D&#8217;ADMISSI\u00d3 CURS 2022-2023<\/a><\/strong><\/p>\n\n\n\n<p class=\"has-text-align-center\"><a href=\"https:\/\/portal.edu.gva.es\/telematricula\/\">https:\/\/portal.edu.gva.es\/telematricula\/<\/a><\/p>\n","protected":false},"excerpt":{"rendered":"<p>No cal fer admissi\u00f3 si: Ets alumne del centre i continues en la mateixa etapa (ESO, Batxillerat, FPB). Ets alumne del CEIP Platero o del CEIP Benlliure (centres de prim\u00e0ria adscrits). Cal fer admissi\u00f3 si: Ets alumne del centre i canvies d\u2019etapa. Passes d\u2019ESO a 1r BT o 1r FPB. Ets alumne d\u2019un col\u00b7legi diferent&hellip;&nbsp;<a href=\"https:\/\/www.iescarlessalvador.es\/?page_id=531\" class=\"\" rel=\"bookmark\">Leer m\u00e1s &raquo;<span class=\"screen-reader-text\">Admissi\u00f3 2022-23<\/span><\/a><\/p>\n","protected":false},"author":1,"featured_media":0,"parent":0,"menu_order":0,"comment_status":"closed","ping_status":"closed","template":"","meta":{"rop_custom_images_group":[],"rop_custom_messages_group":[],"rop_publish_now":"initial","rop_publish_now_accounts":[],"rop_publish_now_history":[],"rop_publish_now_status":"pending","neve_meta_sidebar":"full-width","neve_meta_container":"","neve_meta_enable_content_width":"on","neve_meta_content_width":100,"neve_meta_title_alignment":"","neve_meta_author_avatar":"","neve_post_elements_order":"","neve_meta_disable_header":"","neve_meta_disable_footer":"","neve_meta_disable_title":"","footnotes":""},"class_list":["post-531","page","type-page","status-publish","hentry"],"_links":{"self":[{"href":"https:\/\/www.iescarlessalvador.es\/index.php?rest_route=\/wp\/v2\/pages\/531","targetHints":{"allow":["GET"]}}],"collection":[{"href":"https:\/\/www.iescarlessalvador.es\/index.php?rest_route=\/wp\/v2\/pages"}],"about":[{"href":"https:\/\/www.iescarlessalvador.es\/index.php?rest_route=\/wp\/v2\/types\/page"}],"author":[{"embeddable":true,"href":"https:\/\/www.iescarlessalvador.es\/index.php?rest_route=\/wp\/v2\/users\/1"}],"replies":[{"embeddable":true,"href":"https:\/\/www.iescarlessalvador.es\/index.php?rest_route=%2Fwp%2Fv2%2Fcomments&post=531"}],"version-history":[{"count":13,"href":"https:\/\/www.iescarlessalvador.es\/index.php?rest_route=\/wp\/v2\/pages\/531\/revisions"}],"predecessor-version":[{"id":2704,"href":"https:\/\/www.iescarlessalvador.es\/index.php?rest_route=\/wp\/v2\/pages\/531\/revisions\/2704"}],"wp:attachment":[{"href":"https:\/\/www.iescarlessalvador.es\/index.php?rest_route=%2Fwp%2Fv2%2Fmedia&parent=531"}],"curies":[{"name":"wp","href":"https:\/\/api.w.org\/{rel}","templated":true}]}}

Admissió 2022-23

<p><strong>No cal fer admissió si:</strong></p>



<ul class="wp-block-list"><li>Ets alumne del centre i continues en la mateixa etapa (ESO, Batxillerat, FPB).</li><li>Ets alumne del CEIP Platero o del CEIP Benlliure (centres de primària adscrits).</li></ul>



<p><strong>Cal fer admissió si:</strong></p>



<ul class="wp-block-list"><li>Ets alumne del centre i canvies d’etapa. Passes d’ESO a 1<sup>r</sup> BT o 1<sup>r</sup> FPB.</li><li>Ets alumne d’un col·legi diferent dels anteriors.</li><li>No ets alumne del centre i vols vindre el proper curs.</li></ul>



<p class="has-text-align-center"><a href="http://www.ceice.gva.es/web/admision-alumnado">Enllaç a la pàgina web de la Conselleria d&#8217;Educació</a></p>



<p class="has-text-align-center"><strong><a href="https://www.iescarlessalvador.es/?p=562&amp;lang=ca">INSTRUCCIONS PRESENTACIÓ SOL·LICITUD D&#8217;ADMISSIÓ CURS 2022-2023</a></strong></p>



<p class="has-text-align-center"><a href="https://portal.edu.gva.es/telematricula/">https://portal.edu.gva.es/telematricula/</a></p>

<p>No cal fer admissió si: Ets alumne del centre i continues en la mateixa etapa (ESO, Batxillerat, FPB). Ets alumne del CEIP Platero o del CEIP Benlliure (centres de primària adscrits). Cal fer admissió si: Ets alumne del centre i canvies d’etapa. Passes d’ESO a 1r BT o 1r FPB. Ets alumne d’un col·legi diferent&hellip;&nbsp;<a href="https://www.iescarlessalvador.es/?page_id=531" class="" rel="bookmark">Leer más &raquo;<span class="screen-reader-text">Admissió 2022-23</span></a></p>
