{"id":5386,"date":"2025-03-01T17:05:53","date_gmt":"2025-03-01T17:05:53","guid":{"rendered":"https:\/\/www.iescarlessalvador.es\/?page_id=5386"},"modified":"2025-03-02T07:32:03","modified_gmt":"2025-03-02T07:32:03","slug":"orientacio","status":"publish","type":"page","link":"https:\/\/www.iescarlessalvador.es\/?page_id=5386","title":{"rendered":"Orientaci\u00f3"},"content":{"rendered":"\n<h4 class=\"wp-block-heading\">Oficina d&#8217;Informaci\u00f3 i Orientaci\u00f3 Professional de l&#8217;IES Carles Salvador<\/h4>\n\n\n\n<p>El seu principal prop\u00f2sit \u00e9s oferir suport individualitzat a qualsevol persona que requerisca orientaci\u00f3 professional dins dels servicis, tant formatius com d&#8217;acreditaci\u00f3, que oferix el sistema de formaci\u00f3 <em>prof<\/em>essional a la Comunitat Valenciana.<\/p>\n\n\n\n<figure class=\"wp-block-embed is-type-wp-embed is-provider-canva wp-block-embed-canva\"><div class=\"wp-block-embed__wrapper\">\n<iframe class=\"wp-embedded-content\" sandbox=\"allow-scripts\" security=\"restricted\" title=\"oficina_informacio_professional_IES_CARLES_SALVADOR\" src=\"https:\/\/www.canva.com\/design\/DAGgVIMNPMA\/dGqDINfCHFET2TF4YtDonQ\/view?embed&#038;meta#?secret=isESZ0qE9O\" data-secret=\"isESZ0qE9O\" height=\"675\" width=\"1200\"><\/iframe>\n<\/div><\/figure>\n\n\n\n<p class=\"has-text-align-center\">Si no funcionen els enlla\u00e7os de la imatge anterior, segueix el seg\u00fcent enlla\u00e7:<\/p>\n\n\n\n<p><a href=\"https:\/\/www.canva.com\/design\/DAGgVIMNPMA\/MGIruOqnRPMDNTcL7akwGQ\/view?utm_content=DAGgVIMNPMA&amp;utm_campaign=designshare&amp;utm_medium=link2&amp;utm_source=uniquelinks&amp;utlId=h9994f060b7\">https:\/\/www.canva.com\/design\/DAGgVIMNPMA\/MGIruOqnRPMDNTcL7akwGQ\/view?utm_content=DAGgVIMNPMA&amp;utm_campaign=designshare&amp;utm_medium=link2&amp;utm_source=uniquelinks&amp;utlId=h9994f060b7<\/a><\/p>\n\n\n\n<h5 class=\"wp-block-heading has-text-align-center\">HORARI D&#8217;ATENCI\u00d3 PRESENCIAL (AMB CITA PR\u00c8VIA)<\/h5>\n\n\n\n<p>Tamb\u00e9 pots acudir al centre en els seg\u00fcents horaris (sempre amb cita pr\u00e8via):<\/p>\n\n\n\n<ul class=\"wp-block-list\">\n<li>Els dilluns i dimecres de 10 a 12 hores<\/li>\n<\/ul>\n\n\n\n<ul class=\"wp-block-list\">\n<li>Els dimarts i dijous de 16:00 a 18:00 hores<\/li>\n<\/ul>\n\n\n\n<p>Si necessites suport individualitzat per a prendre les teues pr\u00f2ximes decisions en l&#8217;\u00e0mbit professional o formatiu, estem a la teua disposici\u00f3. Nom\u00e9s has d&#8217;enviar un correu a l&#8217;adre\u00e7a indicada, explicant-nos qu\u00e8 necessites. Contactarem amb tu el m\u00e9s aviat possible.<\/p>\n\n\n\n<p><\/p>\n","protected":false},"excerpt":{"rendered":"<p>Oficina d&#8217;Informaci\u00f3 i Orientaci\u00f3 Professional de l&#8217;IES Carles Salvador El seu principal prop\u00f2sit \u00e9s oferir suport individualitzat a qualsevol persona que requerisca orientaci\u00f3 professional dins dels servicis, tant formatius com d&#8217;acreditaci\u00f3, que oferix el sistema de formaci\u00f3 professional a la Comunitat Valenciana. Si no funcionen els enlla\u00e7os de la imatge anterior, segueix el seg\u00fcent enlla\u00e7:&hellip;&nbsp;<a href=\"https:\/\/www.iescarlessalvador.es\/?page_id=5386\" class=\"\" rel=\"bookmark\">Leer m\u00e1s &raquo;<span class=\"screen-reader-text\">Orientaci\u00f3<\/span><\/a><\/p>\n","protected":false},"author":1,"featured_media":0,"parent":0,"menu_order":0,"comment_status":"closed","ping_status":"closed","template":"","meta":{"rop_custom_images_group":[],"rop_custom_messages_group":[],"rop_publish_now":"initial","rop_publish_now_accounts":[],"rop_publish_now_history":[],"rop_publish_now_status":"pending","neve_meta_sidebar":"","neve_meta_container":"","neve_meta_enable_content_width":"","neve_meta_content_width":0,"neve_meta_title_alignment":"","neve_meta_author_avatar":"","neve_post_elements_order":"","neve_meta_disable_header":"","neve_meta_disable_footer":"","neve_meta_disable_title":"","footnotes":""},"class_list":["post-5386","page","type-page","status-publish","hentry"],"_links":{"self":[{"href":"https:\/\/www.iescarlessalvador.es\/index.php?rest_route=\/wp\/v2\/pages\/5386","targetHints":{"allow":["GET"]}}],"collection":[{"href":"https:\/\/www.iescarlessalvador.es\/index.php?rest_route=\/wp\/v2\/pages"}],"about":[{"href":"https:\/\/www.iescarlessalvador.es\/index.php?rest_route=\/wp\/v2\/types\/page"}],"author":[{"embeddable":true,"href":"https:\/\/www.iescarlessalvador.es\/index.php?rest_route=\/wp\/v2\/users\/1"}],"replies":[{"embeddable":true,"href":"https:\/\/www.iescarlessalvador.es\/index.php?rest_route=%2Fwp%2Fv2%2Fcomments&post=5386"}],"version-history":[{"count":6,"href":"https:\/\/www.iescarlessalvador.es\/index.php?rest_route=\/wp\/v2\/pages\/5386\/revisions"}],"predecessor-version":[{"id":5412,"href":"https:\/\/www.iescarlessalvador.es\/index.php?rest_route=\/wp\/v2\/pages\/5386\/revisions\/5412"}],"wp:attachment":[{"href":"https:\/\/www.iescarlessalvador.es\/index.php?rest_route=%2Fwp%2Fv2%2Fmedia&parent=5386"}],"curies":[{"name":"wp","href":"https:\/\/api.w.org\/{rel}","templated":true}]}}

Orientació

<h4 class="wp-block-heading">Oficina d&#8217;Informació i Orientació Professional de l&#8217;IES Carles Salvador</h4>



<p>El seu principal propòsit és oferir suport individualitzat a qualsevol persona que requerisca orientació professional dins dels servicis, tant formatius com d&#8217;acreditació, que oferix el sistema de formació <em>prof</em>essional a la Comunitat Valenciana.</p>



<figure class="wp-block-embed is-type-wp-embed is-provider-canva wp-block-embed-canva"><div class="wp-block-embed__wrapper">
<iframe class="wp-embedded-content" sandbox="allow-scripts" security="restricted" title="oficina_informacio_professional_IES_CARLES_SALVADOR" src="https://www.canva.com/design/DAGgVIMNPMA/dGqDINfCHFET2TF4YtDonQ/view?embed&#038;meta#?secret=isESZ0qE9O" data-secret="isESZ0qE9O" height="675" width="1200"></iframe>
</div></figure>



<p class="has-text-align-center">Si no funcionen els enllaços de la imatge anterior, segueix el següent enllaç:</p>



<p><a href="https://www.canva.com/design/DAGgVIMNPMA/MGIruOqnRPMDNTcL7akwGQ/view?utm_content=DAGgVIMNPMA&amp;utm_campaign=designshare&amp;utm_medium=link2&amp;utm_source=uniquelinks&amp;utlId=h9994f060b7">https://www.canva.com/design/DAGgVIMNPMA/MGIruOqnRPMDNTcL7akwGQ/view?utm_content=DAGgVIMNPMA&amp;utm_campaign=designshare&amp;utm_medium=link2&amp;utm_source=uniquelinks&amp;utlId=h9994f060b7</a></p>



<h5 class="wp-block-heading has-text-align-center">HORARI D&#8217;ATENCIÓ PRESENCIAL (AMB CITA PRÈVIA)</h5>



<p>També pots acudir al centre en els següents horaris (sempre amb cita prèvia):</p>



<ul class="wp-block-list">
<li>Els dilluns i dimecres de 10 a 12 hores</li>
</ul>



<ul class="wp-block-list">
<li>Els dimarts i dijous de 16:00 a 18:00 hores</li>
</ul>



<p>Si necessites suport individualitzat per a prendre les teues pròximes decisions en l&#8217;àmbit professional o formatiu, estem a la teua disposició. Només has d&#8217;enviar un correu a l&#8217;adreça indicada, explicant-nos què necessites. Contactarem amb tu el més aviat possible.</p>



<p></p>

<p>Oficina d&#8217;Informació i Orientació Professional de l&#8217;IES Carles Salvador El seu principal propòsit és oferir suport individualitzat a qualsevol persona que requerisca orientació professional dins dels servicis, tant formatius com d&#8217;acreditació, que oferix el sistema de formació professional a la Comunitat Valenciana. Si no funcionen els enllaços de la imatge anterior, segueix el següent enllaç:&hellip;&nbsp;<a href="https://www.iescarlessalvador.es/?page_id=5386" class="" rel="bookmark">Leer más &raquo;<span class="screen-reader-text">Orientació</span></a></p>
