{"id":585,"date":"2020-05-30T10:50:34","date_gmt":"2020-05-30T10:50:34","guid":{"rendered":"http:\/\/www.iescarlessalvador.es\/?page_id=585"},"modified":"2025-09-11T15:10:58","modified_gmt":"2025-09-11T15:10:58","slug":"dept-dorientacio","status":"publish","type":"page","link":"https:\/\/www.iescarlessalvador.es\/?page_id=585","title":{"rendered":"Dept. d&#8217;Orientaci\u00f3"},"content":{"rendered":"\n<h3 class=\"wp-block-heading\">Professorat<\/h3>\n\n\n\n<ul class=\"wp-block-list\">\n<li>M\u00aa Amparo Villasante Roda:\u00a0<a href=\"mailto:ma.villasanteroda@edu.gva.es\">ma.villasanteroda@edu.gva.es<\/a><\/li>\n\n\n\n<li>Irene Chac\u00f3n Pascual <strong>[Cap del Departament]<\/strong>&nbsp;<a href=\"mailto:i.chaconpascual@edu.gva.es\">i.chaconpascual@edu.gva.es<\/a><\/li>\n\n\n\n<li>Ester Gil Ferrer <a href=\"mailto:e.gilferrer@edu.gva.es\">e.gilferrer@edu.gva.es<\/a><\/li>\n\n\n\n<li>Logopeda: Ver\u00f3nica Espino Requena \u2013&nbsp;<a href=\"mailto:v.espinorequena@edu.gva.es\" data-type=\"mailto\" data-id=\"mailto:amparo.villasante@iescarlessalvador.es\">v.espinorequena@edu.gva.es<\/a><\/li>\n\n\n\n<li>Educadora: Elena Carmen Llavata Politi &#8211;\u00a0<a href=\"mailto:ec.llavatapoliti@edu.gva.es\">ec.llavatapoliti@edu.gva.es<\/a><\/li>\n<\/ul>\n\n\n\n<p><strong>Podeu posar-vos en contacte amb ells per correu electr\u00f2nic<\/strong><\/p>\n\n\n\n<h3 class=\"wp-block-heading\">Assignatures impartides per cursos<\/h3>\n\n\n\n<h4 class=\"wp-block-heading\">1r ESO PT<\/h4>\n\n\n\n<ul class=\"wp-block-list\">\n<li>Castell\u00e0 (PT)<\/li>\n\n\n\n<li>Matem\u00e0tiques (PT)<\/li>\n\n\n\n<li>Valenci\u00e0 (PT)<\/li>\n<\/ul>\n\n\n\n<h4 class=\"wp-block-heading\">Mes informaci\u00f3 en el bloc d&#8217;orientaci\u00f3 del centre<\/h4>\n\n\n\n<ul class=\"wp-block-list\">\n<li>Blog d\u2019orientaci\u00f3 acad\u00e8mica i professional: <a href=\"https:\/\/orientacio-alumnes.blogspot.com\/\">https:\/\/orientacio-alumnes.blogspot.com\/<\/a><\/li>\n<\/ul>\n\n\n\n<p><\/p>\n\n\n\n<h5 class=\"wp-block-heading\">Enlla\u00e7os interessants<\/h5>\n\n\n\n<ul class=\"wp-block-list\">\n<li><a href=\"http:\/\/www.ite.educacion.es\/w3\/eos\/MaterialesEducativos\/mem2006\/aprender_estudiar\/index2.html\">T\u00e8niques d&#8217;estudi en el web<\/a><\/li>\n<\/ul>\n\n\n\n<p><\/p>\n","protected":false},"excerpt":{"rendered":"<p>Professorat Podeu posar-vos en contacte amb ells per correu electr\u00f2nic Assignatures impartides per cursos 1r ESO PT Mes informaci\u00f3 en el bloc d&#8217;orientaci\u00f3 del centre Enlla\u00e7os interessants<\/p>\n","protected":false},"author":1,"featured_media":0,"parent":0,"menu_order":0,"comment_status":"closed","ping_status":"closed","template":"","meta":{"rop_custom_images_group":[],"rop_custom_messages_group":[],"rop_publish_now":"initial","rop_publish_now_accounts":[],"rop_publish_now_history":[],"rop_publish_now_status":"pending","neve_meta_sidebar":"full-width","neve_meta_container":"","neve_meta_enable_content_width":"on","neve_meta_content_width":100,"neve_meta_title_alignment":"","neve_meta_author_avatar":"","neve_post_elements_order":"","neve_meta_disable_header":"","neve_meta_disable_footer":"","neve_meta_disable_title":"","footnotes":""},"class_list":["post-585","page","type-page","status-publish","hentry"],"_links":{"self":[{"href":"https:\/\/www.iescarlessalvador.es\/index.php?rest_route=\/wp\/v2\/pages\/585","targetHints":{"allow":["GET"]}}],"collection":[{"href":"https:\/\/www.iescarlessalvador.es\/index.php?rest_route=\/wp\/v2\/pages"}],"about":[{"href":"https:\/\/www.iescarlessalvador.es\/index.php?rest_route=\/wp\/v2\/types\/page"}],"author":[{"embeddable":true,"href":"https:\/\/www.iescarlessalvador.es\/index.php?rest_route=\/wp\/v2\/users\/1"}],"replies":[{"embeddable":true,"href":"https:\/\/www.iescarlessalvador.es\/index.php?rest_route=%2Fwp%2Fv2%2Fcomments&post=585"}],"version-history":[{"count":6,"href":"https:\/\/www.iescarlessalvador.es\/index.php?rest_route=\/wp\/v2\/pages\/585\/revisions"}],"predecessor-version":[{"id":6050,"href":"https:\/\/www.iescarlessalvador.es\/index.php?rest_route=\/wp\/v2\/pages\/585\/revisions\/6050"}],"wp:attachment":[{"href":"https:\/\/www.iescarlessalvador.es\/index.php?rest_route=%2Fwp%2Fv2%2Fmedia&parent=585"}],"curies":[{"name":"wp","href":"https:\/\/api.w.org\/{rel}","templated":true}]}}

Dept. d&#8217;Orientació

<h3 class="wp-block-heading">Professorat</h3>



<ul class="wp-block-list">
<li>Mª Amparo Villasante Roda: <a href="mailto:ma.villasanteroda@edu.gva.es">ma.villasanteroda@edu.gva.es</a></li>



<li>Irene Chacón Pascual <strong>[Cap del Departament]</strong>&nbsp;<a href="mailto:i.chaconpascual@edu.gva.es">i.chaconpascual@edu.gva.es</a></li>



<li>Ester Gil Ferrer <a href="mailto:e.gilferrer@edu.gva.es">e.gilferrer@edu.gva.es</a></li>



<li>Logopeda: Verónica Espino Requena –&nbsp;<a href="mailto:v.espinorequena@edu.gva.es" data-type="mailto" data-id="mailto:amparo.villasante@iescarlessalvador.es">v.espinorequena@edu.gva.es</a></li>



<li>Educadora: Elena Carmen Llavata Politi &#8211; <a href="mailto:ec.llavatapoliti@edu.gva.es">ec.llavatapoliti@edu.gva.es</a></li>
</ul>



<p><strong>Podeu posar-vos en contacte amb ells per correu electrònic</strong></p>



<h3 class="wp-block-heading">Assignatures impartides per cursos</h3>



<h4 class="wp-block-heading">1r ESO PT</h4>



<ul class="wp-block-list">
<li>Castellà (PT)</li>



<li>Matemàtiques (PT)</li>



<li>Valencià (PT)</li>
</ul>



<h4 class="wp-block-heading">Mes informació en el bloc d&#8217;orientació del centre</h4>



<ul class="wp-block-list">
<li>Blog d’orientació acadèmica i professional: <a href="https://orientacio-alumnes.blogspot.com/">https://orientacio-alumnes.blogspot.com/</a></li>
</ul>



<p></p>



<h5 class="wp-block-heading">Enllaços interessants</h5>



<ul class="wp-block-list">
<li><a href="http://www.ite.educacion.es/w3/eos/MaterialesEducativos/mem2006/aprender_estudiar/index2.html">Tèniques d&#8217;estudi en el web</a></li>
</ul>



<p></p>

<p>Professorat Podeu posar-vos en contacte amb ells per correu electrònic Assignatures impartides per cursos 1r ESO PT Mes informació en el bloc d&#8217;orientació del centre Enllaços interessants</p>
