{"id":6363,"date":"2026-03-02T20:25:41","date_gmt":"2026-03-02T20:25:41","guid":{"rendered":"https:\/\/www.iescarlessalvador.es\/?page_id=6363"},"modified":"2026-03-02T20:25:41","modified_gmt":"2026-03-02T20:25:41","slug":"admissio-2026-27","status":"publish","type":"page","link":"https:\/\/www.iescarlessalvador.es\/?page_id=6363","title":{"rendered":"Admissi\u00f3 2026-27"},"content":{"rendered":"\n<p><strong>No cal fer admissi\u00f3 si:<\/strong><\/p>\n\n\n\n<ul class=\"wp-block-list\">\n<li>Ets alumne del centre i continues en la mateixa etapa (ESO, Batxillerat, FPB o Cicles Formatius).<\/li>\n\n\n\n<li>Ets alumne del CEIP Platero o del CEIP Benlliure (centres de prim\u00e0ria adscrits).<\/li>\n<\/ul>\n\n\n\n<p><strong>Cal fer admissi\u00f3 si:<\/strong><\/p>\n\n\n\n<ul class=\"wp-block-list\">\n<li>Eres alumne del centre i canvies d\u2019etapa. Passes d\u2019ESO a 1<sup>r<\/sup> BT, 1<sup>r<\/sup> FPB o 1<sup>r<\/sup> de FP de Grau Mitj\u00e0 o Superior.<\/li>\n\n\n\n<li>Eres alumne d\u2019un col\u00b7legi diferent dels anteriors.<\/li>\n\n\n\n<li>No eres alumne del centre i vols vindre el proper curs.<\/li>\n<\/ul>\n\n\n\n<p class=\"has-text-align-center\"><a href=\"https:\/\/ceice.gva.es\/es\/web\/admision-alumnado\">Enlla\u00e7 a la p\u00e0gina web de la Conselleria d&#8217;Educaci\u00f3<\/a><\/p>\n\n\n\n<p class=\"has-text-align-center\"><strong>INSTRUCCIONS PRESENTACI\u00d3 SOL\u00b7LICITUD D&#8217;ADMISSI\u00d3 CURS 2026-2027<\/strong> (encara no disponible)<\/p>\n\n\n\n<p class=\"has-text-align-center\"><a href=\"https:\/\/www.iescarlessalvador.es\/wp-content\/uploads\/2026\/03\/CartelCalendario-AdmisionESOyBACH_vll.pdf\">CALENDARI ADMISSI\u00d3 ESO-BATX CURS 2026-27<\/a><\/p>\n\n\n\n<p class=\"has-text-align-center\">INSTRUCCIONS PRESENTACI\u00d3 SOL\u00b7LICITUD D&#8217;ADMISSI\u00d3 FP CURS 2026-27<\/p>\n\n\n\n<p class=\"has-text-align-center\">CALENDARI ADMISSI\u00d3 FP CURS 2026-27<\/p>\n\n\n\n<p class=\"has-text-align-center\"><a href=\"https:\/\/portal.edu.gva.es\/adminova\/\">ADMINOVA<\/a><\/p>\n\n\n\n<p>Enlla\u00e7 a la presentaci\u00f3: <a href=\"https:\/\/www.iescarlessalvador.es\/wp-content\/uploads\/2025\/05\/jornada-portes-obertes_25-26.pdf\">https:\/\/www.iescarlessalvador.es\/wp-content\/uploads\/2025\/05\/jornada-portes-obertes_25-26.pdf<\/a><\/p>\n\n\n\n<p>QR per obtindre l&#8217;arxiu pdf:<\/p>\n\n\n<div class=\"wp-block-image\">\n<figure class=\"aligncenter size-full is-resized\"><img fetchpriority=\"high\" decoding=\"async\" width=\"1024\" height=\"1024\" src=\"https:\/\/www.iescarlessalvador.es\/wp-content\/uploads\/2025\/05\/Jornada_Portes_Obertes_IES_CARLES_SALVADOR_25-26-1024.png\" alt=\"\" class=\"wp-image-5701\" style=\"width:456px;height:auto\" srcset=\"https:\/\/www.iescarlessalvador.es\/wp-content\/uploads\/2025\/05\/Jornada_Portes_Obertes_IES_CARLES_SALVADOR_25-26-1024.png 1024w, https:\/\/www.iescarlessalvador.es\/wp-content\/uploads\/2025\/05\/Jornada_Portes_Obertes_IES_CARLES_SALVADOR_25-26-1024-300x300.png 300w, https:\/\/www.iescarlessalvador.es\/wp-content\/uploads\/2025\/05\/Jornada_Portes_Obertes_IES_CARLES_SALVADOR_25-26-1024-150x150.png 150w, https:\/\/www.iescarlessalvador.es\/wp-content\/uploads\/2025\/05\/Jornada_Portes_Obertes_IES_CARLES_SALVADOR_25-26-1024-768x768.png 768w\" sizes=\"(max-width: 1024px) 100vw, 1024px\" \/><\/figure><\/div>","protected":false},"excerpt":{"rendered":"<p>No cal fer admissi\u00f3 si: Cal fer admissi\u00f3 si: Enlla\u00e7 a la p\u00e0gina web de la Conselleria d&#8217;Educaci\u00f3 INSTRUCCIONS PRESENTACI\u00d3 SOL\u00b7LICITUD D&#8217;ADMISSI\u00d3 CURS 2026-2027 (encara no disponible) CALENDARI ADMISSI\u00d3 ESO-BATX CURS 2026-27 INSTRUCCIONS PRESENTACI\u00d3 SOL\u00b7LICITUD D&#8217;ADMISSI\u00d3 FP CURS 2026-27 CALENDARI ADMISSI\u00d3 FP CURS 2026-27 ADMINOVA Enlla\u00e7 a la presentaci\u00f3: https:\/\/www.iescarlessalvador.es\/wp-content\/uploads\/2025\/05\/jornada-portes-obertes_25-26.pdf QR per obtindre l&#8217;arxiu pdf:<\/p>\n","protected":false},"author":1,"featured_media":0,"parent":0,"menu_order":0,"comment_status":"closed","ping_status":"closed","template":"","meta":{"rop_custom_images_group":[],"rop_custom_messages_group":[],"rop_publish_now":"initial","rop_publish_now_accounts":[],"rop_publish_now_history":[],"rop_publish_now_status":"pending","neve_meta_sidebar":"full-width","neve_meta_container":"","neve_meta_enable_content_width":"on","neve_meta_content_width":100,"neve_meta_title_alignment":"","neve_meta_author_avatar":"","neve_post_elements_order":"","neve_meta_disable_header":"","neve_meta_disable_footer":"","neve_meta_disable_title":"","footnotes":""},"class_list":["post-6363","page","type-page","status-publish","hentry"],"_links":{"self":[{"href":"https:\/\/www.iescarlessalvador.es\/index.php?rest_route=\/wp\/v2\/pages\/6363","targetHints":{"allow":["GET"]}}],"collection":[{"href":"https:\/\/www.iescarlessalvador.es\/index.php?rest_route=\/wp\/v2\/pages"}],"about":[{"href":"https:\/\/www.iescarlessalvador.es\/index.php?rest_route=\/wp\/v2\/types\/page"}],"author":[{"embeddable":true,"href":"https:\/\/www.iescarlessalvador.es\/index.php?rest_route=\/wp\/v2\/users\/1"}],"replies":[{"embeddable":true,"href":"https:\/\/www.iescarlessalvador.es\/index.php?rest_route=%2Fwp%2Fv2%2Fcomments&post=6363"}],"version-history":[{"count":1,"href":"https:\/\/www.iescarlessalvador.es\/index.php?rest_route=\/wp\/v2\/pages\/6363\/revisions"}],"predecessor-version":[{"id":6366,"href":"https:\/\/www.iescarlessalvador.es\/index.php?rest_route=\/wp\/v2\/pages\/6363\/revisions\/6366"}],"wp:attachment":[{"href":"https:\/\/www.iescarlessalvador.es\/index.php?rest_route=%2Fwp%2Fv2%2Fmedia&parent=6363"}],"curies":[{"name":"wp","href":"https:\/\/api.w.org\/{rel}","templated":true}]}}