{"id":788,"date":"2020-06-12T17:28:15","date_gmt":"2020-06-12T17:28:15","guid":{"rendered":"http:\/\/www.iescarlessalvador.es\/?page_id=788"},"modified":"2025-05-06T21:58:32","modified_gmt":"2025-05-06T21:58:32","slug":"pau-acces-a-la-universitat","status":"publish","type":"page","link":"https:\/\/www.iescarlessalvador.es\/?page_id=788","title":{"rendered":"PAU &#8211; Acc\u00e9s a la Universitat"},"content":{"rendered":"\n<p class=\"has-text-align-left has-large-font-size\"><strong><u>PAU&nbsp; CONVOCAT\u00d2RIA ORDIN\u00c0RIA<\/u><\/strong> &#8211; <strong><u>JUNY 2025<\/u><\/strong><\/p>\n\n\n\n<p class=\"has-medium-font-size\"><strong>TERMINI I LLOC DE PRESENTACI\u00d3<\/strong>: Del <strong>&nbsp;19 al 23 de maig <\/strong>&nbsp;en administraci\u00f3 del centre.<\/p>\n\n\n\n<p><strong>DOCUMENTACI\u00d3<\/strong>:<\/p>\n\n\n\n<ul class=\"wp-block-list\">\n<li>Sol\u00b7licitud d&#8217;Inscripci\u00f3 a les proves (emplenada i signada per l&#8217;alumne\/a)<\/li>\n\n\n\n<li>Justificant de l\u2019ingr\u00e9s de la taxa<\/li>\n\n\n\n<li>Document justificatiu en cas d\u2019exempci\u00f3 o bonificaci\u00f3.<\/li>\n<\/ul>\n\n\n\n<p><strong>TAXES<\/strong>:<\/p>\n\n\n\n<ul class=\"wp-block-list\">\n<li>Taxa general \u2026\u2026\u2026\u2026\u2026\u2026\u2026\u2026\u2026\u2026\u2026\u2026\u2026\u2026\u2026\u2026\u2026&#8230;&#8230;&#8230;&#8230;&#8230;&#8230;&#8230;&#8230;&#8230;&#8230;&#8230;&#8230;&#8230;&#8230;&#8230;&#8230;&#8230;&#8230;&#8230;&#8230;&#8230;&#8230;&#8230;&#8230;&#8230;..\u2026\u2026\u2026.&nbsp; 78,20 \u20ac<\/li>\n\n\n\n<li>Beneficiaris Fam\u00edlia Nombrosa categoria general \u2026\u2026&#8230;&#8230;&#8230;&#8230;&#8230;&#8230;&#8230;&#8230;&#8230;&#8230;&#8230;&#8230;&#8230;&#8230;&#8230;&#8230;&#8230;&#8230;&#8230;..\u2026\u2026\u2026\u2026 39,10 \u20ac<\/li>\n\n\n\n<li>Beneficiaris Fam\u00edlia Nombrosa categoria especial \u2026\u2026\u2026&#8230;&#8230;&#8230;&#8230;&#8230;&#8230;&#8230;&#8230;&#8230;&#8230;&#8230;&#8230;&#8230;&#8230;&#8230;&#8230;&#8230;&#8230;&#8230;.\u2026..\u2026&nbsp; Exempci\u00f3<\/li>\n\n\n\n<li>Beneficiaris Fam\u00edlia Monoparental categoria general \u2026&#8230;&#8230;&#8230;&#8230;&#8230;&#8230;&#8230;&#8230;&#8230;&#8230;&#8230;&#8230;&#8230;&#8230;&#8230;&#8230;&#8230;&#8230;&#8230;&#8230;&#8230;\u2026..&nbsp; 39,10 \u20ac<\/li>\n\n\n\n<li>Beneficiaris Fam\u00edlia Monoparental categoria especial \u2026&#8230;&#8230;&#8230;&#8230;&#8230;&#8230;&#8230;&#8230;&#8230;&#8230;&#8230;&#8230;&#8230;&#8230;&#8230;&#8230;&#8230;&#8230;&#8230;&#8230;\u2026\u2026.&nbsp; Exempci\u00f3<\/li>\n\n\n\n<li>Afectats per Discapacitat igual o superior al 33% \u2026\u2026\u2026\u2026&#8230;&#8230;&#8230;&#8230;&#8230;&#8230;&#8230;&#8230;&#8230;&#8230;&#8230;&#8230;&#8230;&#8230;&#8230;&#8230;&#8230;&#8230;&#8230;&#8230;\u2026\u2026&nbsp; Exempci\u00f3<\/li>\n\n\n\n<li>Alumnat amb Matr\u00edcula d\u2019Honor o Premi Extraord. 2n.Batxiller &#8230;&#8230;&#8230;&#8230;&#8230;&#8230;&#8230;&#8230;&#8230;&#8230;&#8230;&#8230;&#8230;&#8230;&#8230;&#8230;&#8230;&nbsp;&nbsp; Exempci\u00f3<\/li>\n\n\n\n<li>Alumnat v\u00edctima de terrorisme \u2026\u2026\u2026\u2026\u2026\u2026\u2026\u2026\u2026\u2026\u2026&#8230;&#8230;&#8230;&#8230;&#8230;&#8230;&#8230;&#8230;&#8230;&#8230;&#8230;&#8230;&#8230;&#8230;&#8230;&#8230;&#8230;&#8230;&#8230;&#8230;&#8230;&#8230;.\u2026\u2026..&nbsp; Exempci\u00f3<\/li>\n\n\n\n<li>Alumnat v\u00edctima de viol\u00e8ncia de g\u00e8nere &#8230;&#8230;&#8230;&#8230;&#8230;&#8230;&#8230;&#8230;&#8230;&#8230;&#8230;&#8230;&#8230;&#8230;&#8230;&#8230;&#8230;&#8230;&#8230;&#8230;&#8230;&#8230;&#8230;&#8230;&#8230;&#8230;&#8230;&#8230;&#8230;&#8230;&#8230;&#8230;.&nbsp; Exempci\u00f3<\/li>\n\n\n\n<li>Alumnat subjecte al sistema de protecci\u00f3 de menors o al sistema judicial de reeducaci\u00f3\u2026\u2026..&nbsp; Exempci\u00f3<\/li>\n\n\n\n<li>Alumnat en situaci\u00f3 d&#8217;exclusi\u00f3 social\u2026\u2026\u2026\u2026\u2026&#8230;&#8230;&#8230;&#8230;&#8230;&#8230;&#8230;&#8230;&#8230;&#8230;&#8230;&#8230;&#8230;&#8230;&#8230;&#8230;&#8230;&#8230;&#8230;&#8230;&#8230;&#8230;.\u2026\u2026\u2026\u2026\u2026\u2026 Exempci\u00f3<\/li>\n<\/ul>\n\n\n\n<p><strong>INGR\u00c9S DE TAXES<\/strong>:<\/p>\n\n\n\n<ul class=\"wp-block-list\">\n<li>ENTITAT:&nbsp;&nbsp;&nbsp;&nbsp;&nbsp;&nbsp;&nbsp;&nbsp;&nbsp;&nbsp;&nbsp; <strong>CAIXABANK<\/strong><\/li>\n\n\n\n<li>COMPTE N\u00ba:&nbsp;&nbsp;&nbsp;&nbsp;&nbsp;&nbsp; <strong>ES89 2100 7084 5813 0012 6559<\/strong><\/li>\n\n\n\n<li>BENEFICIARI:&nbsp;&nbsp; <strong>UNIVERSITAT POLIT\u00c8CNICA DE VAL\u00c8NCIA<\/strong><\/li>\n<\/ul>\n\n\n\n<p>(En concepte poseu&nbsp; <strong>\u201cTAXA PAU\u201d +<\/strong> el <strong>nom i cognoms de l\u2019alumne\/a<\/strong> en el rebut de l\u2019ingr\u00e9s)<\/p>\n\n\n\n<p><strong><u>L\u2019alumnat ha de conc\u00f3rrer a les proves amb:<\/u><\/strong><\/p>\n\n\n\n<ul class=\"wp-block-list\">\n<li><strong>DNI, NIE \u00d3 PASSAPORT<\/strong><\/li>\n<\/ul>\n\n\n\n<p><strong>Preferiblement amb 45 minuts d\u00b4antelaci\u00f3 al primer examen del primer dia de les PAU i amb 15 minuts a la resta d\u00b4ex\u00e0mens.<\/strong><\/p>\n\n\n\n<p><strong>L\u2019alumnat de Batxillerat o procedent de Cicles Formatius de Grau Superior,&nbsp; que nom\u00e9s es presenta a la fase volunt\u00e0ria, haur\u00e0 de presentar-se al seu Tribunal de&nbsp; realitzaci\u00f3 de les PAU, a les 12:00h del mati del primer dia de les PAU.<\/strong><\/p>\n\n\n\n<p class=\"has-medium-font-size\"><strong>CALENDARI:<\/strong><\/p>\n\n\n\n<p class=\"has-medium-font-size\">DIES<strong> 3 \u2013 4 i 5 DE JUNY &nbsp;&nbsp;&nbsp;&nbsp;&nbsp;&nbsp;&nbsp;&nbsp;&nbsp;&nbsp;&nbsp;&nbsp;&nbsp;<\/strong><\/p>\n\n\n\n<p class=\"has-medium-font-size\">Tribunal: <strong>22 <\/strong>&nbsp;&nbsp;&nbsp;&nbsp;&nbsp;&nbsp;&nbsp;&nbsp;Lloc: (E.T.S.I. AEROESPACIAL Y DISE\u00d1O INDUSTRIAL (CAMPUS CAMINO DE VERA, S\/N VALENCIA) Edificis 7B i 7E)<\/p>\n\n\n\n<p><\/p>\n\n\n\n<p class=\"has-large-font-size\"><strong><u>PAU CONVOCAT\u00d2RIA EXTRAORDIN\u00c0RIA<\/u><\/strong> &#8211; <strong><u>&nbsp;JULIOL 2025<\/u><\/strong><\/p>\n\n\n\n<p class=\"has-medium-font-size\"><strong>TERMINI I LLOC DE PRESENTACI\u00d3<\/strong>: <strong>Del&nbsp; 17 al 21 de juny <\/strong>&nbsp;en administraci\u00f3 del centre.<\/p>\n\n\n\n<p><strong>DOCUMENTACI\u00d3<\/strong>:<\/p>\n\n\n\n<ul class=\"wp-block-list\">\n<li>Sol\u00b7licitud d&#8217;Inscripci\u00f3 a les proves (emplenada i signada per l&#8217;alumne\/a)<\/li>\n\n\n\n<li>Justificant de l\u2019ingr\u00e9s de la taxa<\/li>\n\n\n\n<li>Document justificatiu en cas d\u2019exempci\u00f3 o bonificaci\u00f3<\/li>\n<\/ul>\n\n\n\n<p><strong>TAXES<\/strong>:<\/p>\n\n\n\n<ul class=\"wp-block-list\">\n<li>Taxa general \u2026\u2026\u2026\u2026\u2026\u2026\u2026\u2026\u2026\u2026\u2026\u2026\u2026\u2026\u2026\u2026\u2026&#8230;&#8230;&#8230;&#8230;&#8230;&#8230;&#8230;&#8230;&#8230;&#8230;&#8230;&#8230;&#8230;&#8230;&#8230;&#8230;&#8230;&#8230;&#8230;&#8230;&#8230;&#8230;&#8230;&#8230;&#8230;..\u2026\u2026\u2026.&nbsp; 78,20 \u20ac<\/li>\n\n\n\n<li>Beneficiaris Fam\u00edlia Nombrosa categoria general \u2026\u2026&#8230;&#8230;&#8230;&#8230;&#8230;&#8230;&#8230;&#8230;&#8230;&#8230;&#8230;&#8230;&#8230;&#8230;&#8230;&#8230;&#8230;&#8230;&#8230;..\u2026\u2026\u2026\u2026 39,10 \u20ac<\/li>\n\n\n\n<li>Beneficiaris Fam\u00edlia Nombrosa categoria especial \u2026\u2026\u2026&#8230;&#8230;&#8230;&#8230;&#8230;&#8230;&#8230;&#8230;&#8230;&#8230;&#8230;&#8230;&#8230;&#8230;&#8230;&#8230;&#8230;&#8230;&#8230;.\u2026..\u2026&nbsp; Exempci\u00f3<\/li>\n\n\n\n<li>Beneficiaris Fam\u00edlia Monoparental categoria general \u2026&#8230;&#8230;&#8230;&#8230;&#8230;&#8230;&#8230;&#8230;&#8230;&#8230;&#8230;&#8230;&#8230;&#8230;&#8230;&#8230;&#8230;&#8230;&#8230;&#8230;&#8230;\u2026..&nbsp; 39,10 \u20ac<\/li>\n\n\n\n<li>Beneficiaris Fam\u00edlia Monoparental categoria especial \u2026&#8230;&#8230;&#8230;&#8230;&#8230;&#8230;&#8230;&#8230;&#8230;&#8230;&#8230;&#8230;&#8230;&#8230;&#8230;&#8230;&#8230;&#8230;&#8230;&#8230;\u2026\u2026.&nbsp; Exempci\u00f3<\/li>\n\n\n\n<li>Afectats per Discapacitat igual o superior al 33% \u2026\u2026\u2026\u2026&#8230;&#8230;&#8230;&#8230;&#8230;&#8230;&#8230;&#8230;&#8230;&#8230;&#8230;&#8230;&#8230;&#8230;&#8230;&#8230;&#8230;&#8230;&#8230;&#8230;\u2026\u2026&nbsp; Exempci\u00f3<\/li>\n\n\n\n<li>Alumnat amb Matr\u00edcula d\u2019Honor o Premi Extraord. 2n.Batxiller &#8230;&#8230;&#8230;&#8230;&#8230;&#8230;&#8230;&#8230;&#8230;&#8230;&#8230;&#8230;&#8230;&#8230;&#8230;&#8230;&#8230;&nbsp;&nbsp; Exempci\u00f3<\/li>\n\n\n\n<li>Alumnat v\u00edctima de terrorisme \u2026\u2026\u2026\u2026\u2026\u2026\u2026\u2026\u2026\u2026\u2026&#8230;&#8230;&#8230;&#8230;&#8230;&#8230;&#8230;&#8230;&#8230;&#8230;&#8230;&#8230;&#8230;&#8230;&#8230;&#8230;&#8230;&#8230;&#8230;&#8230;&#8230;&#8230;.\u2026\u2026..&nbsp; Exempci\u00f3<\/li>\n\n\n\n<li>Alumnat v\u00edctima de viol\u00e8ncia de g\u00e8nere &#8230;&#8230;&#8230;&#8230;&#8230;&#8230;&#8230;&#8230;&#8230;&#8230;&#8230;&#8230;&#8230;&#8230;&#8230;&#8230;&#8230;&#8230;&#8230;&#8230;&#8230;&#8230;&#8230;&#8230;&#8230;&#8230;&#8230;&#8230;&#8230;&#8230;&#8230;&#8230;.&nbsp; Exempci\u00f3<\/li>\n\n\n\n<li>Alumnat subjecte al sistema de protecci\u00f3 de menors o al sistema judicial de reeducaci\u00f3\u2026\u2026..&nbsp; Exempci\u00f3<\/li>\n\n\n\n<li>Alumnat en situaci\u00f3 d&#8217;exclusi\u00f3 social\u2026\u2026\u2026\u2026\u2026&#8230;&#8230;&#8230;&#8230;&#8230;&#8230;&#8230;&#8230;&#8230;&#8230;&#8230;&#8230;&#8230;&#8230;&#8230;&#8230;&#8230;&#8230;&#8230;&#8230;&#8230;&#8230;.\u2026\u2026\u2026\u2026\u2026\u2026 Exempci\u00f3<\/li>\n<\/ul>\n\n\n\n<p><strong>INGR\u00c9S DE TAXES<\/strong>:<\/p>\n\n\n\n<ul class=\"wp-block-list\">\n<li>ENTITAT:&nbsp;&nbsp;&nbsp;&nbsp;&nbsp;&nbsp;&nbsp;&nbsp;&nbsp;&nbsp;&nbsp; <strong>CAIXABANK<\/strong><\/li>\n\n\n\n<li>COMPTE N\u00ba:&nbsp;&nbsp;&nbsp;&nbsp;&nbsp;&nbsp; <strong>ES89 2100 7084 5813 0012 6559<\/strong><\/li>\n\n\n\n<li>BENEFICIARI:&nbsp;&nbsp; <strong>UNIVERSITAT POLIT\u00c8CNICA DE VAL\u00c8NCIA<\/strong><\/li>\n<\/ul>\n\n\n\n<p>(En concepte poseu&nbsp; <strong>\u201cTAXA PAU\u201d +<\/strong> el <strong>nom i cognoms de l\u2019alumne\/a<\/strong> en el rebut de l\u2019ingr\u00e9s)<\/p>\n\n\n\n<p><strong><u>L\u2019alumnat ha de conc\u00f3rrer a les proves amb:<\/u><\/strong><\/p>\n\n\n\n<p><strong>-DNI, NIE \u00d3 PASSAPORT<\/strong><\/p>\n\n\n\n<p><strong>Preferiblement amb 45 minuts d\u00b4antelaci\u00f3 al primer examen del primer dia de les pau i amb 15 minuts a la resta d\u00b4ex\u00e0mens.<\/strong><\/p>\n\n\n\n<p><strong>L\u2019alumnat de Batxillerat o procedent de Cicles Formatius de Grau Superior,&nbsp; que nom\u00e9s es presenta a la fase volunt\u00e0ria, haur\u00e0 de presentar-se al seu Tribunal de&nbsp; realitzaci\u00f3 de les PAU, a les 12:00h del mati del&nbsp; primer dia de les PAU.<\/strong><\/p>\n\n\n\n<p class=\"has-medium-font-size\"><strong>CALENDARI: <\/strong>DIES <strong>1, 2 i 3 DE JULIOL<\/strong>&nbsp;&nbsp;&nbsp;&nbsp;&nbsp;&nbsp;&nbsp;&nbsp; &nbsp;&nbsp;&nbsp;&nbsp;&nbsp;&nbsp;<\/p>\n\n\n\n<p class=\"has-medium-font-size\">\u00a0Tribunal: \u00a0\u00a0\u00a0\u00a0\u00a0\u00a0 21\u00a0\u00a0\u00a0\u00a0\u00a0\u00a0\u00a0 \u00a0\u00a0\u00a0\u00a0\u00a0\u00a0\u00a0\u00a0\u00a0\u00a0\u00a0 Lloc: E.T.S.I. DE CAMINOS, CANALES Y PUERTOS (CAMPUS CAMINO DE VERA, S\/N VALENCIA) Edificis 4H, 4E i 4A (2\u00aa planta)<\/p>\n\n\n\n<p><\/p>\n\n\n\n<p class=\"has-large-font-size\"><strong><u>PAU CONVOCAT\u00d2RIA EXTRA DANA<\/u><\/strong> &#8211; <strong><u>&nbsp;JULIOL 2025<\/u><\/strong><\/p>\n\n\n\n<p class=\"has-medium-font-size\"><strong>TERMINI I LLOC DE PRESENTACI\u00d3<\/strong>: <strong>Del&nbsp; 10 al 11 de juliol<\/strong>&nbsp;en administraci\u00f3 del centre.<\/p>\n\n\n\n<p><strong>DOCUMENTACI\u00d3<\/strong>:<\/p>\n\n\n\n<ul class=\"wp-block-list\">\n<li>Sol\u00b7licitud d&#8217;Inscripci\u00f3 a les proves (emplenada i signada per l&#8217;alumne\/a)<\/li>\n\n\n\n<li>Justificant de l\u2019ingr\u00e9s de la taxa<\/li>\n\n\n\n<li>Document justificatiu en cas d\u2019exempci\u00f3 o bonificaci\u00f3<\/li>\n<\/ul>\n\n\n\n<p><strong>TAXES<\/strong>:<\/p>\n\n\n\n<ul class=\"wp-block-list\">\n<li>Taxa general \u2026\u2026\u2026\u2026\u2026\u2026\u2026\u2026\u2026\u2026\u2026\u2026\u2026\u2026\u2026\u2026\u2026&#8230;&#8230;&#8230;&#8230;&#8230;&#8230;&#8230;&#8230;&#8230;&#8230;&#8230;&#8230;&#8230;&#8230;&#8230;&#8230;&#8230;&#8230;&#8230;&#8230;&#8230;&#8230;&#8230;&#8230;&#8230;..\u2026\u2026\u2026.&nbsp; 78,20 \u20ac<\/li>\n\n\n\n<li>Beneficiaris Fam\u00edlia Nombrosa categoria general \u2026\u2026&#8230;&#8230;&#8230;&#8230;&#8230;&#8230;&#8230;&#8230;&#8230;&#8230;&#8230;&#8230;&#8230;&#8230;&#8230;&#8230;&#8230;&#8230;&#8230;..\u2026\u2026\u2026\u2026 39,10 \u20ac<\/li>\n\n\n\n<li>Beneficiaris Fam\u00edlia Nombrosa categoria especial \u2026\u2026\u2026&#8230;&#8230;&#8230;&#8230;&#8230;&#8230;&#8230;&#8230;&#8230;&#8230;&#8230;&#8230;&#8230;&#8230;&#8230;&#8230;&#8230;&#8230;&#8230;.\u2026..\u2026&nbsp; Exempci\u00f3<\/li>\n\n\n\n<li>Beneficiaris Fam\u00edlia Monoparental categoria general \u2026&#8230;&#8230;&#8230;&#8230;&#8230;&#8230;&#8230;&#8230;&#8230;&#8230;&#8230;&#8230;&#8230;&#8230;&#8230;&#8230;&#8230;&#8230;&#8230;&#8230;&#8230;\u2026..&nbsp; 39,10 \u20ac<\/li>\n\n\n\n<li>Beneficiaris Fam\u00edlia Monoparental categoria especial \u2026&#8230;&#8230;&#8230;&#8230;&#8230;&#8230;&#8230;&#8230;&#8230;&#8230;&#8230;&#8230;&#8230;&#8230;&#8230;&#8230;&#8230;&#8230;&#8230;&#8230;\u2026\u2026.&nbsp; Exempci\u00f3<\/li>\n\n\n\n<li>Afectats per Discapacitat igual o superior al 33% \u2026\u2026\u2026\u2026&#8230;&#8230;&#8230;&#8230;&#8230;&#8230;&#8230;&#8230;&#8230;&#8230;&#8230;&#8230;&#8230;&#8230;&#8230;&#8230;&#8230;&#8230;&#8230;&#8230;\u2026\u2026&nbsp; Exempci\u00f3<\/li>\n\n\n\n<li>Alumnat amb Matr\u00edcula d\u2019Honor o Premi Extraord. 2n.Batxiller &#8230;&#8230;&#8230;&#8230;&#8230;&#8230;&#8230;&#8230;&#8230;&#8230;&#8230;&#8230;&#8230;&#8230;&#8230;&#8230;&#8230;&nbsp;&nbsp; Exempci\u00f3<\/li>\n\n\n\n<li>Alumnat v\u00edctima de terrorisme \u2026\u2026\u2026\u2026\u2026\u2026\u2026\u2026\u2026\u2026\u2026&#8230;&#8230;&#8230;&#8230;&#8230;&#8230;&#8230;&#8230;&#8230;&#8230;&#8230;&#8230;&#8230;&#8230;&#8230;&#8230;&#8230;&#8230;&#8230;&#8230;&#8230;&#8230;.\u2026\u2026..&nbsp; Exempci\u00f3<\/li>\n\n\n\n<li>Alumnat v\u00edctima de viol\u00e8ncia de g\u00e8nere &#8230;&#8230;&#8230;&#8230;&#8230;&#8230;&#8230;&#8230;&#8230;&#8230;&#8230;&#8230;&#8230;&#8230;&#8230;&#8230;&#8230;&#8230;&#8230;&#8230;&#8230;&#8230;&#8230;&#8230;&#8230;&#8230;&#8230;&#8230;&#8230;&#8230;&#8230;&#8230;.&nbsp; Exempci\u00f3<\/li>\n\n\n\n<li>Alumnat subjecte al sistema de protecci\u00f3 de menors o al sistema judicial de reeducaci\u00f3\u2026\u2026..&nbsp; Exempci\u00f3<\/li>\n\n\n\n<li>Alumnat en situaci\u00f3 d&#8217;exclusi\u00f3 social\u2026\u2026\u2026\u2026\u2026&#8230;&#8230;&#8230;&#8230;&#8230;&#8230;&#8230;&#8230;&#8230;&#8230;&#8230;&#8230;&#8230;&#8230;&#8230;&#8230;&#8230;&#8230;&#8230;&#8230;&#8230;&#8230;.\u2026\u2026\u2026\u2026\u2026\u2026 Exempci\u00f3<\/li>\n<\/ul>\n\n\n\n<p><strong>INGR\u00c9S DE TAXES<\/strong>:<\/p>\n\n\n\n<ul class=\"wp-block-list\">\n<li>ENTITAT:&nbsp;&nbsp;&nbsp;&nbsp;&nbsp;&nbsp;&nbsp;&nbsp;&nbsp;&nbsp;&nbsp; <strong>CAIXABANK<\/strong><\/li>\n\n\n\n<li>COMPTE N\u00ba:&nbsp;&nbsp;&nbsp;&nbsp;&nbsp;&nbsp; <strong>ES89 2100 7084 5813 0012 6559<\/strong><\/li>\n\n\n\n<li>BENEFICIARI:&nbsp;&nbsp; <strong>UNIVERSITAT POLIT\u00c8CNICA DE VAL\u00c8NCIA<\/strong><\/li>\n<\/ul>\n\n\n\n<p>(En concepte poseu&nbsp; <strong>\u201cTAXA PAU\u201d +<\/strong> el <strong>nom i cognoms de l\u2019alumne\/a<\/strong> en el rebut de l\u2019ingr\u00e9s)<\/p>\n\n\n\n<p><strong><u>L\u2019alumnat ha de conc\u00f3rrer a les proves amb:<\/u><\/strong><\/p>\n\n\n\n<p><strong>-DNI, NIE \u00d3 PASSAPORT<\/strong><\/p>\n\n\n\n<p><strong>Preferiblement amb 45 minuts d\u00b4antelaci\u00f3 al primer examen del primer dia de les pau i amb 15 minuts a la resta d\u00b4ex\u00e0mens.<\/strong><\/p>\n\n\n\n<p><strong>L\u2019alumnat de Batxillerat o procedent de Cicles Formatius de Grau Superior,&nbsp; que nom\u00e9s es presenta a la fase volunt\u00e0ria, haur\u00e0 de presentar-se al seu Tribunal de&nbsp; realitzaci\u00f3 de les PAU, a les 12:00h del mati del&nbsp; primer dia de les PAU.<\/strong><\/p>\n\n\n\n<p class=\"has-medium-font-size\"><strong>CALENDARI: <\/strong>DIES <strong>22, 23 i 24 DE JULIOL<\/strong>&nbsp;&nbsp;&nbsp;&nbsp;&nbsp;&nbsp;&nbsp;&nbsp; &nbsp;&nbsp;&nbsp;&nbsp;&nbsp;&nbsp;<\/p>\n\n\n\n<p class=\"has-medium-font-size\">\u00a0Tribunal: \u00a0\u00a0\u00a0\u00a0\u00a0\u00a0 21\u00a0\u00a0\u00a0\u00a0\u00a0\u00a0\u00a0 \u00a0\u00a0\u00a0\u00a0\u00a0\u00a0\u00a0\u00a0\u00a0\u00a0\u00a0 Lloc: E.T.S.I. DE CAMINOS, CANALES Y PUERTOS (CAMPUS CAMINO DE VERA, S\/N VALENCIA) Edificis 4H, 4E i 4A (2\u00aa planta)<\/p>\n\n\n\n<p><\/p>\n","protected":false},"excerpt":{"rendered":"<p>PAU&nbsp; CONVOCAT\u00d2RIA ORDIN\u00c0RIA &#8211; JUNY 2025 TERMINI I LLOC DE PRESENTACI\u00d3: Del &nbsp;19 al 23 de maig &nbsp;en administraci\u00f3 del centre. DOCUMENTACI\u00d3: TAXES: INGR\u00c9S DE TAXES: (En concepte poseu&nbsp; \u201cTAXA PAU\u201d + el nom i cognoms de l\u2019alumne\/a en el rebut de l\u2019ingr\u00e9s) L\u2019alumnat ha de conc\u00f3rrer a les proves amb: Preferiblement amb 45 minuts&hellip;&nbsp;<a href=\"https:\/\/www.iescarlessalvador.es\/?page_id=788\" class=\"\" rel=\"bookmark\">Leer m\u00e1s &raquo;<span class=\"screen-reader-text\">PAU &#8211; Acc\u00e9s a la Universitat<\/span><\/a><\/p>\n","protected":false},"author":1,"featured_media":0,"parent":0,"menu_order":0,"comment_status":"closed","ping_status":"closed","template":"","meta":{"rop_custom_images_group":[],"rop_custom_messages_group":[],"rop_publish_now":"initial","rop_publish_now_accounts":[],"rop_publish_now_history":[],"rop_publish_now_status":"pending","neve_meta_sidebar":"full-width","neve_meta_container":"","neve_meta_enable_content_width":"on","neve_meta_content_width":100,"neve_meta_title_alignment":"","neve_meta_author_avatar":"","neve_post_elements_order":"","neve_meta_disable_header":"","neve_meta_disable_footer":"","neve_meta_disable_title":"","footnotes":""},"class_list":["post-788","page","type-page","status-publish","hentry"],"_links":{"self":[{"href":"https:\/\/www.iescarlessalvador.es\/index.php?rest_route=\/wp\/v2\/pages\/788","targetHints":{"allow":["GET"]}}],"collection":[{"href":"https:\/\/www.iescarlessalvador.es\/index.php?rest_route=\/wp\/v2\/pages"}],"about":[{"href":"https:\/\/www.iescarlessalvador.es\/index.php?rest_route=\/wp\/v2\/types\/page"}],"author":[{"embeddable":true,"href":"https:\/\/www.iescarlessalvador.es\/index.php?rest_route=\/wp\/v2\/users\/1"}],"replies":[{"embeddable":true,"href":"https:\/\/www.iescarlessalvador.es\/index.php?rest_route=%2Fwp%2Fv2%2Fcomments&post=788"}],"version-history":[{"count":24,"href":"https:\/\/www.iescarlessalvador.es\/index.php?rest_route=\/wp\/v2\/pages\/788\/revisions"}],"predecessor-version":[{"id":5652,"href":"https:\/\/www.iescarlessalvador.es\/index.php?rest_route=\/wp\/v2\/pages\/788\/revisions\/5652"}],"wp:attachment":[{"href":"https:\/\/www.iescarlessalvador.es\/index.php?rest_route=%2Fwp%2Fv2%2Fmedia&parent=788"}],"curies":[{"name":"wp","href":"https:\/\/api.w.org\/{rel}","templated":true}]}}