{"id":845,"date":"2020-06-14T07:22:45","date_gmt":"2020-06-14T07:22:45","guid":{"rendered":"http:\/\/www.iescarlessalvador.es\/?page_id=845"},"modified":"2023-10-19T20:37:39","modified_gmt":"2023-10-19T20:37:39","slug":"equip-directiu-3","status":"publish","type":"page","link":"https:\/\/www.iescarlessalvador.es\/?page_id=845","title":{"rendered":"EQUIP DIRECTIU"},"content":{"rendered":"\n<figure class=\"wp-block-table\"><table><tbody><tr><td><strong>Nom<\/strong><\/td><td><\/td><td><strong>Representaci\u00f3<\/strong><\/td><td><\/td><\/tr><tr><td>Jos\u00e9 Vicente Garrigues Mateu<\/td><td><\/td><td>Director<\/td><td><\/td><\/tr><tr><td>Esther Escobar Maci\u00e1n<br><br>Carmen Gomar Escriv\u00e1<\/td><td><\/td><td>Cap d&#8217;Estudis (ESO + BATX)<br><br>Cap d&#8217;Estudis FP<\/td><td><\/td><\/tr><tr><td>Javier Cervera V\u00e1zquez<\/td><td><\/td><td>Secretari<\/td><td><\/td><\/tr><tr><td>Carlos Raga Garc\u00eda<\/td><td><\/td><td>Vicedirector<\/td><td><\/td><\/tr><tr><td><\/td><td><\/td><td><\/td><td><\/td><\/tr><\/tbody><\/table><\/figure>\n\n\n\n<p><\/p>\n\n\n<p><img fetchpriority=\"high\" decoding=\"async\" class=\"aligncenter\" src=\"https:\/\/www.iescarlessalvador.es\/wp-content\/uploads\/2020\/06\/jvga_director-1-768x187.png\" sizes=\"(max-width: 768px) 100vw, 768px\" srcset=\"https:\/\/www.iescarlessalvador.es\/wp-content\/uploads\/2020\/06\/jvga_director-1-768x187.png 768w, https:\/\/www.iescarlessalvador.es\/wp-content\/uploads\/2020\/06\/jvga_director-1-300x73.png 300w, https:\/\/www.iescarlessalvador.es\/wp-content\/uploads\/2020\/06\/jvga_director-1-1024x249.png 1024w, https:\/\/www.iescarlessalvador.es\/wp-content\/uploads\/2020\/06\/jvga_director-1-1536x374.png 1536w, https:\/\/www.iescarlessalvador.es\/wp-content\/uploads\/2020\/06\/jvga_director-1.png 1916w\" alt=\"\" width=\"768\" height=\"187\"><\/p>\n<figure class=\"wp-block-image size-large is-resized\"><img decoding=\"async\" class=\"wp-image-2272 aligncenter\" src=\"https:\/\/www.iescarlessalvador.es\/wp-content\/uploads\/2021\/09\/EESC_TITOL_WEB_BO-1024x241.png\" alt=\"\" width=\"777\" height=\"183\"><\/figure>\n<figure><\/figure>\n<figure class=\"wp-block-image size-large is-resized\"><img decoding=\"async\" class=\"wp-image-2274 aligncenter\" src=\"https:\/\/www.iescarlessalvador.es\/wp-content\/uploads\/2021\/09\/jcer_titol_web_bo-1024x247.png\" alt=\"\" width=\"770\" height=\"186\" srcset=\"https:\/\/www.iescarlessalvador.es\/wp-content\/uploads\/2021\/09\/jcer_titol_web_bo-1024x247.png 1024w, https:\/\/www.iescarlessalvador.es\/wp-content\/uploads\/2021\/09\/jcer_titol_web_bo-300x72.png 300w, https:\/\/www.iescarlessalvador.es\/wp-content\/uploads\/2021\/09\/jcer_titol_web_bo-768x185.png 768w, https:\/\/www.iescarlessalvador.es\/wp-content\/uploads\/2021\/09\/jcer_titol_web_bo-1536x370.png 1536w, https:\/\/www.iescarlessalvador.es\/wp-content\/uploads\/2021\/09\/jcer_titol_web_bo.png 1922w\" sizes=\"(max-width: 770px) 100vw, 770px\" \/><\/figure>\n<p style=\"text-align: center;\"><img loading=\"lazy\" decoding=\"async\" class=\"aligncenter\" src=\"https:\/\/www.iescarlessalvador.es\/wp-content\/uploads\/2020\/06\/crag_vicedirector-1-768x182.png\" sizes=\"(max-width: 768px) 100vw, 768px\" srcset=\"https:\/\/www.iescarlessalvador.es\/wp-content\/uploads\/2020\/06\/crag_vicedirector-1-768x182.png 768w, https:\/\/www.iescarlessalvador.es\/wp-content\/uploads\/2020\/06\/crag_vicedirector-1-300x71.png 300w, https:\/\/www.iescarlessalvador.es\/wp-content\/uploads\/2020\/06\/crag_vicedirector-1-1024x242.png 1024w, https:\/\/www.iescarlessalvador.es\/wp-content\/uploads\/2020\/06\/crag_vicedirector-1-1536x363.png 1536w, https:\/\/www.iescarlessalvador.es\/wp-content\/uploads\/2020\/06\/crag_vicedirector-1.png 1937w\" alt=\"\" width=\"768\" height=\"182\"><\/p>","protected":false},"excerpt":{"rendered":"<p>Nom Representaci\u00f3 Jos\u00e9 Vicente Garrigues Mateu Director Esther Escobar Maci\u00e1n Carmen Gomar Escriv\u00e1 Cap d&#8217;Estudis (ESO + BATX) Cap d&#8217;Estudis FP Javier Cervera V\u00e1zquez Secretari Carlos Raga Garc\u00eda Vicedirector<\/p>\n","protected":false},"author":1,"featured_media":0,"parent":0,"menu_order":0,"comment_status":"closed","ping_status":"closed","template":"","meta":{"rop_custom_images_group":[],"rop_custom_messages_group":[],"rop_publish_now":"initial","rop_publish_now_accounts":[],"rop_publish_now_history":[],"rop_publish_now_status":"pending","neve_meta_sidebar":"full-width","neve_meta_container":"","neve_meta_enable_content_width":"on","neve_meta_content_width":100,"neve_meta_title_alignment":"","neve_meta_author_avatar":"","neve_post_elements_order":"","neve_meta_disable_header":"","neve_meta_disable_footer":"","neve_meta_disable_title":"","footnotes":""},"class_list":["post-845","page","type-page","status-publish","hentry"],"_links":{"self":[{"href":"https:\/\/www.iescarlessalvador.es\/index.php?rest_route=\/wp\/v2\/pages\/845","targetHints":{"allow":["GET"]}}],"collection":[{"href":"https:\/\/www.iescarlessalvador.es\/index.php?rest_route=\/wp\/v2\/pages"}],"about":[{"href":"https:\/\/www.iescarlessalvador.es\/index.php?rest_route=\/wp\/v2\/types\/page"}],"author":[{"embeddable":true,"href":"https:\/\/www.iescarlessalvador.es\/index.php?rest_route=\/wp\/v2\/users\/1"}],"replies":[{"embeddable":true,"href":"https:\/\/www.iescarlessalvador.es\/index.php?rest_route=%2Fwp%2Fv2%2Fcomments&post=845"}],"version-history":[{"count":9,"href":"https:\/\/www.iescarlessalvador.es\/index.php?rest_route=\/wp\/v2\/pages\/845\/revisions"}],"predecessor-version":[{"id":4327,"href":"https:\/\/www.iescarlessalvador.es\/index.php?rest_route=\/wp\/v2\/pages\/845\/revisions\/4327"}],"wp:attachment":[{"href":"https:\/\/www.iescarlessalvador.es\/index.php?rest_route=%2Fwp%2Fv2%2Fmedia&parent=845"}],"curies":[{"name":"wp","href":"https:\/\/api.w.org\/{rel}","templated":true}]}}

<figure class="wp-block-table"><table><tbody><tr><td><strong>Nom</strong></td><td></td><td><strong>Representació</strong></td><td></td></tr><tr><td>José Vicente Garrigues Mateu</td><td></td><td>Director</td><td></td></tr><tr><td>Esther Escobar Macián<br><br>Carmen Gomar Escrivá</td><td></td><td>Cap d&#8217;Estudis (ESO + BATX)<br><br>Cap d&#8217;Estudis FP</td><td></td></tr><tr><td>Javier Cervera Vázquez</td><td></td><td>Secretari</td><td></td></tr><tr><td>Carlos Raga García</td><td></td><td>Vicedirector</td><td></td></tr><tr><td></td><td></td><td></td><td></td></tr></tbody></table></figure>



<p></p>


<p><img fetchpriority="high" decoding="async" class="aligncenter" src="https://www.iescarlessalvador.es/wp-content/uploads/2020/06/jvga_director-1-768x187.png" sizes="(max-width: 768px) 100vw, 768px" srcset="https://www.iescarlessalvador.es/wp-content/uploads/2020/06/jvga_director-1-768x187.png 768w, https://www.iescarlessalvador.es/wp-content/uploads/2020/06/jvga_director-1-300x73.png 300w, https://www.iescarlessalvador.es/wp-content/uploads/2020/06/jvga_director-1-1024x249.png 1024w, https://www.iescarlessalvador.es/wp-content/uploads/2020/06/jvga_director-1-1536x374.png 1536w, https://www.iescarlessalvador.es/wp-content/uploads/2020/06/jvga_director-1.png 1916w" alt="" width="768" height="187"></p>
<figure class="wp-block-image size-large is-resized"><img decoding="async" class="wp-image-2272 aligncenter" src="https://www.iescarlessalvador.es/wp-content/uploads/2021/09/EESC_TITOL_WEB_BO-1024x241.png" alt="" width="777" height="183"></figure>
<figure></figure>
<figure class="wp-block-image size-large is-resized"><img decoding="async" class="wp-image-2274 aligncenter" src="https://www.iescarlessalvador.es/wp-content/uploads/2021/09/jcer_titol_web_bo-1024x247.png" alt="" width="770" height="186" srcset="https://www.iescarlessalvador.es/wp-content/uploads/2021/09/jcer_titol_web_bo-1024x247.png 1024w, https://www.iescarlessalvador.es/wp-content/uploads/2021/09/jcer_titol_web_bo-300x72.png 300w, https://www.iescarlessalvador.es/wp-content/uploads/2021/09/jcer_titol_web_bo-768x185.png 768w, https://www.iescarlessalvador.es/wp-content/uploads/2021/09/jcer_titol_web_bo-1536x370.png 1536w, https://www.iescarlessalvador.es/wp-content/uploads/2021/09/jcer_titol_web_bo.png 1922w" sizes="(max-width: 770px) 100vw, 770px" /></figure>
<p style="text-align: center;"><img loading="lazy" decoding="async" class="aligncenter" src="https://www.iescarlessalvador.es/wp-content/uploads/2020/06/crag_vicedirector-1-768x182.png" sizes="(max-width: 768px) 100vw, 768px" srcset="https://www.iescarlessalvador.es/wp-content/uploads/2020/06/crag_vicedirector-1-768x182.png 768w, https://www.iescarlessalvador.es/wp-content/uploads/2020/06/crag_vicedirector-1-300x71.png 300w, https://www.iescarlessalvador.es/wp-content/uploads/2020/06/crag_vicedirector-1-1024x242.png 1024w, https://www.iescarlessalvador.es/wp-content/uploads/2020/06/crag_vicedirector-1-1536x363.png 1536w, https://www.iescarlessalvador.es/wp-content/uploads/2020/06/crag_vicedirector-1.png 1937w" alt="" width="768" height="182"></p>

<p>Nom Representació José Vicente Garrigues Mateu Director Esther Escobar Macián Carmen Gomar Escrivá Cap d&#8217;Estudis (ESO + BATX) Cap d&#8217;Estudis FP Javier Cervera Vázquez Secretari Carlos Raga García Vicedirector</p>
