{"id":878,"date":"2020-06-14T21:07:57","date_gmt":"2020-06-14T21:07:57","guid":{"rendered":"http:\/\/www.iescarlessalvador.es\/?page_id=878"},"modified":"2020-06-14T21:07:58","modified_gmt":"2020-06-14T21:07:58","slug":"eso-2","status":"publish","type":"page","link":"https:\/\/www.iescarlessalvador.es\/?page_id=878","title":{"rendered":"ESO"},"content":{"rendered":"\n<p>El centre imparteix l&#8217;Eduaci\u00f3 Secund\u00e0ria Obligat\u00f2ria, amb 4 cursos. Disposa d&#8217;un Pla d&#8217;Actuaci\u00f3 per a la Millora (PAM) que contempla mesures d&#8217;atenci\u00f3 a la diversitat i altres programes com el Programa d&#8217;aula Compartida (PAC), el Programa de Millora de l&#8217;Aprenentatge i Rendiment (PMAR) per a 3r d&#8217;ESO i el Programa de Refor\u00e7 en 4t d&#8217;ESO (PR4).  <\/p>\n\n\n\n<p>El\u00a0<strong>Programa de Millora de l&#8217;Aprenentatge i Rendiment<\/strong> (PMAR) utilitza una metodologia espec\u00edfica a trav\u00e9s de la reorganitzaci\u00f3 de continguts i mat\u00e8ries amb la finalitat de que l&#8217;alumnat promocione a 4t d&#8217;ESO i obtinga el Graduat en ESO.<\/p>\n","protected":false},"excerpt":{"rendered":"<p>El centre imparteix l&#8217;Eduaci\u00f3 Secund\u00e0ria Obligat\u00f2ria, amb 4 cursos. Disposa d&#8217;un Pla d&#8217;Actuaci\u00f3 per a la Millora (PAM) que contempla mesures d&#8217;atenci\u00f3 a la diversitat i altres programes com el Programa d&#8217;aula Compartida (PAC), el Programa de Millora de l&#8217;Aprenentatge i Rendiment (PMAR) per a 3r d&#8217;ESO i el Programa de Refor\u00e7 en 4t d&#8217;ESO&hellip;&nbsp;<a href=\"https:\/\/www.iescarlessalvador.es\/?page_id=878\" class=\"\" rel=\"bookmark\">Leer m\u00e1s &raquo;<span class=\"screen-reader-text\">ESO<\/span><\/a><\/p>\n","protected":false},"author":1,"featured_media":0,"parent":0,"menu_order":0,"comment_status":"closed","ping_status":"closed","template":"","meta":{"rop_custom_images_group":[],"rop_custom_messages_group":[],"rop_publish_now":"initial","rop_publish_now_accounts":[],"rop_publish_now_history":[],"rop_publish_now_status":"pending","neve_meta_sidebar":"full-width","neve_meta_container":"","neve_meta_enable_content_width":"on","neve_meta_content_width":100,"neve_meta_title_alignment":"","neve_meta_author_avatar":"","neve_post_elements_order":"","neve_meta_disable_header":"","neve_meta_disable_footer":"","neve_meta_disable_title":"","footnotes":""},"class_list":["post-878","page","type-page","status-publish","hentry"],"_links":{"self":[{"href":"https:\/\/www.iescarlessalvador.es\/index.php?rest_route=\/wp\/v2\/pages\/878","targetHints":{"allow":["GET"]}}],"collection":[{"href":"https:\/\/www.iescarlessalvador.es\/index.php?rest_route=\/wp\/v2\/pages"}],"about":[{"href":"https:\/\/www.iescarlessalvador.es\/index.php?rest_route=\/wp\/v2\/types\/page"}],"author":[{"embeddable":true,"href":"https:\/\/www.iescarlessalvador.es\/index.php?rest_route=\/wp\/v2\/users\/1"}],"replies":[{"embeddable":true,"href":"https:\/\/www.iescarlessalvador.es\/index.php?rest_route=%2Fwp%2Fv2%2Fcomments&post=878"}],"version-history":[{"count":1,"href":"https:\/\/www.iescarlessalvador.es\/index.php?rest_route=\/wp\/v2\/pages\/878\/revisions"}],"predecessor-version":[{"id":879,"href":"https:\/\/www.iescarlessalvador.es\/index.php?rest_route=\/wp\/v2\/pages\/878\/revisions\/879"}],"wp:attachment":[{"href":"https:\/\/www.iescarlessalvador.es\/index.php?rest_route=%2Fwp%2Fv2%2Fmedia&parent=878"}],"curies":[{"name":"wp","href":"https:\/\/api.w.org\/{rel}","templated":true}]}}

<p>El centre imparteix l&#8217;Eduació Secundària Obligatòria, amb 4 cursos. Disposa d&#8217;un Pla d&#8217;Actuació per a la Millora (PAM) que contempla mesures d&#8217;atenció a la diversitat i altres programes com el Programa d&#8217;aula Compartida (PAC), el Programa de Millora de l&#8217;Aprenentatge i Rendiment (PMAR) per a 3r d&#8217;ESO i el Programa de Reforç en 4t d&#8217;ESO (PR4).  </p>



<p>El <strong>Programa de Millora de l&#8217;Aprenentatge i Rendiment</strong> (PMAR) utilitza una metodologia específica a través de la reorganització de continguts i matèries amb la finalitat de que l&#8217;alumnat promocione a 4t d&#8217;ESO i obtinga el Graduat en ESO.</p>

<p>El centre imparteix l&#8217;Eduació Secundària Obligatòria, amb 4 cursos. Disposa d&#8217;un Pla d&#8217;Actuació per a la Millora (PAM) que contempla mesures d&#8217;atenció a la diversitat i altres programes com el Programa d&#8217;aula Compartida (PAC), el Programa de Millora de l&#8217;Aprenentatge i Rendiment (PMAR) per a 3r d&#8217;ESO i el Programa de Reforç en 4t d&#8217;ESO&hellip;&nbsp;<a href="https://www.iescarlessalvador.es/?page_id=878" class="" rel="bookmark">Leer más &raquo;<span class="screen-reader-text">ESO</span></a></p>
