{"id":960,"date":"2020-06-16T21:28:31","date_gmt":"2020-06-16T21:28:31","guid":{"rendered":"http:\/\/www.iescarlessalvador.es\/?page_id=960"},"modified":"2020-06-16T21:32:36","modified_gmt":"2020-06-16T21:32:36","slug":"el-centre","status":"publish","type":"page","link":"https:\/\/www.iescarlessalvador.es\/?page_id=960","title":{"rendered":"El centre"},"content":{"rendered":"\n<figure class=\"wp-block-image size-large\"><img fetchpriority=\"high\" decoding=\"async\" width=\"1024\" height=\"307\" src=\"https:\/\/www.iescarlessalvador.es\/wp-content\/uploads\/slider2\/slider12-1024x307.jpeg\" alt=\"\" class=\"wp-image-286\" srcset=\"https:\/\/www.iescarlessalvador.es\/wp-content\/uploads\/slider2\/slider12-1024x307.jpeg 1024w, https:\/\/www.iescarlessalvador.es\/wp-content\/uploads\/slider2\/slider12-300x90.jpeg 300w, https:\/\/www.iescarlessalvador.es\/wp-content\/uploads\/slider2\/slider12-768x230.jpeg 768w, https:\/\/www.iescarlessalvador.es\/wp-content\/uploads\/slider2\/slider12-1536x461.jpeg 1536w, https:\/\/www.iescarlessalvador.es\/wp-content\/uploads\/slider2\/slider12.jpeg 2000w\" sizes=\"(max-width: 1024px) 100vw, 1024px\" \/><\/figure>\n\n\n\n<p>L&#8217;<strong>IES Carles Salvador<\/strong>, ubicat en la localitat d&#8217;Aldaia, va ser inagurat el curs 1994-95, en pres\u00e8ncia de representants de l&#8217;excel\u00b7lent\u00edssim Ajuntament d&#8217;Aldaia, de la Conselleria d&#8217;Educaci\u00f3, aix\u00ed com professorat, pares i mares, alumnat i els equips directius dels centres d&#8217;Aldaia. L&#8217;Institut va n\u00e1ixer com a extensi\u00f3, en l&#8217;any 1990, de l&#8217;Institut de Batxillerat Ramon Muntaner de Xirivella. En aquell moment utilitzava les instal\u00b7lacions del centre de formaci\u00f3 professional Salvador Gadea en el torn de la vesprada.<\/p>\n\n\n\n<p>La primera directora que va posar en marxa l&#8217;institut va ser Mar\u00eda \u00c1ngeles Porter, i posteriorment van treballar en el c\u00e0rrec Marisa Fern\u00e1ndez, Salvador Torrijos, Rosa Labrandero, Armando Carpena i, actualment, Jos\u00e9 Vicente Garrigues.<\/p>\n\n\n\n<p>En quatre anys des de la inauguraci\u00f3, es va completar el segon cicle de Secund\u00e0ria Obligat\u00f2ria i tot el Batxillerat LOGSE. El curs 2000\/2001 es produ\u00efx la implantaci\u00f3 del primer cicle de l&#8217;ESO alhora que s&#8217;incorporava al centre, com a plantilla definitiva, un grup de professors i professores per a impartir classes en aquest cicle.<\/p>\n\n\n\n<p>Les modalitats de Batxillerat que es poden cursar actualment en l&#8217;IES s\u00f3n la d&#8217;Humanitats i Ci\u00e8ncies Socials i la de Ci\u00e8ncies i Tecnologia.<\/p>\n\n\n\n<p>D&#8217;altra banda, des del curs 1996\/1997, comptem amb un Programa de Diversificaci\u00f3 Curricular, una oferta molt interessant per a l&#8217;alumnat de 4t d&#8217;ESO, de 16 anys o m\u00e9s, que no pot repetir un altre curs per\u00f2 manifesta la seua voluntat de romandre en el sistema educatiu a fi d&#8217;obtindre el t\u00edtol de Graduat en Secund\u00e0ria per aqueixa via.<\/p>\n\n\n\n<p>Des del curs 2011\/2012 s&#8217;ha ampliat l&#8217;oferta educativa amb un Programa de Qualificaci\u00f3 Professional Inicial (PQPI) de \u00abMuntatge i Manteniment de Sistemes Microinform\u00e0tics\u00bb.<\/p>\n\n\n\n<p>En l&#8217;actualitat, l&#8217;IES Carles Salvador compta amb una plantilla de professors i professores, dels quals la majoria tenen dest\u00ed definitiu en el centre. Tamb\u00e9 hi ha dos administratius i tres conserges. El personal no docent \u00e9s majorit\u00e0riament de dest\u00ed definitiu. El centre compta, doncs, amb una plantilla estable, per tant implicada amb tots els problemes que es plantegen i els projectes que es realitzen.<\/p>\n","protected":false},"excerpt":{"rendered":"<p>L&#8217;IES Carles Salvador, ubicat en la localitat d&#8217;Aldaia, va ser inagurat el curs 1994-95, en pres\u00e8ncia de representants de l&#8217;excel\u00b7lent\u00edssim Ajuntament d&#8217;Aldaia, de la Conselleria d&#8217;Educaci\u00f3, aix\u00ed com professorat, pares i mares, alumnat i els equips directius dels centres d&#8217;Aldaia. L&#8217;Institut va n\u00e1ixer com a extensi\u00f3, en l&#8217;any 1990, de l&#8217;Institut de Batxillerat Ramon Muntaner&hellip;&nbsp;<a href=\"https:\/\/www.iescarlessalvador.es\/?page_id=960\" class=\"\" rel=\"bookmark\">Leer m\u00e1s &raquo;<span class=\"screen-reader-text\">El centre<\/span><\/a><\/p>\n","protected":false},"author":1,"featured_media":0,"parent":0,"menu_order":0,"comment_status":"closed","ping_status":"closed","template":"","meta":{"rop_custom_images_group":[],"rop_custom_messages_group":[],"rop_publish_now":"initial","rop_publish_now_accounts":[],"rop_publish_now_history":[],"rop_publish_now_status":"pending","neve_meta_sidebar":"right","neve_meta_container":"contained","neve_meta_enable_content_width":"off","neve_meta_content_width":100,"neve_meta_title_alignment":"","neve_meta_author_avatar":"","neve_post_elements_order":"","neve_meta_disable_header":"","neve_meta_disable_footer":"","neve_meta_disable_title":"","footnotes":""},"class_list":["post-960","page","type-page","status-publish","hentry"],"_links":{"self":[{"href":"https:\/\/www.iescarlessalvador.es\/index.php?rest_route=\/wp\/v2\/pages\/960","targetHints":{"allow":["GET"]}}],"collection":[{"href":"https:\/\/www.iescarlessalvador.es\/index.php?rest_route=\/wp\/v2\/pages"}],"about":[{"href":"https:\/\/www.iescarlessalvador.es\/index.php?rest_route=\/wp\/v2\/types\/page"}],"author":[{"embeddable":true,"href":"https:\/\/www.iescarlessalvador.es\/index.php?rest_route=\/wp\/v2\/users\/1"}],"replies":[{"embeddable":true,"href":"https:\/\/www.iescarlessalvador.es\/index.php?rest_route=%2Fwp%2Fv2%2Fcomments&post=960"}],"version-history":[{"count":2,"href":"https:\/\/www.iescarlessalvador.es\/index.php?rest_route=\/wp\/v2\/pages\/960\/revisions"}],"predecessor-version":[{"id":962,"href":"https:\/\/www.iescarlessalvador.es\/index.php?rest_route=\/wp\/v2\/pages\/960\/revisions\/962"}],"wp:attachment":[{"href":"https:\/\/www.iescarlessalvador.es\/index.php?rest_route=%2Fwp%2Fv2%2Fmedia&parent=960"}],"curies":[{"name":"wp","href":"https:\/\/api.w.org\/{rel}","templated":true}]}}

<figure class="wp-block-image size-large"><img fetchpriority="high" decoding="async" width="1024" height="307" src="https://www.iescarlessalvador.es/wp-content/uploads/slider2/slider12-1024x307.jpeg" alt="" class="wp-image-286" srcset="https://www.iescarlessalvador.es/wp-content/uploads/slider2/slider12-1024x307.jpeg 1024w, https://www.iescarlessalvador.es/wp-content/uploads/slider2/slider12-300x90.jpeg 300w, https://www.iescarlessalvador.es/wp-content/uploads/slider2/slider12-768x230.jpeg 768w, https://www.iescarlessalvador.es/wp-content/uploads/slider2/slider12-1536x461.jpeg 1536w, https://www.iescarlessalvador.es/wp-content/uploads/slider2/slider12.jpeg 2000w" sizes="(max-width: 1024px) 100vw, 1024px" /></figure>



<p>L&#8217;<strong>IES Carles Salvador</strong>, ubicat en la localitat d&#8217;Aldaia, va ser inagurat el curs 1994-95, en presència de representants de l&#8217;excel·lentíssim Ajuntament d&#8217;Aldaia, de la Conselleria d&#8217;Educació, així com professorat, pares i mares, alumnat i els equips directius dels centres d&#8217;Aldaia. L&#8217;Institut va náixer com a extensió, en l&#8217;any 1990, de l&#8217;Institut de Batxillerat Ramon Muntaner de Xirivella. En aquell moment utilitzava les instal·lacions del centre de formació professional Salvador Gadea en el torn de la vesprada.</p>



<p>La primera directora que va posar en marxa l&#8217;institut va ser María Ángeles Porter, i posteriorment van treballar en el càrrec Marisa Fernández, Salvador Torrijos, Rosa Labrandero, Armando Carpena i, actualment, José Vicente Garrigues.</p>



<p>En quatre anys des de la inauguració, es va completar el segon cicle de Secundària Obligatòria i tot el Batxillerat LOGSE. El curs 2000/2001 es produïx la implantació del primer cicle de l&#8217;ESO alhora que s&#8217;incorporava al centre, com a plantilla definitiva, un grup de professors i professores per a impartir classes en aquest cicle.</p>



<p>Les modalitats de Batxillerat que es poden cursar actualment en l&#8217;IES són la d&#8217;Humanitats i Ciències Socials i la de Ciències i Tecnologia.</p>



<p>D&#8217;altra banda, des del curs 1996/1997, comptem amb un Programa de Diversificació Curricular, una oferta molt interessant per a l&#8217;alumnat de 4t d&#8217;ESO, de 16 anys o més, que no pot repetir un altre curs però manifesta la seua voluntat de romandre en el sistema educatiu a fi d&#8217;obtindre el títol de Graduat en Secundària per aqueixa via.</p>



<p>Des del curs 2011/2012 s&#8217;ha ampliat l&#8217;oferta educativa amb un Programa de Qualificació Professional Inicial (PQPI) de «Muntatge i Manteniment de Sistemes Microinformàtics».</p>



<p>En l&#8217;actualitat, l&#8217;IES Carles Salvador compta amb una plantilla de professors i professores, dels quals la majoria tenen destí definitiu en el centre. També hi ha dos administratius i tres conserges. El personal no docent és majoritàriament de destí definitiu. El centre compta, doncs, amb una plantilla estable, per tant implicada amb tots els problemes que es plantegen i els projectes que es realitzen.</p>

<p>L&#8217;IES Carles Salvador, ubicat en la localitat d&#8217;Aldaia, va ser inagurat el curs 1994-95, en presència de representants de l&#8217;excel·lentíssim Ajuntament d&#8217;Aldaia, de la Conselleria d&#8217;Educació, així com professorat, pares i mares, alumnat i els equips directius dels centres d&#8217;Aldaia. L&#8217;Institut va náixer com a extensió, en l&#8217;any 1990, de l&#8217;Institut de Batxillerat Ramon Muntaner&hellip;&nbsp;<a href="https://www.iescarlessalvador.es/?page_id=960" class="" rel="bookmark">Leer más &raquo;<span class="screen-reader-text">El centre</span></a></p>
