{"id":980,"date":"2020-06-16T22:01:29","date_gmt":"2020-06-16T22:01:29","guid":{"rendered":"http:\/\/www.iescarlessalvador.es\/?page_id=980"},"modified":"2022-05-24T07:18:16","modified_gmt":"2022-05-24T07:18:16","slug":"fp-basica-2","status":"publish","type":"page","link":"https:\/\/www.iescarlessalvador.es\/?page_id=980","title":{"rendered":"FP B\u00e0sica"},"content":{"rendered":"\n<p>L&#8217;IES CARLES SALVADOR imparteix un Cicle de Formaci\u00f3 Professional B\u00e0sica de \u00ab<strong>Inform\u00e0tica d&#8217;Oficina<\/strong>\u00ab.<\/p>\n\n\n\n<h4 class=\"wp-block-heading\">VOLS ESTUDIAR FP B\u00c0SICA EN L&#8217;IES CARLES SALVADOR?<\/h4>\n\n\n\n<p>1.- Si el curs passat no estaves estudiant FP B\u00c0SICA en l&#8217;IES CARLES SALVADOR has de participar en el PROC\u00c9S D&#8217;ADMISSI\u00d3 de *FPB<\/p>\n\n\n\n<p>INFORMACI\u00d3 SOBRE <a href=\"https:\/\/www.iescarlessalvador.es\/?p=2777\">EL PROC\u00c9S D&#8217;ADMISSI\u00d3 EN FP B\u00c0SICA<\/a><\/p>\n\n\n\n<p>2.- Si el curs passat estudiaves FP B\u00e0sica en l&#8217;IES Carles Salvador simplement has de realitzar el proc\u00e9s de MATRICULACI\u00d3 per al curs corresponent:                       <a href=\"http:\/\/@https:\/\/www.iescarlessalvador.es\/?page_id=923&amp;lang=es\">1\u00ba FPB<\/a>       &#8211;      <a href=\"http:\/\/@https:\/\/www.iescarlessalvador.es\/?page_id=926&amp;lang=es\">2\u00ba FPB<\/a><\/p>\n","protected":false},"excerpt":{"rendered":"<p>L&#8217;IES CARLES SALVADOR imparteix un Cicle de Formaci\u00f3 Professional B\u00e0sica de \u00abInform\u00e0tica d&#8217;Oficina\u00ab. VOLS ESTUDIAR FP B\u00c0SICA EN L&#8217;IES CARLES SALVADOR? 1.- Si el curs passat no estaves estudiant FP B\u00c0SICA en l&#8217;IES CARLES SALVADOR has de participar en el PROC\u00c9S D&#8217;ADMISSI\u00d3 de *FPB INFORMACI\u00d3 SOBRE EL PROC\u00c9S D&#8217;ADMISSI\u00d3 EN FP B\u00c0SICA 2.- Si el&hellip;&nbsp;<a href=\"https:\/\/www.iescarlessalvador.es\/?page_id=980\" class=\"\" rel=\"bookmark\">Leer m\u00e1s &raquo;<span class=\"screen-reader-text\">FP B\u00e0sica<\/span><\/a><\/p>\n","protected":false},"author":1,"featured_media":0,"parent":0,"menu_order":0,"comment_status":"closed","ping_status":"closed","template":"","meta":{"rop_custom_images_group":[],"rop_custom_messages_group":[],"rop_publish_now":"initial","rop_publish_now_accounts":[],"rop_publish_now_history":[],"rop_publish_now_status":"pending","neve_meta_sidebar":"full-width","neve_meta_container":"","neve_meta_enable_content_width":"on","neve_meta_content_width":100,"neve_meta_title_alignment":"","neve_meta_author_avatar":"","neve_post_elements_order":"","neve_meta_disable_header":"","neve_meta_disable_footer":"","neve_meta_disable_title":"","footnotes":""},"class_list":["post-980","page","type-page","status-publish","hentry"],"_links":{"self":[{"href":"https:\/\/www.iescarlessalvador.es\/index.php?rest_route=\/wp\/v2\/pages\/980","targetHints":{"allow":["GET"]}}],"collection":[{"href":"https:\/\/www.iescarlessalvador.es\/index.php?rest_route=\/wp\/v2\/pages"}],"about":[{"href":"https:\/\/www.iescarlessalvador.es\/index.php?rest_route=\/wp\/v2\/types\/page"}],"author":[{"embeddable":true,"href":"https:\/\/www.iescarlessalvador.es\/index.php?rest_route=\/wp\/v2\/users\/1"}],"replies":[{"embeddable":true,"href":"https:\/\/www.iescarlessalvador.es\/index.php?rest_route=%2Fwp%2Fv2%2Fcomments&post=980"}],"version-history":[{"count":5,"href":"https:\/\/www.iescarlessalvador.es\/index.php?rest_route=\/wp\/v2\/pages\/980\/revisions"}],"predecessor-version":[{"id":2843,"href":"https:\/\/www.iescarlessalvador.es\/index.php?rest_route=\/wp\/v2\/pages\/980\/revisions\/2843"}],"wp:attachment":[{"href":"https:\/\/www.iescarlessalvador.es\/index.php?rest_route=%2Fwp%2Fv2%2Fmedia&parent=980"}],"curies":[{"name":"wp","href":"https:\/\/api.w.org\/{rel}","templated":true}]}}

FP Bàsica

<p>L&#8217;IES CARLES SALVADOR imparteix un Cicle de Formació Professional Bàsica de «<strong>Informàtica d&#8217;Oficina</strong>«.</p>



<h4 class="wp-block-heading">VOLS ESTUDIAR FP BÀSICA EN L&#8217;IES CARLES SALVADOR?</h4>



<p>1.- Si el curs passat no estaves estudiant FP BÀSICA en l&#8217;IES CARLES SALVADOR has de participar en el PROCÉS D&#8217;ADMISSIÓ de *FPB</p>



<p>INFORMACIÓ SOBRE <a href="https://www.iescarlessalvador.es/?p=2777">EL PROCÉS D&#8217;ADMISSIÓ EN FP BÀSICA</a></p>



<p>2.- Si el curs passat estudiaves FP Bàsica en l&#8217;IES Carles Salvador simplement has de realitzar el procés de MATRICULACIÓ per al curs corresponent:                       <a href="http://@https://www.iescarlessalvador.es/?page_id=923&amp;lang=es">1º FPB</a>       &#8211;      <a href="http://@https://www.iescarlessalvador.es/?page_id=926&amp;lang=es">2º FPB</a></p>

<p>L&#8217;IES CARLES SALVADOR imparteix un Cicle de Formació Professional Bàsica de «Informàtica d&#8217;Oficina«. VOLS ESTUDIAR FP BÀSICA EN L&#8217;IES CARLES SALVADOR? 1.- Si el curs passat no estaves estudiant FP BÀSICA en l&#8217;IES CARLES SALVADOR has de participar en el PROCÉS D&#8217;ADMISSIÓ de *FPB INFORMACIÓ SOBRE EL PROCÉS D&#8217;ADMISSIÓ EN FP BÀSICA 2.- Si el&hellip;&nbsp;<a href="https://www.iescarlessalvador.es/?page_id=980" class="" rel="bookmark">Leer más &raquo;<span class="screen-reader-text">FP Bàsica</span></a></p>
