{"id":988,"date":"2020-06-16T22:04:50","date_gmt":"2020-06-16T22:04:50","guid":{"rendered":"http:\/\/www.iescarlessalvador.es\/?page_id=988"},"modified":"2020-06-17T23:01:40","modified_gmt":"2020-06-17T23:01:40","slug":"actividades-2","status":"publish","type":"page","link":"https:\/\/www.iescarlessalvador.es\/?page_id=988","title":{"rendered":"Activitats"},"content":{"rendered":"\n<h3 class=\"wp-block-heading\">ACTIVITATS COMPLEMENT\u00c0RIES I EXTRAESCOLARS<\/h3>\n\n\n\n<p>Les activitats extraescolars representen per a l&#8217;alumnat un complement imprescindible en el seu proc\u00e9s d&#8217;aprenentatge i desenvolupament personal.<\/p>\n\n\n\n<p>Podran ser organitzades pel Centre, pels Departaments Did\u00e0ctics, pel professorat, a t\u00edtol personal, i per l&#8217;alumnat. En aquest \u00faltim cas haur\u00e0 de comptar amb el refor\u00e7 d&#8217;un professor o professora del Centre que actuar\u00e0 com un supervisor de l&#8217;esmentada activitat.<\/p>\n\n\n\n<p>Les activitats extraescolars tamb\u00e9 podran ser organitzades per altres sectors socials, sempre que compten amb el benepl\u00e0cit del Consell Escolar. La coordinaci\u00f3 general d&#8217;aquestes activitats correspon a la Comissi\u00f3 d&#8217;Activitats Extraescolars, presidida pel Vicedirector del Centre.<\/p>\n\n\n\n<p>En la galeria de fotos existeix un bon nombre de fotos corresponents a diverses activitats extraescolars realitzades durant els \u00faltims cursos.<\/p>\n","protected":false},"excerpt":{"rendered":"<p>ACTIVITATS COMPLEMENT\u00c0RIES I EXTRAESCOLARS Les activitats extraescolars representen per a l&#8217;alumnat un complement imprescindible en el seu proc\u00e9s d&#8217;aprenentatge i desenvolupament personal. Podran ser organitzades pel Centre, pels Departaments Did\u00e0ctics, pel professorat, a t\u00edtol personal, i per l&#8217;alumnat. En aquest \u00faltim cas haur\u00e0 de comptar amb el refor\u00e7 d&#8217;un professor o professora del Centre que&hellip;&nbsp;<a href=\"https:\/\/www.iescarlessalvador.es\/?page_id=988\" class=\"\" rel=\"bookmark\">Leer m\u00e1s &raquo;<span class=\"screen-reader-text\">Activitats<\/span><\/a><\/p>\n","protected":false},"author":1,"featured_media":0,"parent":0,"menu_order":0,"comment_status":"closed","ping_status":"closed","template":"","meta":{"rop_custom_images_group":[],"rop_custom_messages_group":[],"rop_publish_now":"initial","rop_publish_now_accounts":[],"rop_publish_now_history":[],"rop_publish_now_status":"pending","neve_meta_sidebar":"full-width","neve_meta_container":"","neve_meta_enable_content_width":"on","neve_meta_content_width":100,"neve_meta_title_alignment":"","neve_meta_author_avatar":"","neve_post_elements_order":"","neve_meta_disable_header":"","neve_meta_disable_footer":"","neve_meta_disable_title":"","footnotes":""},"class_list":["post-988","page","type-page","status-publish","hentry"],"_links":{"self":[{"href":"https:\/\/www.iescarlessalvador.es\/index.php?rest_route=\/wp\/v2\/pages\/988","targetHints":{"allow":["GET"]}}],"collection":[{"href":"https:\/\/www.iescarlessalvador.es\/index.php?rest_route=\/wp\/v2\/pages"}],"about":[{"href":"https:\/\/www.iescarlessalvador.es\/index.php?rest_route=\/wp\/v2\/types\/page"}],"author":[{"embeddable":true,"href":"https:\/\/www.iescarlessalvador.es\/index.php?rest_route=\/wp\/v2\/users\/1"}],"replies":[{"embeddable":true,"href":"https:\/\/www.iescarlessalvador.es\/index.php?rest_route=%2Fwp%2Fv2%2Fcomments&post=988"}],"version-history":[{"count":3,"href":"https:\/\/www.iescarlessalvador.es\/index.php?rest_route=\/wp\/v2\/pages\/988\/revisions"}],"predecessor-version":[{"id":1155,"href":"https:\/\/www.iescarlessalvador.es\/index.php?rest_route=\/wp\/v2\/pages\/988\/revisions\/1155"}],"wp:attachment":[{"href":"https:\/\/www.iescarlessalvador.es\/index.php?rest_route=%2Fwp%2Fv2%2Fmedia&parent=988"}],"curies":[{"name":"wp","href":"https:\/\/api.w.org\/{rel}","templated":true}]}}

<h3 class="wp-block-heading">ACTIVITATS COMPLEMENTÀRIES I EXTRAESCOLARS</h3>



<p>Les activitats extraescolars representen per a l&#8217;alumnat un complement imprescindible en el seu procés d&#8217;aprenentatge i desenvolupament personal.</p>



<p>Podran ser organitzades pel Centre, pels Departaments Didàctics, pel professorat, a títol personal, i per l&#8217;alumnat. En aquest últim cas haurà de comptar amb el reforç d&#8217;un professor o professora del Centre que actuarà com un supervisor de l&#8217;esmentada activitat.</p>



<p>Les activitats extraescolars també podran ser organitzades per altres sectors socials, sempre que compten amb el beneplàcit del Consell Escolar. La coordinació general d&#8217;aquestes activitats correspon a la Comissió d&#8217;Activitats Extraescolars, presidida pel Vicedirector del Centre.</p>



<p>En la galeria de fotos existeix un bon nombre de fotos corresponents a diverses activitats extraescolars realitzades durant els últims cursos.</p>

<p>ACTIVITATS COMPLEMENTÀRIES I EXTRAESCOLARS Les activitats extraescolars representen per a l&#8217;alumnat un complement imprescindible en el seu procés d&#8217;aprenentatge i desenvolupament personal. Podran ser organitzades pel Centre, pels Departaments Didàctics, pel professorat, a títol personal, i per l&#8217;alumnat. En aquest últim cas haurà de comptar amb el reforç d&#8217;un professor o professora del Centre que&hellip;&nbsp;<a href="https://www.iescarlessalvador.es/?page_id=988" class="" rel="bookmark">Leer más &raquo;<span class="screen-reader-text">Activitats</span></a></p>
